-- Dumping data for table `llx_c_email_senderprofile`
--


--
-- Table structure for table `llx_c_email_templates`
--

CREATE TABLE `llx_c_email_templates` (
  `rowid` int(11) NOT NULL AUTO_INCREMENT,
  `entity` int(11) NOT NULL DEFAULT 1,
  `module` varchar(32) DEFAULT NULL,
  `type_template` varchar(32) DEFAULT NULL,
  `lang` varchar(6) DEFAULT '',
  `private` smallint(6) NOT NULL DEFAULT 0,
  `fk_user` int(11) DEFAULT NULL,
  `datec` datetime DEFAULT NULL,
  `tms` timestamp NOT NULL DEFAULT current_timestamp() ON UPDATE current_timestamp(),
  `label` varchar(180) DEFAULT NULL,
  `position` smallint(6) DEFAULT NULL,
  `enabled` varchar(255) DEFAULT '1',
  `active` tinyint(4) NOT NULL DEFAULT 1,
  `email_from` varchar(255) DEFAULT NULL,
  `email_to` varchar(255) DEFAULT NULL,
  `email_tocc` varchar(255) DEFAULT NULL,
  `email_tobcc` varchar(255) DEFAULT NULL,
  `topic` text DEFAULT NULL,
  `joinfiles` text DEFAULT NULL,
  `content` mediumtext DEFAULT NULL,
  `content_lines` text DEFAULT NULL,
  PRIMARY KEY (`rowid`),
  UNIQUE KEY `uk_c_email_templates` (`entity`,`label`,`lang`),
  KEY `idx_type` (`type_template`)
) ENGINE=InnoDB AUTO_INCREMENT=20 DEFAULT CHARSET=utf8mb4 COLLATE=utf8mb4_general_ci;

--
-- Dumping data for table `llx_c_email_templates`
--

INSERT INTO `llx_c_email_templates` VALUES (1,0,'banque','thirdparty','',0,NULL,NULL,'2023-02-15 20:09:30','(YourSEPAMandate)',1,'isModEnabled(\"societe\") && isModEnabled(\"banque\") && isModEnabled(\"prelevement\")',0,NULL,NULL,NULL,NULL,'__(YourSEPAMandate)__','0','__(Hello)__,<br><br>\n\n__(FindYourSEPAMandate)__ :<br>\n__MYCOMPANY_NAME__<br>\n__MYCOMPANY_FULLADDRESS__<br><br>\n__(Sincerely)__<br>\n__USER_SIGNATURE__',NULL),(2,0,'adherent','member','',0,NULL,NULL,'2023-02-15 20:09:30','(SendingEmailOnAutoSubscription)',10,'isModEnabled(\"adherent\")',1,NULL,NULL,NULL,NULL,'[__[MAIN_INFO_SOCIETE_NOM]__] __(YourMembershipRequestWasReceived)__','0','__(Hello)__ __MEMBER_FULLNAME__,<br><br>\n\n__(ThisIsContentOfYourMembershipRequestWasReceived)__<br>\n<br>__ONLINE_PAYMENT_TEXT_AND_URL__<br>\n<br><br>\n__(Sincerely)__<br>__USER_SIGNATURE__',NULL),(3,0,'adherent','member','',0,NULL,NULL,'2023-02-15 20:09:30','(SendingEmailOnMemberValidation)',20,'isModEnabled(\"adherent\")',1,NULL,NULL,NULL,NULL,'[__[MAIN_INFO_SOCIETE_NOM]__] __(YourMembershipWasValidated)__','0','__(Hello)__ __MEMBER_FULLNAME__,<br><br>\n\n__(ThisIsContentOfYourMembershipWasValidated)__<br>__(FirstName)__ : __MEMBER_FIRSTNAME__<br>__(LastName)__ : __MEMBER_LASTNAME__<br>__(ID)__ : __MEMBER_ID__<br>\n<br>__ONLINE_PAYMENT_TEXT_AND_URL__<br>\n<br><br>\n__(Sincerely)__<br>__USER_SIGNATURE__',NULL),(4,0,'adherent','member','',0,NULL,NULL,'2023-02-15 20:09:30','(SendingEmailOnNewSubscription)',30,'isModEnabled(\"adherent\")',1,NULL,NULL,NULL,NULL,'[__[MAIN_INFO_SOCIETE_NOM]__] __(YourSubscriptionWasRecorded)__','1','__(Hello)__ __MEMBER_FULLNAME__,<br><br>\n\n__(ThisIsContentOfYourSubscriptionWasRecorded)__<br>\n\n<br><br>\n__(Sincerely)__<br>__USER_SIGNATURE__',NULL),(5,0,'adherent','member','',0,NULL,NULL,'2023-02-15 20:09:30','(SendingReminderForExpiredSubscription)',40,'isModEnabled(\"adherent\")',1,NULL,NULL,NULL,NULL,'[__[MAIN_INFO_SOCIETE_NOM]__] __(SubscriptionReminderEmail)__','0','__(Hello)__ __MEMBER_FULLNAME__,<br><br>\n\n__(ThisIsContentOfSubscriptionReminderEmail)__<br>\n<br>__ONLINE_PAYMENT_TEXT_AND_URL__<br>\n<br><br>\n__(Sincerely)__<br>__USER_SIGNATURE__',NULL),(6,0,'adherent','member','',0,NULL,NULL,'2023-02-15 20:09:30','(SendingEmailOnCancelation)',50,'isModEnabled(\"adherent\")',1,NULL,NULL,NULL,NULL,'[__[MAIN_INFO_SOCIETE_NOM]__] __(YourMembershipWasCanceled)__','0','__(Hello)__ __MEMBER_FULLNAME__,<br><br>\n\n__(YourMembershipWasCanceled)__<br>\n<br><br>\n__(Sincerely)__<br>__USER_SIGNATURE__',NULL),(7,0,'adherent','member','',0,NULL,NULL,'2023-02-15 20:09:30','(SendingAnEMailToMember)',60,'isModEnabled(\"adherent\")',1,NULL,NULL,NULL,NULL,'[__[MAIN_INFO_SOCIETE_NOM]__] __(CardContent)__','0','__(Hello)__,<br><br>\n\n__(ThisIsContentOfYourCard)__<br>\n__(ID)__ : __ID__<br>\n__(Civility)__ : __MEMBER_CIVILITY__<br>\n__(Firstname)__ : __MEMBER_FIRSTNAME__<br>\n__(Lastname)__ : __MEMBER_LASTNAME__<br>\n__(Fullname)__ : __MEMBER_FULLNAME__<br>\n__(Company)__ : __MEMBER_COMPANY__<br>\n__(Address)__ : __MEMBER_ADDRESS__<br>\n__(Zip)__ : __MEMBER_ZIP__<br>\n__(Town)__ : __MEMBER_TOWN__<br>\n__(Country)__ : __MEMBER_COUNTRY__<br>\n__(Email)__ : __MEMBER_EMAIL__<br>\n__(Birthday)__ : __MEMBER_BIRTH__<br>\n__(Photo)__ : __MEMBER_PHOTO__<br>\n__(Login)__ : __MEMBER_LOGIN__<br>\n__(Phone)__ : __MEMBER_PHONE__<br>\n__(PhonePerso)__ : __MEMBER_PHONEPRO__<br>\n__(PhoneMobile)__ : __MEMBER_PHONEMOBILE__<br><br>\n__(Sincerely)__<br>__USER_SIGNATURE__',NULL),(8,0,'recruitment','recruitmentcandidature_send','',0,NULL,NULL,'2023-02-15 20:09:30','(AnswerCandidature)',100,'isModEnabled(\"recruitment\")',1,NULL,NULL,NULL,NULL,'[__[MAIN_INFO_SOCIETE_NOM]__] __(YourCandidature)__','0','__(Hello)__ __CANDIDATE_FULLNAME__,<br><br>\n\n__(YourCandidatureAnswerMessage)__<br>__ONLINE_INTERVIEW_SCHEDULER_TEXT_AND_URL__\n<br><br>\n__(Sincerely)__<br>__USER_SIGNATURE__',NULL),(9,0,'','conferenceorbooth','',0,NULL,NULL,'2023-02-15 20:09:30','(EventOrganizationEmailAskConf)',10,'1',1,NULL,NULL,NULL,NULL,'[__[MAIN_INFO_SOCIETE_NOM]__] __(EventOrganizationEmailAskConf)__',NULL,'__(Hello)__,<br /><br />__(OrganizationEventConfRequestWasReceived)__<br /><br /><br />__(Sincerely)__<br />__USER_SIGNATURE__',NULL),(10,0,'','conferenceorbooth','',0,NULL,NULL,'2023-02-15 20:09:30','(EventOrganizationEmailAskBooth)',20,'1',1,NULL,NULL,NULL,NULL,'[__[MAIN_INFO_SOCIETE_NOM]__] __(EventOrganizationEmailAskBooth)__',NULL,'__(Hello)__,<br /><br />__(OrganizationEventBoothRequestWasReceived)__<br /><br /><br />__(Sincerely)__<br />__USER_SIGNATURE__',NULL),(11,0,'','conferenceorbooth','',0,NULL,NULL,'2023-02-15 20:09:30','(EventOrganizationEmailBoothPayment)',30,'1',1,NULL,NULL,NULL,NULL,'[__[MAIN_INFO_SOCIETE_NOM]__] __(EventOrganizationEmailBoothPayment)__',NULL,'__(Hello)__,<br /><br />__(OrganizationEventPaymentOfBoothWasReceived)__<br /><br /><br />__(Sincerely)__<br />__USER_SIGNATURE__',NULL),(12,0,'','conferenceorbooth','',0,NULL,NULL,'2023-02-15 20:09:30','(EventOrganizationEmailRegistrationPayment)',40,'1',1,NULL,NULL,NULL,NULL,'[__[MAIN_INFO_SOCIETE_NOM]__] __(EventOrganizationEmailRegistrationPayment)__',NULL,'__(Hello)__,<br /><br />__(OrganizationEventPaymentOfRegistrationWasReceived)__<br /><br />__(Sincerely)__<br />__USER_SIGNATURE__',NULL),(13,0,'','conferenceorbooth','',0,NULL,NULL,'2023-02-15 20:09:30','(EventOrganizationMassEmailAttendees)',50,'1',1,NULL,NULL,NULL,NULL,'[__[MAIN_INFO_SOCIETE_NOM]__] __(EventOrganizationMassEmailAttendees)__',NULL,'__(Hello)__,<br /><br />__(OrganizationEventBulkMailToAttendees)__<br /><br />__(Sincerely)__<br />__USER_SIGNATURE__',NULL),(14,0,'','conferenceorbooth','',0,NULL,NULL,'2023-02-15 20:09:30','(EventOrganizationMassEmailSpeakers)',60,'1',1,NULL,NULL,NULL,NULL,'[__[MAIN_INFO_SOCIETE_NOM]__] __(EventOrganizationMassEmailSpeakers)__',NULL,'__(Hello)__,<br /><br />__(OrganizationEventBulkMailToSpeakers)__<br /><br />__(Sincerely)__<br />__USER_SIGNATURE__',NULL),(15,0,'partnership','partnership_send','',0,NULL,NULL,'2023-02-15 20:09:30','(SendingEmailOnPartnershipWillSoonBeCanceled)',100,'1',1,NULL,NULL,NULL,NULL,'[__[MAIN_INFO_SOCIETE_NOM]__] - __(YourPartnershipWillSoonBeCanceledTopic)__','0','<body>\n <p>__(Hello)__,<br><br>\n__(YourPartnershipWillSoonBeCanceledContent)__</p>\n<br />\n\n<br />\n\n            __(Sincerely)__ <br />\n            __[MAIN_INFO_SOCIETE_NOM]__ <br />\n </body>\n',NULL),(16,0,'partnership','partnership_send','',0,NULL,NULL,'2023-02-15 20:09:30','(SendingEmailOnPartnershipCanceled)',100,'1',1,NULL,NULL,NULL,NULL,'[__[MAIN_INFO_SOCIETE_NOM]__] - __(YourPartnershipCanceledTopic)__','0','<body>\n <p>__(Hello)__,<br><br>\n__(YourPartnershipCanceledContent)__</p>\n<br />\n\n<br />\n\n            __(Sincerely)__ <br />\n            __[MAIN_INFO_SOCIETE_NOM]__ <br />\n </body>\n',NULL),(17,0,'partnership','partnership_send','',0,NULL,NULL,'2023-02-15 20:09:30','(SendingEmailOnPartnershipRefused)',100,'1',1,NULL,NULL,NULL,NULL,'[__[MAIN_INFO_SOCIETE_NOM]__] - __(YourPartnershipRefusedTopic)__','0','<body>\n <p>__(Hello)__,<br><br>\n__(YourPartnershipRefusedContent)__</p>\n<br />\n\n<br />\n\n            __(Sincerely)__ <br />\n            __[MAIN_INFO_SOCIETE_NOM]__ <br />\n </body>\n',NULL),(18,0,'partnership','partnership_send','',0,NULL,NULL,'2023-02-15 20:09:30','(SendingEmailOnPartnershipAccepted)',100,'1',1,NULL,NULL,NULL,NULL,'[__[MAIN_INFO_SOCIETE_NOM]__] - __(YourPartnershipAcceptedTopic)__','0','<body>\n <p>__(Hello)__,<br><br>\n__(YourPartnershipAcceptedContent)__</p>\n<br />\n\n<br />\n\n            __(Sincerely)__ <br />\n            __[MAIN_INFO_SOCIETE_NOM]__ <br />\n </body>\n',NULL),(19,1,NULL,'order_send','',0,NULL,NULL,'2023-04-28 17:22:48','PP01',1,'1',1,NULL,NULL,NULL,NULL,'Test','1','Esto es una prueba de notificacion de Pedido',NULL);

--
-- Table structure for table `llx_c_exp_tax_cat`
--

CREATE TABLE `llx_c_exp_tax_cat` (
  `rowid` int(11) NOT NULL AUTO_INCREMENT,
  `label` varchar(128) NOT NULL,
  `entity` int(11) NOT NULL DEFAULT 1,
  `active` int(11) NOT NULL DEFAULT 1,
  PRIMARY KEY (`rowid`)
) ENGINE=InnoDB AUTO_INCREMENT=29 DEFAULT CHARSET=utf8mb4 COLLATE=utf8mb4_general_ci;

--
-- Dumping data for table `llx_c_exp_tax_cat`
--

INSERT INTO `llx_c_exp_tax_cat` VALUES (1,'ExpAutoCat',1,0),(2,'ExpCycloCat',1,0),(3,'ExpMotoCat',1,0),(4,'ExpAuto3CV',1,1),(5,'ExpAuto4CV',1,1),(6,'ExpAuto5CV',1,1),(7,'ExpAuto6CV',1,1),(8,'ExpAuto7CV',1,1),(9,'ExpAuto8CV',1,1),(10,'ExpAuto9CV',1,0),(11,'ExpAuto10CV',1,0),(12,'ExpAuto11CV',1,0),(13,'ExpAuto12CV',1,0),(14,'ExpAuto3PCV',1,0),(15,'ExpAuto4PCV',1,0),(16,'ExpAuto5PCV',1,0),(17,'ExpAuto6PCV',1,0),(18,'ExpAuto7PCV',1,0),(19,'ExpAuto8PCV',1,0),(20,'ExpAuto9PCV',1,0),(21,'ExpAuto10PCV',1,0),(22,'ExpAuto11PCV',1,0),(23,'ExpAuto12PCV',1,0),(24,'ExpAuto13PCV',1,0),(25,'ExpCyclo',1,0),(26,'ExpMoto12CV',1,0),(27,'ExpMoto345CV',1,0),(28,'ExpMoto5PCV',1,0);

--
-- Table structure for table `llx_c_exp_tax_range`
--

CREATE TABLE `llx_c_exp_tax_range` (
  `rowid` int(11) NOT NULL AUTO_INCREMENT,
  `fk_c_exp_tax_cat` int(11) NOT NULL DEFAULT 1,
  `range_ik` double NOT NULL DEFAULT 0,
  `entity` int(11) NOT NULL DEFAULT 1,
  `active` int(11) NOT NULL DEFAULT 1,
  PRIMARY KEY (`rowid`)
) ENGINE=InnoDB AUTO_INCREMENT=16 DEFAULT CHARSET=utf8mb4 COLLATE=utf8mb4_general_ci;

--
-- Dumping data for table `llx_c_exp_tax_range`
--

INSERT INTO `llx_c_exp_tax_range` VALUES (1,4,0,1,1),(2,4,5000,1,1),(3,4,20000,1,1),(4,5,0,1,1),(5,5,5000,1,1),(6,5,20000,1,1),(7,6,0,1,1),(8,6,5000,1,1),(9,6,20000,1,1),(10,7,0,1,1),(11,7,5000,1,1),(12,7,20000,1,1),(13,8,0,1,1),(14,8,5000,1,1),(15,8,20000,1,1);

--
-- Table structure for table `llx_c_field_list`
--

CREATE TABLE `llx_c_field_list` (
  `rowid` int(11) NOT NULL AUTO_INCREMENT,
  `tms` timestamp NOT NULL DEFAULT current_timestamp() ON UPDATE current_timestamp(),
  `element` varchar(64) NOT NULL,
  `entity` int(11) NOT NULL DEFAULT 1,
  `name` varchar(32) NOT NULL,
  `alias` varchar(32) NOT NULL,
  `title` varchar(32) NOT NULL,
  `align` varchar(6) DEFAULT 'left',
  `sort` tinyint(4) NOT NULL DEFAULT 1,
  `search` tinyint(4) NOT NULL DEFAULT 0,
  `visible` tinyint(4) NOT NULL DEFAULT 1,
  `enabled` varchar(255) DEFAULT '1',
  `rang` int(11) DEFAULT 0,
  PRIMARY KEY (`rowid`)
) ENGINE=InnoDB DEFAULT CHARSET=utf8mb4 COLLATE=utf8mb4_general_ci;

--
-- Dumping data for table `llx_c_field_list`
--


--
-- Table structure for table `llx_c_format_cards`
--

CREATE TABLE `llx_c_format_cards` (
  `rowid` int(11) NOT NULL AUTO_INCREMENT,
  `code` varchar(50) NOT NULL,
  `name` varchar(50) NOT NULL,
  `paper_size` varchar(20) NOT NULL,
  `orientation` varchar(1) NOT NULL,
  `metric` varchar(5) NOT NULL,
  `leftmargin` double(24,8) NOT NULL,
  `topmargin` double(24,8) NOT NULL,
  `nx` int(11) NOT NULL,
  `ny` int(11) NOT NULL,
  `spacex` double(24,8) NOT NULL,
  `spacey` double(24,8) NOT NULL,
  `width` double(24,8) NOT NULL,
  `height` double(24,8) NOT NULL,
  `font_size` int(11) NOT NULL,
  `custom_x` double(24,8) NOT NULL,
  `custom_y` double(24,8) NOT NULL,
  `active` int(11) NOT NULL,
  PRIMARY KEY (`rowid`)
) ENGINE=InnoDB AUTO_INCREMENT=12 DEFAULT CHARSET=utf8mb4 COLLATE=utf8mb4_general_ci;

--
-- Dumping data for table `llx_c_format_cards`
--

INSERT INTO `llx_c_format_cards` VALUES (1,'5160','Avery-5160, WL-875WX','letter','P','mm',5.58165000,12.70000000,3,10,3.55600000,0.00000000,65.87490000,25.40000000,7,0.00000000,0.00000000,1),(2,'5161','Avery-5161, WL-75WX','letter','P','mm',4.44500000,12.70000000,2,10,3.96800000,0.00000000,101.60000000,25.40000000,7,0.00000000,0.00000000,1),(3,'5162','Avery-5162, WL-100WX','letter','P','mm',3.87350000,22.35200000,2,7,4.95400000,0.00000000,101.60000000,33.78100000,8,0.00000000,0.00000000,1),(4,'5163','Avery-5163, WL-125WX','letter','P','mm',4.57200000,12.70000000,2,5,3.55600000,0.00000000,101.60000000,50.80000000,10,0.00000000,0.00000000,1),(5,'5164','Avery-5164 (inch)','letter','P','in',0.14800000,0.50000000,2,3,0.20310000,0.00000000,4.00000000,3.33000000,12,0.00000000,0.00000000,0),(6,'8600','Avery-8600','letter','P','mm',7.10000000,19.00000000,3,10,9.50000000,3.10000000,66.60000000,25.40000000,7,0.00000000,0.00000000,1),(7,'99012','DYMO 99012 89*36mm','custom','L','mm',1.00000000,1.00000000,1,1,0.00000000,0.00000000,36.00000000,89.00000000,10,36.00000000,89.00000000,1),(8,'99014','DYMO 99014 101*54mm','custom','L','mm',1.00000000,1.00000000,1,1,0.00000000,0.00000000,54.00000000,101.00000000,10,54.00000000,101.00000000,1),(9,'AVERYC32010','Avery-C32010','A4','P','mm',15.00000000,13.00000000,2,5,10.00000000,0.00000000,85.00000000,54.00000000,10,0.00000000,0.00000000,1),(10,'CARD','Dolibarr Business cards','A4','P','mm',15.00000000,15.00000000,2,5,0.00000000,0.00000000,85.00000000,54.00000000,10,0.00000000,0.00000000,1),(11,'L7163','Avery-L7163','A4','P','mm',5.00000000,15.00000000,2,7,2.50000000,0.00000000,99.10000000,38.10000000,8,0.00000000,0.00000000,1);

--
-- Table structure for table `llx_c_forme_juridique`
--

CREATE TABLE `llx_c_forme_juridique` (
  `rowid` int(11) NOT NULL AUTO_INCREMENT,
  `code` int(11) NOT NULL,
  `fk_pays` int(11) NOT NULL,
  `libelle` varchar(255) DEFAULT NULL,
  `isvatexempted` tinyint(4) NOT NULL DEFAULT 0,
  `active` tinyint(4) NOT NULL DEFAULT 1,
  `module` varchar(32) DEFAULT NULL,
  `position` int(11) NOT NULL DEFAULT 0,
  PRIMARY KEY (`rowid`),
  UNIQUE KEY `uk_c_forme_juridique` (`code`)
) ENGINE=InnoDB AUTO_INCREMENT=300 DEFAULT CHARSET=utf8mb4 COLLATE=utf8mb4_general_ci;

--
-- Dumping data for table `llx_c_forme_juridique`
--

INSERT INTO `llx_c_forme_juridique` VALUES (1,0,0,'-',0,1,NULL,0),(2,2301,23,'Monotributista',0,1,NULL,0),(3,2302,23,'Sociedad Civil',0,1,NULL,0),(4,2303,23,'Sociedades Comerciales',0,1,NULL,0),(5,2304,23,'Sociedades de Hecho',0,1,NULL,0),(6,2305,23,'Sociedades Irregulares',0,1,NULL,0),(7,2306,23,'Sociedad Colectiva',0,1,NULL,0),(8,2307,23,'Sociedad en Comandita Simple',0,1,NULL,0),(9,2308,23,'Sociedad de Capital e Industria',0,1,NULL,0),(10,2309,23,'Sociedad Accidental o en participación',0,1,NULL,0),(11,2310,23,'Sociedad de Responsabilidad Limitada',0,1,NULL,0),(12,2311,23,'Sociedad Anónima',0,1,NULL,0),(13,2312,23,'Sociedad Anónima con Participación Estatal Mayoritaria',0,1,NULL,0),(14,2313,23,'Sociedad en Comandita por Acciones (arts. 315 a 324, LSC)',0,1,NULL,0),(15,4100,41,'GmbH - Gesellschaft mit beschränkter Haftung',0,1,NULL,0),(16,4101,41,'GesmbH - Gesellschaft mit beschränkter Haftung',0,1,NULL,0),(17,4102,41,'AG - Aktiengesellschaft',0,1,NULL,0),(18,4103,41,'EWIV - Europäische wirtschaftliche Interessenvereinigung',0,1,NULL,0),(19,4104,41,'KEG - Kommanditerwerbsgesellschaft',0,1,NULL,0),(20,4105,41,'OEG - Offene Erwerbsgesellschaft',0,1,NULL,0),(21,4106,41,'OHG - Offene Handelsgesellschaft',0,1,NULL,0),(22,4107,41,'AG & Co KG - Kommanditgesellschaft',0,1,NULL,0),(23,4108,41,'GmbH & Co KG - Kommanditgesellschaft',0,1,NULL,0),(24,4109,41,'KG - Kommanditgesellschaft',0,1,NULL,0),(25,4110,41,'OG - Offene Gesellschaft',0,1,NULL,0),(26,4111,41,'GbR - Gesellschaft nach bürgerlichem Recht',0,1,NULL,0),(27,4112,41,'GesbR - Gesellschaft nach bürgerlichem Recht',0,1,NULL,0),(28,4113,41,'GesnbR - Gesellschaft nach bürgerlichem Recht',0,1,NULL,0),(29,4114,41,'e.U. - eingetragener Einzelunternehmer',0,1,NULL,0),(30,200,2,'Indépendant',0,1,NULL,0),(31,201,2,'SRL - Société à responsabilité limitée',0,1,NULL,0),(32,202,2,'SA   - Société Anonyme',0,1,NULL,0),(33,203,2,'SCRL - Société coopérative à responsabilité limitée',0,1,NULL,0),(34,204,2,'ASBL - Association sans but Lucratif',0,1,NULL,0),(35,205,2,'SCRI - Société coopérative à responsabilité illimitée',0,1,NULL,0),(36,206,2,'SCS  - Société en commandite simple',0,1,NULL,0),(37,207,2,'SCA  - Société en commandite par action',0,1,NULL,0),(38,208,2,'SNC  - Société en nom collectif',0,1,NULL,0),(39,209,2,'GIE  - Groupement d intérêt économique',0,1,NULL,0),(40,210,2,'GEIE - Groupement européen d intérêt économique',0,1,NULL,0),(41,220,2,'Eenmanszaak',0,1,NULL,0),(42,221,2,'BVBA - Besloten vennootschap met beperkte aansprakelijkheid',0,1,NULL,0),(43,222,2,'NV   - Naamloze Vennootschap',0,1,NULL,0),(44,223,2,'CVBA - Coöperatieve vennootschap met beperkte aansprakelijkheid',0,1,NULL,0),(45,224,2,'VZW  - Vereniging zonder winstoogmerk',0,1,NULL,0),(46,225,2,'CVOA - Coöperatieve vennootschap met onbeperkte aansprakelijkheid ',0,1,NULL,0),(47,226,2,'GCV  - Gewone commanditaire vennootschap',0,1,NULL,0),(48,227,2,'Comm.VA - Commanditaire vennootschap op aandelen',0,1,NULL,0),(49,228,2,'VOF  - Vennootschap onder firma',0,1,NULL,0),(50,229,2,'VS0  - Vennootschap met sociaal oogmerk',0,1,NULL,0),(51,11,1,'Artisan Commerçant (EI)',0,1,NULL,0),(52,12,1,'Commerçant (EI)',0,1,NULL,0),(53,13,1,'Artisan (EI)',0,1,NULL,0),(54,14,1,'Officier public ou ministériel',0,1,NULL,0),(55,15,1,'Profession libérale (EI)',0,1,NULL,0),(56,16,1,'Exploitant agricole',0,1,NULL,0),(57,17,1,'Agent commercial',0,1,NULL,0),(58,18,1,'Associé Gérant de société',0,1,NULL,0),(59,19,1,'Personne physique',0,1,NULL,0),(60,21,1,'Indivision',0,1,NULL,0),(61,22,1,'Société créée de fait',0,1,NULL,0),(62,23,1,'Société en participation',0,1,NULL,0),(63,24,1,'Société coopérative d\'interet collectif (SCIC)',0,1,NULL,0),(64,25,1,'Société coopérative de production à responsabilité limitée (SCOP)',0,1,NULL,0),(65,27,1,'Paroisse hors zone concordataire',0,1,NULL,0),(66,29,1,'Groupement de droit privé non doté de la personnalité morale',0,1,NULL,0),(67,31,1,'Personne morale de droit étranger, immatriculée au RCS',0,1,NULL,0),(68,32,1,'Personne morale de droit étranger, non immatriculée au RCS',0,1,NULL,0),(69,35,1,'Régime auto-entrepreneur',0,1,NULL,0),(70,41,1,'Etablissement public ou régie à caractère industriel ou commercial',0,1,NULL,0),(71,51,1,'Société coopérative commerciale particulière',0,1,NULL,0),(72,52,1,'Société en nom collectif',0,1,NULL,0),(73,53,1,'Société en commandite',0,1,NULL,0),(74,54,1,'Société à responsabilité limitée (SARL)',0,1,NULL,0),(75,55,1,'Société anonyme à conseil d administration',0,1,NULL,0),(76,56,1,'Société anonyme à directoire',0,1,NULL,0),(77,57,1,'Société par actions simplifiée (SAS)',0,1,NULL,0),(78,58,1,'Entreprise Unipersonnelle à Responsabilité Limitée (EURL)',0,1,NULL,0),(79,59,1,'Société par actions simplifiée unipersonnelle (SASU)',0,1,NULL,0),(80,60,1,'Entreprise Individuelle à Responsabilité Limitée (EIRL)',0,1,NULL,0),(81,61,1,'Caisse d\'épargne et de prévoyance',0,1,NULL,0),(82,62,1,'Groupement d\'intérêt économique (GIE)',0,1,NULL,0),(83,63,1,'Société coopérative agricole',0,1,NULL,0),(84,64,1,'Société non commerciale d assurances',0,1,NULL,0),(85,65,1,'Société civile',0,1,NULL,0),(86,69,1,'Personnes de droit privé inscrites au RCS',0,1,NULL,0),(87,71,1,'Administration de l état',0,1,NULL,0),(88,72,1,'Collectivité territoriale',0,1,NULL,0),(89,73,1,'Etablissement public administratif',0,1,NULL,0),(90,74,1,'Personne morale de droit public administratif',0,1,NULL,0),(91,81,1,'Organisme gérant régime de protection social à adhésion obligatoire',0,1,NULL,0),(92,82,1,'Organisme mutualiste',0,1,NULL,0),(93,83,1,'Comité d entreprise',0,1,NULL,0),(94,84,1,'Organisme professionnel',0,1,NULL,0),(95,85,1,'Organisme de retraite à adhésion non obligatoire',0,1,NULL,0),(96,91,1,'Syndicat de propriétaires',0,1,NULL,0),(97,92,1,'Association loi 1901 ou assimilé',0,1,NULL,0),(98,93,1,'Fondation',0,1,NULL,0),(99,99,1,'Personne morale de droit privé',0,1,NULL,0),(100,500,5,'GmbH - Gesellschaft mit beschränkter Haftung',0,1,NULL,0),(101,501,5,'AG - Aktiengesellschaft ',0,1,NULL,0),(102,502,5,'GmbH&Co. KG - Gesellschaft mit beschränkter Haftung & Compagnie Kommanditgesellschaft',0,1,NULL,0),(103,503,5,'Gewerbe - Personengesellschaft',0,1,NULL,0),(104,504,5,'UG - Unternehmergesellschaft -haftungsbeschränkt-',0,1,NULL,0),(105,505,5,'GbR - Gesellschaft des bürgerlichen Rechts',0,1,NULL,0),(106,506,5,'KG - Kommanditgesellschaft',0,1,NULL,0),(107,507,5,'Ltd. - Limited Company',0,1,NULL,0),(108,508,5,'OHG - Offene Handelsgesellschaft',0,1,NULL,0),(109,509,5,'eG - eingetragene Genossenschaft',0,1,NULL,0),(110,8001,80,'Aktieselvskab A/S',0,1,NULL,0),(111,8002,80,'Anparts Selvskab ApS',0,1,NULL,0),(112,8003,80,'Personlig ejet selvskab',0,1,NULL,0),(113,8004,80,'Iværksætterselvskab IVS',0,1,NULL,0),(114,8005,80,'Interessentskab I/S',0,1,NULL,0),(115,8006,80,'Holdingselskab',0,1,NULL,0),(116,8007,80,'Selskab Med Begrænset Hæftelse SMBA',0,1,NULL,0),(117,8008,80,'Kommanditselskab K/S',0,1,NULL,0),(118,8009,80,'SPE-selskab',0,1,NULL,0),(119,10201,102,'Ατομική επιχείρηση',0,1,NULL,0),(120,10202,102,'Εταιρική  επιχείρηση',0,1,NULL,0),(121,10203,102,'Ομόρρυθμη Εταιρεία Ο.Ε',0,1,NULL,0),(122,10204,102,'Ετερόρρυθμη Εταιρεία Ε.Ε',0,1,NULL,0),(123,10205,102,'Εταιρεία Περιορισμένης Ευθύνης Ε.Π.Ε',0,1,NULL,0),(124,10206,102,'Ανώνυμη Εταιρεία Α.Ε',0,1,NULL,0),(125,10207,102,'Ανώνυμη ναυτιλιακή εταιρεία Α.Ν.Ε',0,1,NULL,0),(126,10208,102,'Συνεταιρισμός',0,1,NULL,0),(127,10209,102,'Συμπλοιοκτησία',0,1,NULL,0),(128,301,3,'Società semplice',0,1,NULL,0),(129,302,3,'Società in nome collettivo s.n.c.',0,1,NULL,0),(130,303,3,'Società in accomandita semplice s.a.s.',0,1,NULL,0),(131,304,3,'Società per azioni s.p.a.',0,1,NULL,0),(132,305,3,'Società a responsabilità limitata s.r.l.',0,1,NULL,0),(133,306,3,'Società in accomandita per azioni s.a.p.a.',0,1,NULL,0),(134,307,3,'Società cooperativa a r.l.',0,1,NULL,0),(135,308,3,'Società consortile',0,1,NULL,0),(136,309,3,'Società europea',0,1,NULL,0),(137,310,3,'Società cooperativa europea',0,1,NULL,0),(138,311,3,'Società unipersonale',0,1,NULL,0),(139,312,3,'Società di professionisti',0,1,NULL,0),(140,313,3,'Società di fatto',0,1,NULL,0),(141,315,3,'Società apparente',0,1,NULL,0),(142,316,3,'Impresa individuale ',0,1,NULL,0),(143,317,3,'Impresa coniugale',0,1,NULL,0),(144,318,3,'Impresa familiare',0,1,NULL,0),(145,319,3,'Consorzio cooperativo',0,1,NULL,0),(146,320,3,'Società cooperativa sociale',0,1,NULL,0),(147,321,3,'Società cooperativa di consumo',0,1,NULL,0),(148,322,3,'Società cooperativa agricola',0,1,NULL,0),(149,323,3,'A.T.I. Associazione temporanea di imprese',0,1,NULL,0),(150,324,3,'R.T.I. Raggruppamento temporaneo di imprese',0,1,NULL,0),(151,325,3,'Studio associato',0,1,NULL,0),(162,700,7,'Sole Trader',0,1,NULL,0),(163,701,7,'Partnership',0,1,NULL,0),(164,702,7,'Private Limited Company by shares (LTD)',0,1,NULL,0),(165,703,7,'Public Limited Company',0,1,NULL,0),(166,704,7,'Workers Cooperative',0,1,NULL,0),(167,705,7,'Limited Liability Partnership',0,1,NULL,0),(168,706,7,'Franchise',0,1,NULL,0),(169,1000,10,'Société à responsabilité limitée (SARL)',0,1,NULL,0),(170,1001,10,'Société en Nom Collectif (SNC)',0,1,NULL,0),(171,1002,10,'Société en Commandite Simple (SCS)',0,1,NULL,0),(172,1003,10,'société en participation',0,1,NULL,0),(173,1004,10,'Société Anonyme (SA)',0,1,NULL,0),(174,1005,10,'Société Unipersonnelle à Responsabilité Limitée (SUARL)',0,1,NULL,0),(175,1006,10,'Groupement d\'intérêt économique (GEI)',0,1,NULL,0),(176,1007,10,'Groupe de sociétés',0,1,NULL,0),(177,1701,17,'Eenmanszaak',0,1,NULL,0),(178,1702,17,'Maatschap',0,1,NULL,0),(179,1703,17,'Vennootschap onder firma',0,1,NULL,0),(180,1704,17,'Commanditaire vennootschap',0,1,NULL,0),(181,1705,17,'Besloten vennootschap (BV)',0,1,NULL,0),(182,1706,17,'Naamloze Vennootschap (NV)',0,1,NULL,0),(183,1707,17,'Vereniging',0,1,NULL,0),(184,1708,17,'Stichting',0,1,NULL,0),(185,1709,17,'Coöperatie met beperkte aansprakelijkheid (BA)',0,1,NULL,0),(186,1710,17,'Coöperatie met uitgesloten aansprakelijkheid (UA)',0,1,NULL,0),(187,1711,17,'Coöperatie met wettelijke aansprakelijkheid (WA)',0,1,NULL,0),(188,1712,17,'Onderlinge waarborgmaatschappij',0,1,NULL,0),(189,401,4,'Empresario Individual',0,1,NULL,0),(190,402,4,'Comunidad de Bienes',0,1,NULL,0),(191,403,4,'Sociedad Civil',0,1,NULL,0),(192,404,4,'Sociedad Colectiva',0,1,NULL,0),(193,405,4,'Sociedad Limitada',0,1,NULL,0),(194,406,4,'Sociedad Anónima',0,1,NULL,0),(195,407,4,'Sociedad Comanditaria por Acciones',0,1,NULL,0),(196,408,4,'Sociedad Comanditaria Simple',0,1,NULL,0),(197,409,4,'Sociedad Laboral',0,1,NULL,0),(198,410,4,'Sociedad Cooperativa',0,1,NULL,0),(199,411,4,'Sociedad de Garantía Recíproca',0,1,NULL,0),(200,412,4,'Entidad de Capital-Riesgo',0,1,NULL,0),(201,413,4,'Agrupación de Interés Económico',0,1,NULL,0),(202,414,4,'Sociedad de Inversión Mobiliaria',0,1,NULL,0),(203,415,4,'Agrupación sin Ánimo de Lucro',0,1,NULL,0),(204,15201,152,'Mauritius Private Company Limited By Shares',0,1,NULL,0),(205,15202,152,'Mauritius Company Limited By Guarantee',0,1,NULL,0),(206,15203,152,'Mauritius Public Company Limited By Shares',0,1,NULL,0),(207,15204,152,'Mauritius Foreign Company',0,1,NULL,0),(208,15205,152,'Mauritius GBC1 (Offshore Company)',0,1,NULL,0),(209,15206,152,'Mauritius GBC2 (International Company)',0,1,NULL,0),(210,15207,152,'Mauritius General Partnership',0,1,NULL,0),(211,15208,152,'Mauritius Limited Partnership',0,1,NULL,0),(212,15209,152,'Mauritius Sole Proprietorship',0,1,NULL,0),(213,15210,152,'Mauritius Trusts',0,1,NULL,0),(214,601,154,'601 - General de Ley Personas Morales',0,1,NULL,0),(215,603,154,'603 - Personas Morales con Fines no Lucrativos',0,1,NULL,0),(216,605,154,'605 - Sueldos y Salarios e Ingresos Asimilados a Salarios',0,1,NULL,0),(217,606,154,'606 - Arrendamiento',0,1,NULL,0),(218,607,154,'607 - Régimen de Enajenación o Adquisición de Bienes',0,1,NULL,0),(219,608,154,'608 - Demás ingresos',0,1,NULL,0),(220,610,154,'610 - Residentes en el Extranjero sin Establecimiento Permanente en México',0,1,NULL,0),(221,611,154,'611 - Ingresos por Dividendos (socios y accionistas)',0,1,NULL,0),(222,612,154,'612 - Personas Físicas con Actividades Empresariales y Profesionales',0,1,NULL,0),(223,614,154,'614 - Ingresos por intereses',0,1,NULL,0),(224,615,154,'615 - Régimen de los ingresos por obtención de premios',0,1,NULL,0),(225,616,154,'616 - Sin obligaciones fiscales',0,1,NULL,0),(226,620,154,'620 - Sociedades Cooperativas de Producción que optan por diferir sus ingresos',0,1,NULL,0),(227,621,154,'621 - Incorporación Fiscal',0,1,NULL,0),(228,622,154,'622 - Actividades Agrícolas, Ganaderas, Silvícolas y Pesqueras',0,1,NULL,0),(229,623,154,'623 - Opcional para Grupos de Sociedades',0,1,NULL,0),(230,624,154,'624 - Coordinados',0,1,NULL,0),(231,625,154,'625 - Régimen de las Actividades Empresariales con ingresos a través de Plataformas Tecnológicas',0,1,NULL,0),(232,626,154,'626 - Régimen Simplificado de Confianza',0,1,NULL,0),(233,14001,140,'Entreprise individuelle',0,1,NULL,0),(234,14002,140,'Société en nom collectif (SENC)',0,1,NULL,0),(235,14003,140,'Société en commandite simple (SECS)',0,1,NULL,0),(236,14004,140,'Société en commandite par actions (SECA)',0,1,NULL,0),(237,14005,140,'Société à responsabilité limitée (SARL)',0,1,NULL,0),(238,14006,140,'Société anonyme (SA)',0,1,NULL,0),(239,14007,140,'Société coopérative (SC)',0,1,NULL,0),(240,14008,140,'Société européenne (SE)',0,1,NULL,0),(241,18801,188,'AFJ - Alte forme juridice',0,1,NULL,0),(242,18802,188,'ASF - Asociatie familialã',0,1,NULL,0),(243,18803,188,'CON - Concesiune',0,1,NULL,0),(244,18804,188,'CRL - Soc civilã profesionala cu pers. juridica si rãspundere limitata (SPRL)',0,1,NULL,0),(245,18805,188,'INC - Închiriere',0,1,NULL,0),(246,18806,188,'LOC - Locaţie de gestiune',0,1,NULL,0),(247,18807,188,'OC1 - Organizaţie cooperatistã meşteşugãreascã',0,1,NULL,0),(248,18808,188,'OC2 - Organizaţie cooperatistã de consum',0,1,NULL,0),(249,18809,188,'OC3 - Organizaţie cooperatistã de credit',0,1,NULL,0),(250,18810,188,'PFA - Persoanã fizicã independentã',0,1,NULL,0),(251,18811,188,'RA - Regie autonomã',0,1,NULL,0),(252,18812,188,'SA - Societate comercialã pe acţiuni',0,1,NULL,0),(253,18813,188,'SCS - Societate comercialã în comanditã simplã',0,1,NULL,0),(254,18814,188,'SNC - Societate comercialã în nume colectiv',0,1,NULL,0),(255,18815,188,'SPI - Societate profesionala practicieni in insolventa (SPPI)',0,1,NULL,0),(256,18816,188,'SRL - Societate comercialã cu rãspundere limitatã',0,1,NULL,0),(257,18817,188,'URL - Intreprindere profesionala unipersonala cu rãspundere limitata (IPURL)',0,1,NULL,0),(258,17801,178,'Empresa individual',0,1,NULL,0),(259,17802,178,'Asociación General',0,1,NULL,0),(260,17803,178,'Sociedad de Responsabilidad Limitada',0,1,NULL,0),(261,17804,178,'Sociedad Civil',0,1,NULL,0),(262,17805,178,'Sociedad Anónima',0,1,NULL,0),(263,1300,13,'Personne physique',0,1,NULL,0),(264,1301,13,'Société à responsabilité limitée (SARL)',0,1,NULL,0),(265,1302,13,'Entreprise unipersonnelle à responsabilité limitée (EURL)',0,1,NULL,0),(266,1303,13,'Société en Nom Collectif (SNC)',0,1,NULL,0),(267,1304,13,'société par actions (SPA)',0,1,NULL,0),(268,1305,13,'Société en Commandite Simple (SCS)',0,1,NULL,0),(269,1306,13,'Société en commandite par actions (SCA)',0,1,NULL,0),(270,1307,13,'Société en participation',0,1,NULL,0),(271,1308,13,'Groupe de sociétés',0,1,NULL,0),(272,2001,20,'Aktiebolag',0,1,NULL,0),(273,2002,20,'Publikt aktiebolag (AB publ)',0,1,NULL,0),(274,2003,20,'Ekonomisk förening (ek. för.)',0,1,NULL,0),(275,2004,20,'Bostadsrättsförening (BRF)',0,1,NULL,0),(276,2005,20,'Hyresrättsförening (HRF)',0,1,NULL,0),(277,2006,20,'Kooperativ',0,1,NULL,0),(278,2007,20,'Enskild firma (EF)',0,1,NULL,0),(279,2008,20,'Handelsbolag (HB)',0,1,NULL,0),(280,2009,20,'Kommanditbolag (KB)',0,1,NULL,0),(281,2010,20,'Enkelt bolag',0,1,NULL,0),(282,2011,20,'Ideell förening',0,1,NULL,0),(283,2012,20,'Stiftelse',0,1,NULL,0),(284,6100,61,'Indépendant - Personne physique',0,1,NULL,0),(285,6101,61,'Société Unipersonnelle',0,1,NULL,0),(286,6102,61,'Société de personne à responsabilité limité (SPRL)',0,1,NULL,0),(287,6103,61,'Société anonyme (SA)',0,1,NULL,0),(288,6104,61,'Société coopérative',0,1,NULL,0),(289,7601,76,'Društvo s ograničenom odgovornošću (d.o.o.)',0,1,NULL,0),(290,7602,76,'Jednostavno društvo s ograničenom odgovornošću (j.d.o.o.)',0,1,NULL,0),(291,7603,76,'Dioničko društvo (d.d.)',0,1,NULL,0),(292,7604,76,'Obrt',0,1,NULL,0),(293,7605,76,'Javno trgovačko društvo (j.t.d.)',0,1,NULL,0),(294,7606,76,'Komanditno društvo (k.d.)',0,1,NULL,0),(295,7607,76,'Gospodarsko interesno udruženje (GIU)',0,1,NULL,0),(296,7608,76,'Predstavništvo',0,1,NULL,0),(297,7609,76,'Državno tijelo',0,1,NULL,0),(298,7610,76,'Kućna radinost',0,1,NULL,0),(299,7611,76,'Sporedno zanimanje',0,1,NULL,0);

--
-- Table structure for table `llx_c_holiday_types`
--

CREATE TABLE `llx_c_holiday_types` (
  `rowid` int(11) NOT NULL AUTO_INCREMENT,
  `code` varchar(16) NOT NULL,
  `label` varchar(255) NOT NULL,
  `affect` int(11) NOT NULL,
  `delay` int(11) NOT NULL,
  `newbymonth` double(8,5) NOT NULL DEFAULT 0.00000,
  `fk_country` int(11) DEFAULT NULL,
  `block_if_negative` int(11) NOT NULL DEFAULT 0,
  `sortorder` smallint(6) DEFAULT NULL,
  `active` int(11) DEFAULT 1,
  PRIMARY KEY (`rowid`),
  UNIQUE KEY `uk_c_holiday_types` (`code`)
) ENGINE=InnoDB AUTO_INCREMENT=6 DEFAULT CHARSET=utf8mb4 COLLATE=utf8mb4_general_ci;

--
-- Dumping data for table `llx_c_holiday_types`
--

INSERT INTO `llx_c_holiday_types` VALUES (1,'LEAVE_SICK','Sick leave',0,0,0.00000,NULL,0,1,1),(2,'LEAVE_OTHER','Other leave',0,0,0.00000,NULL,0,2,1),(3,'LEAVE_PAID','Paid vacation',1,7,0.00000,NULL,0,3,0),(4,'LEAVE_RTT_FR','RTT',1,7,0.83000,1,0,4,1),(5,'LEAVE_PAID_FR','Paid vacation',1,30,2.08334,1,0,5,1);

--
-- Table structure for table `llx_c_hrm_department`
--

CREATE TABLE `llx_c_hrm_department` (
  `rowid` int(11) NOT NULL,
  `pos` tinyint(4) NOT NULL DEFAULT 0,
  `code` varchar(16) NOT NULL,
  `label` varchar(128) DEFAULT NULL,
  `active` tinyint(4) NOT NULL DEFAULT 1,
  PRIMARY KEY (`rowid`)
) ENGINE=InnoDB DEFAULT CHARSET=utf8mb4 COLLATE=utf8mb4_general_ci;

--
-- Dumping data for table `llx_c_hrm_department`
--

INSERT INTO `llx_c_hrm_department` VALUES (1,5,'MANAGEMENT','Management',1),(3,15,'TRAINING','Training',1),(4,20,'IT','Inform. Technology (IT)',0),(5,25,'MARKETING','Marketing',0),(6,30,'SALES','Sales',1),(7,35,'LEGAL','Legal',0),(8,40,'FINANCIAL','Financial accounting',1),(9,45,'HUMANRES','Human resources',1),(10,50,'PURCHASING','Purchasing',1),(12,60,'CUSTOMSERV','Customer service',0),(14,70,'LOGISTIC','Logistics',1),(15,75,'CONSTRUCT','Engineering/design',0),(16,80,'PRODUCTION','Production',1),(17,85,'QUALITY','Quality assurance',0);

--
-- Table structure for table `llx_c_hrm_function`
--

CREATE TABLE `llx_c_hrm_function` (
  `rowid` int(11) NOT NULL,
  `pos` tinyint(4) NOT NULL DEFAULT 0,
  `code` varchar(16) NOT NULL,
  `label` varchar(128) DEFAULT NULL,
  `c_level` tinyint(4) NOT NULL DEFAULT 0,
  `active` tinyint(4) NOT NULL DEFAULT 1,
  PRIMARY KEY (`rowid`)
) ENGINE=InnoDB DEFAULT CHARSET=utf8mb4 COLLATE=utf8mb4_general_ci;

--
-- Dumping data for table `llx_c_hrm_function`
--

INSERT INTO `llx_c_hrm_function` VALUES (1,5,'EXECBOARD','Executive board',0,1),(2,10,'MANAGDIR','Managing director',1,1),(3,15,'ACCOUNTMANAG','Account manager',0,1),(4,20,'ENGAGDIR','Engagement director',1,1),(5,25,'DIRECTOR','Director',1,1),(6,30,'PROJMANAG','Project manager',0,1),(7,35,'DEPHEAD','Department head',0,1),(8,40,'SECRETAR','Secretary',0,1),(9,45,'EMPLOYEE','Department employee',0,1);

--
-- Table structure for table `llx_c_hrm_public_holiday`
--

CREATE TABLE `llx_c_hrm_public_holiday` (
  `id` int(11) NOT NULL AUTO_INCREMENT,
  `entity` int(11) NOT NULL DEFAULT 0,
  `fk_country` int(11) DEFAULT NULL,
  `fk_departement` int(11) DEFAULT NULL,
  `code` varchar(62) DEFAULT NULL,
  `dayrule` varchar(64) DEFAULT '',
  `day` int(11) DEFAULT NULL,
  `month` int(11) DEFAULT NULL,
  `year` int(11) DEFAULT NULL,
  `active` int(11) DEFAULT 1,
  `import_key` varchar(14) DEFAULT NULL,
  PRIMARY KEY (`id`),
  UNIQUE KEY `uk_c_hrm_public_holiday` (`entity`,`code`),
  UNIQUE KEY `uk_c_hrm_public_holiday2` (`entity`,`fk_country`,`dayrule`,`day`,`month`,`year`)
) ENGINE=InnoDB AUTO_INCREMENT=54 DEFAULT CHARSET=utf8mb4 COLLATE=utf8mb4_general_ci;

--
-- Dumping data for table `llx_c_hrm_public_holiday`
--

INSERT INTO `llx_c_hrm_public_holiday` VALUES (1,0,0,NULL,'NEWYEARDAY1','',1,1,0,1,NULL),(2,0,0,NULL,'LABORDAY1','',1,5,0,1,NULL),(3,0,0,NULL,'ASSOMPTIONDAY1','',15,8,0,1,NULL),(4,0,0,NULL,'CHRISTMASDAY1','',25,12,0,1,NULL),(5,0,1,NULL,'FR-VICTORYDAY','',8,5,0,1,NULL),(6,0,1,NULL,'FR-NATIONALDAY','',14,7,0,1,NULL),(7,0,1,NULL,'FR-ASSOMPTION','',15,8,0,1,NULL),(8,0,1,NULL,'FR-TOUSSAINT','',1,11,0,1,NULL),(9,0,1,NULL,'FR-ARMISTICE','',11,11,0,1,NULL),(10,0,1,NULL,'FR-EASTER','eastermonday',0,0,0,1,NULL),(11,0,1,NULL,'FR-ASCENSION','ascension',0,0,0,1,NULL),(12,0,1,NULL,'FR-PENTECOST','pentecost',0,0,0,1,NULL),(13,0,3,NULL,'IT-LIBEAZIONE','',25,4,0,1,NULL),(14,0,3,NULL,'IT-EPIPHANY','',1,6,0,1,NULL),(15,0,3,NULL,'IT-REPUBBLICA','',2,6,0,1,NULL),(16,0,3,NULL,'IT-TUTTISANTIT','',1,11,0,1,NULL),(17,0,3,NULL,'IT-IMMACULE','',8,12,0,1,NULL),(18,0,3,NULL,'IT-SAINTSTEFAN','',26,12,0,1,NULL),(19,0,4,NULL,'ES-EASTER','easter',0,0,0,1,NULL),(20,0,4,NULL,'ES-REYE','',1,6,0,1,NULL),(21,0,4,NULL,'ES-HISPANIDAD','',12,10,0,1,NULL),(22,0,4,NULL,'ES-TOUSSAINT','',1,11,0,1,NULL),(23,0,4,NULL,'ES-CONSTITUIZION','',6,12,0,1,NULL),(24,0,4,NULL,'ES-IMMACULE','',8,12,0,1,NULL),(25,0,5,NULL,'DE-NEUJAHR','',1,1,0,1,NULL),(26,0,5,NULL,'DE-HL3KOEN--TLW','',6,1,0,0,NULL),(27,0,5,NULL,'DE-INTFRAUENTAG--TLW','',8,3,0,0,NULL),(28,0,5,NULL,'DE-KARFREITAG','goodfriday',0,0,0,1,NULL),(29,0,5,NULL,'DE-OSTERMONTAG','eastermonday',0,0,0,1,NULL),(30,0,5,NULL,'DE-TAGDERARBEIT','',1,5,0,1,NULL),(31,0,5,NULL,'DE-HIMMELFAHRT','ascension',0,0,0,1,NULL),(32,0,5,NULL,'DE-PFINGSTEN','pentecotemonday',0,0,0,1,NULL),(33,0,5,NULL,'DE-FRONLEICHNAM--TLW','fronleichnam',0,0,0,0,NULL),(34,0,5,NULL,'DE-MARIAEHIMMEL--TLW','',15,8,0,0,NULL),(35,0,5,NULL,'DE-WELTKINDERTAG--TLW','',20,9,0,0,NULL),(36,0,5,NULL,'DE-TAGDERDEUTEINHEIT','',3,10,0,1,NULL),(37,0,5,NULL,'DE-REFORMATIONSTAG--TLW','',31,10,0,0,NULL),(38,0,5,NULL,'DE-ALLERHEILIGEN--TLW','',1,11,0,0,NULL),(39,0,5,NULL,'DE-WEIHNACHTSTAG1','',25,12,0,1,NULL),(40,0,5,NULL,'DE-WEIHNACHTSTAG2','',26,12,0,1,NULL),(41,0,41,NULL,'AT-EASTER','eastermonday',0,0,0,1,NULL),(42,0,41,NULL,'AT-ASCENSION','ascension',0,0,0,1,NULL),(43,0,41,NULL,'AT-PENTECOST','pentecost',0,0,0,1,NULL),(44,0,41,NULL,'AT-FRONLEICHNAM','fronleichnam',0,0,0,1,NULL),(45,0,41,NULL,'AT-KONEGIE','',1,6,0,1,NULL),(46,0,41,NULL,'AT-26OKT','',26,10,0,1,NULL),(47,0,41,NULL,'AT-TOUSSAINT','',1,11,0,1,NULL),(48,0,41,NULL,'AT-IMMACULE','',8,12,0,1,NULL),(49,0,41,NULL,'AT-24DEC','',24,12,0,1,NULL),(50,0,41,NULL,'AT-SAINTSTEFAN','',26,12,0,1,NULL),(51,0,41,NULL,'AT-Silvester','',31,12,0,1,NULL),(52,0,117,NULL,'IN-REPUBLICDAY','',26,1,0,1,NULL),(53,0,117,NULL,'IN-GANDI','',2,10,0,1,NULL);

--
-- Table structure for table `llx_c_incoterms`
--

CREATE TABLE `llx_c_incoterms` (
  `rowid` int(11) NOT NULL AUTO_INCREMENT,
  `code` varchar(3) NOT NULL,
  `label` varchar(100) DEFAULT NULL,
  `libelle` varchar(255) NOT NULL,
  `active` tinyint(4) NOT NULL DEFAULT 1,
  PRIMARY KEY (`rowid`),
  UNIQUE KEY `uk_c_incoterms` (`code`)
) ENGINE=InnoDB AUTO_INCREMENT=13 DEFAULT CHARSET=utf8mb4 COLLATE=utf8mb4_general_ci;

--
-- Dumping data for table `llx_c_incoterms`
--

INSERT INTO `llx_c_incoterms` VALUES (1,'EXW','Ex Works','Ex Works, au départ non chargé, non dédouané sortie d\'usine (uniquement adapté aux flux domestiques, nationaux)',1),(2,'FCA','Free Carrier','Free Carrier, marchandises dédouanées et chargées dans le pays de départ, chez le vendeur ou chez le commissionnaire de transport de l\'acheteur',1),(3,'FAS','Free Alongside Ship','Free Alongside Ship, sur le quai du port de départ',1),(4,'FOB','Free On Board','Free On Board, chargé sur le bateau, les frais de chargement dans celui-ci étant fonction du liner term indiqué par la compagnie maritime (à la charge du vendeur)',1),(5,'CFR','Cost and Freight','Cost and Freight, chargé dans le bateau, livraison au port de départ, frais payés jusqu\'au port d\'arrivée, sans assurance pour le transport, non déchargé du navire à destination (les frais de déchargement sont inclus ou non au port d\'arrivée)',1),(6,'CIF','Cost, Insurance, Freight','Cost, Insurance and Freight, chargé sur le bateau, frais jusqu\'au port d\'arrivée, avec l\'assurance marchandise transportée souscrite par le vendeur pour le compte de l\'acheteur',1),(7,'CPT','Carriage Paid To','Carriage Paid To, livraison au premier transporteur, frais jusqu\'au déchargement du mode de transport, sans assurance pour le transport',1),(8,'CIP','Carriage Insurance Paid','Carriage and Insurance Paid to, idem CPT, avec assurance marchandise transportée souscrite par le vendeur pour le compte de l\'acheteur',1),(9,'DAT','Delivered At Terminal','Delivered At Terminal, marchandises (déchargées) livrées sur quai, dans un terminal maritime, fluvial, aérien, routier ou ferroviaire désigné (dédouanement import, et post-acheminement payés par l\'acheteur)',1),(10,'DAP','Delivered At Place','Delivered At Place, marchandises (non déchargées) mises à disposition de l\'acheteur dans le pays d\'importation au lieu précisé dans le contrat (déchargement, dédouanement import payé par l\'acheteur)',1),(11,'DDP','Delivered Duty Paid','Delivered Duty Paid, marchandises (non déchargées) livrées à destination finale, dédouanement import et taxes à la charge du vendeur ; l\'acheteur prend en charge uniquement le déchargement (si exclusion des taxes type TVA, le préciser clairement)',1),(12,'DPU','Delivered at Place Unloaded','Delivered at Place unloaded',1);

--
-- Table structure for table `llx_c_input_method`
--

CREATE TABLE `llx_c_input_method` (
  `rowid` int(11) NOT NULL AUTO_INCREMENT,
  `code` varchar(30) DEFAULT NULL,
  `libelle` varchar(128) DEFAULT NULL,
  `active` tinyint(4) NOT NULL DEFAULT 1,
  `module` varchar(32) DEFAULT NULL,
  PRIMARY KEY (`rowid`),
  UNIQUE KEY `uk_c_input_method` (`code`)
) ENGINE=InnoDB AUTO_INCREMENT=6 DEFAULT CHARSET=utf8mb4 COLLATE=utf8mb4_general_ci;

--
-- Dumping data for table `llx_c_input_method`
--

INSERT INTO `llx_c_input_method` VALUES (1,'OrderByMail','Courrier',1,NULL),(2,'OrderByFax','Fax',1,NULL),(3,'OrderByEMail','EMail',1,NULL),(4,'OrderByPhone','Téléphone',1,NULL),(5,'OrderByWWW','En ligne',1,NULL);

--
-- Table structure for table `llx_c_input_reason`
--

CREATE TABLE `llx_c_input_reason` (
  `rowid` int(11) NOT NULL AUTO_INCREMENT,
  `code` varchar(30) DEFAULT NULL,
  `label` varchar(128) DEFAULT NULL,
  `active` tinyint(4) NOT NULL DEFAULT 1,
  `module` varchar(32) DEFAULT NULL,
  PRIMARY KEY (`rowid`),
  UNIQUE KEY `uk_c_input_reason` (`code`)
) ENGINE=InnoDB AUTO_INCREMENT=13 DEFAULT CHARSET=utf8mb4 COLLATE=utf8mb4_general_ci;

--
-- Dumping data for table `llx_c_input_reason`
--

INSERT INTO `llx_c_input_reason` VALUES (1,'SRC_INTE','Web site',1,NULL),(2,'SRC_CAMP_MAIL','Mailing campaign',1,NULL),(3,'SRC_CAMP_PHO','Phone campaign',1,NULL),(4,'SRC_CAMP_FAX','Fax campaign',1,NULL),(5,'SRC_COMM','Commercial contact',1,NULL),(6,'SRC_SHOP','Shop contact',1,NULL),(7,'SRC_CAMP_EMAIL','EMailing campaign',1,NULL),(8,'SRC_WOM','Word of mouth',1,NULL),(9,'SRC_PARTNER','Partner',1,NULL),(10,'SRC_EMPLOYEE','Employee',1,NULL),(11,'SRC_SPONSORING','Sponsorship',1,NULL),(12,'SRC_CUSTOMER','Incoming contact of a customer',1,NULL);

--
-- Table structure for table `llx_c_lead_status`
--

CREATE TABLE `llx_c_lead_status` (
  `rowid` int(11) NOT NULL AUTO_INCREMENT,
  `code` varchar(10) DEFAULT NULL,
  `label` varchar(128) DEFAULT NULL,
  `position` int(11) DEFAULT NULL,
  `percent` double(5,2) DEFAULT NULL,
  `active` tinyint(4) NOT NULL DEFAULT 1,
  PRIMARY KEY (`rowid`),
  UNIQUE KEY `uk_c_lead_status_code` (`code`)
) ENGINE=InnoDB AUTO_INCREMENT=8 DEFAULT CHARSET=utf8mb4 COLLATE=utf8mb4_general_ci;

--
-- Dumping data for table `llx_c_lead_status`
--

INSERT INTO `llx_c_lead_status` VALUES (1,'PROSP','Prospection',10,0.00,1),(2,'QUAL','Qualification',20,20.00,1),(3,'PROPO','Proposal',30,40.00,1),(4,'NEGO','Negotiation',40,60.00,1),(5,'PENDING','Pending',50,50.00,0),(6,'WON','Won',60,100.00,1),(7,'LOST','Lost',70,0.00,1);

--
-- Table structure for table `llx_c_paiement`
--

CREATE TABLE `llx_c_paiement` (
  `id` int(11) NOT NULL AUTO_INCREMENT,
  `entity` int(11) NOT NULL DEFAULT 1,
  `code` varchar(6) NOT NULL,
  `libelle` varchar(128) DEFAULT NULL,
  `type` smallint(6) DEFAULT NULL,
  `active` tinyint(4) NOT NULL DEFAULT 1,
  `accountancy_code` varchar(32) DEFAULT NULL,
  `module` varchar(32) DEFAULT NULL,
  `position` int(11) NOT NULL DEFAULT 0,
  PRIMARY KEY (`id`),
  UNIQUE KEY `uk_c_paiement_code` (`entity`,`code`)
) ENGINE=InnoDB AUTO_INCREMENT=109 DEFAULT CHARSET=utf8mb4 COLLATE=utf8mb4_general_ci;

--
-- Dumping data for table `llx_c_paiement`
--

INSERT INTO `llx_c_paiement` VALUES (1,1,'TIP','TIP',2,0,NULL,NULL,0),(2,1,'VIR','Transfer',2,0,NULL,NULL,0),(3,1,'PRE','Debit order',2,0,NULL,NULL,0),(4,1,'LIQ','Cash',2,1,NULL,NULL,0),(6,1,'CB','Credit card',2,0,NULL,NULL,0),(7,1,'CHQ','Cheque',2,0,NULL,NULL,0),(50,1,'VAD','Online payment',2,0,NULL,NULL,0),(51,1,'TRA','Traite',2,0,NULL,NULL,0),(52,1,'LCR','LCR',2,0,NULL,NULL,0),(53,1,'FAC','Factor',2,0,NULL,NULL,0),(100,1,'KLA','Klarna',1,0,NULL,NULL,0),(101,1,'SOF','Sofort',1,0,NULL,NULL,0),(102,1,'BAN','Bancontact',1,0,NULL,NULL,0),(103,1,'IDE','iDeal',1,0,NULL,NULL,0),(104,1,'GIR','Giropay',1,0,NULL,NULL,0),(105,1,'PPL','PayPal',1,0,NULL,NULL,0),(106,1,'02','Cheque nominativo',2,1,NULL,NULL,0),(107,1,'03','Transferencia bancaria',2,1,NULL,NULL,0),(108,1,'04','Tarjeta de crédito',2,1,NULL,NULL,0);

--
-- Table structure for table `llx_c_paper_format`
--

CREATE TABLE `llx_c_paper_format` (
  `rowid` int(11) NOT NULL AUTO_INCREMENT,
  `code` varchar(16) NOT NULL,
  `label` varchar(128) NOT NULL,
  `width` float(6,2) DEFAULT 0.00,
  `height` float(6,2) DEFAULT 0.00,
  `unit` varchar(5) NOT NULL,
  `active` tinyint(4) NOT NULL DEFAULT 1,
  `module` varchar(32) DEFAULT NULL,
  PRIMARY KEY (`rowid`)
) ENGINE=InnoDB AUTO_INCREMENT=226 DEFAULT CHARSET=utf8mb4 COLLATE=utf8mb4_general_ci;

--
-- Dumping data for table `llx_c_paper_format`
--

INSERT INTO `llx_c_paper_format` VALUES (1,'EU4A0','Format 4A0',1682.00,2378.00,'mm',1,NULL),(2,'EU2A0','Format 2A0',1189.00,1682.00,'mm',1,NULL),(3,'EUA0','Format A0',840.00,1189.00,'mm',1,NULL),(4,'EUA1','Format A1',594.00,840.00,'mm',1,NULL),(5,'EUA2','Format A2',420.00,594.00,'mm',1,NULL),(6,'EUA3','Format A3',297.00,420.00,'mm',1,NULL),(7,'EUA4','Format A4',210.00,297.00,'mm',1,NULL),(8,'EUA5','Format A5',148.00,210.00,'mm',1,NULL),(9,'EUA6','Format A6',105.00,148.00,'mm',1,NULL),(100,'USLetter','Format Letter (A)',216.00,279.00,'mm',1,NULL),(105,'USLegal','Format Legal',216.00,356.00,'mm',1,NULL),(110,'USExecutive','Format Executive',190.00,254.00,'mm',1,NULL),(115,'USLedger','Format Ledger/Tabloid (B)',279.00,432.00,'mm',1,NULL),(200,'CAP1','Format Canadian P1',560.00,860.00,'mm',1,NULL),(205,'CAP2','Format Canadian P2',430.00,560.00,'mm',1,NULL),(210,'CAP3','Format Canadian P3',280.00,430.00,'mm',1,NULL),(215,'CAP4','Format Canadian P4',215.00,280.00,'mm',1,NULL),(220,'CAP5','Format Canadian P5',140.00,215.00,'mm',1,NULL),(225,'CAP6','Format Canadian P6',107.00,140.00,'mm',1,NULL);

--
-- Table structure for table `llx_c_payment_term`
--

CREATE TABLE `llx_c_payment_term` (
  `rowid` int(11) NOT NULL AUTO_INCREMENT,
  `entity` int(11) NOT NULL DEFAULT 1,
  `code` varchar(16) DEFAULT NULL,
  `sortorder` smallint(6) DEFAULT NULL,
  `active` tinyint(4) DEFAULT 1,
  `libelle` varchar(255) DEFAULT NULL,
  `libelle_facture` text DEFAULT NULL,
  `type_cdr` tinyint(4) DEFAULT NULL,
  `nbjour` smallint(6) DEFAULT NULL,
  `decalage` smallint(6) DEFAULT NULL,
  `deposit_percent` varchar(63) DEFAULT NULL,
  `module` varchar(32) DEFAULT NULL,
  `position` int(11) NOT NULL DEFAULT 0,
  PRIMARY KEY (`rowid`),
  UNIQUE KEY `uk_c_payment_term_code` (`entity`,`code`)
) ENGINE=InnoDB AUTO_INCREMENT=15 DEFAULT CHARSET=utf8mb4 COLLATE=utf8mb4_general_ci;

--
-- Dumping data for table `llx_c_payment_term`
--

INSERT INTO `llx_c_payment_term` VALUES (1,1,'RECEP',1,1,'Due upon receipt','Due upon receipt',0,1,NULL,NULL,NULL,0),(2,1,'30D',2,1,'30 days','Due in 30 days',0,30,NULL,NULL,NULL,0),(3,1,'30DENDMONTH',3,1,'30 days end of month','Due in 30 days, end of month',1,30,NULL,NULL,NULL,0),(4,1,'60D',4,1,'60 days','Due in 60 days, end of month',0,60,NULL,NULL,NULL,0),(5,1,'60DENDMONTH',5,1,'60 days end of month','Due in 60 days, end of month',1,60,NULL,NULL,NULL,0),(6,1,'PT_ORDER',6,1,'Due on order','Due on order',0,1,NULL,NULL,NULL,0),(7,1,'PT_DELIVERY',7,1,'Due on delivery','Due on delivery',0,1,NULL,NULL,NULL,0),(8,1,'PT_5050',8,1,'50 and 50','50% on order, 50% on delivery',0,1,NULL,NULL,NULL,0),(9,1,'10D',9,1,'10 days','Due in 10 days',0,10,NULL,NULL,NULL,0),(10,1,'10DENDMONTH',10,1,'10 days end of month','Due in 10 days, end of month',1,10,NULL,NULL,NULL,0),(11,1,'14D',11,1,'14 days','Due in 14 days',0,14,NULL,NULL,NULL,0),(12,1,'14DENDMONTH',12,1,'14 days end of month','Due in 14 days, end of month',1,14,NULL,NULL,NULL,0),(13,1,'DEP30PCTDEL',13,1,'__DEPOSIT_PERCENT__% deposit','__DEPOSIT_PERCENT__% deposit, remainder on delivery',0,1,NULL,'30',NULL,0),(14,1,'CRED',14,1,'Crédito','Crédito',0,1,NULL,NULL,NULL,0);

--
-- Table structure for table `llx_c_price_expression`
--

CREATE TABLE `llx_c_price_expression` (
  `rowid` int(11) NOT NULL AUTO_INCREMENT,
  `title` varchar(20) NOT NULL,
  `expression` varchar(255) NOT NULL,
  PRIMARY KEY (`rowid`)
) ENGINE=InnoDB DEFAULT CHARSET=utf8mb4 COLLATE=utf8mb4_general_ci;

--
-- Dumping data for table `llx_c_price_expression`
--


--
-- Table structure for table `llx_c_price_global_variable`
--

CREATE TABLE `llx_c_price_global_variable` (
  `rowid` int(11) NOT NULL AUTO_INCREMENT,
  `code` varchar(20) NOT NULL,
  `description` text DEFAULT NULL,
  `value` double(24,8) DEFAULT 0.00000000,
  PRIMARY KEY (`rowid`)
) ENGINE=InnoDB DEFAULT CHARSET=utf8mb4 COLLATE=utf8mb4_general_ci;

--
-- Dumping data for table `llx_c_price_global_variable`
--


--
-- Table structure for table `llx_c_price_global_variable_updater`
--

CREATE TABLE `llx_c_price_global_variable_updater` (
  `rowid` int(11) NOT NULL AUTO_INCREMENT,
  `type` int(11) NOT NULL,
  `description` text DEFAULT NULL,
  `parameters` text DEFAULT NULL,
  `fk_variable` int(11) NOT NULL,
  `update_interval` int(11) DEFAULT 0,
  `next_update` int(11) DEFAULT 0,
  `last_status` text DEFAULT NULL,
  PRIMARY KEY (`rowid`)
) ENGINE=InnoDB DEFAULT CHARSET=utf8mb4 COLLATE=utf8mb4_general_ci;

--
-- Dumping data for table `llx_c_price_global_variable_updater`
--


--
-- Table structure for table `llx_c_product_nature`
--

CREATE TABLE `llx_c_product_nature` (
  `rowid` int(11) NOT NULL AUTO_INCREMENT,
  `code` tinyint(4) NOT NULL,
  `label` varchar(128) DEFAULT NULL,
  `active` tinyint(4) NOT NULL DEFAULT 1,
  PRIMARY KEY (`rowid`),
  UNIQUE KEY `uk_c_product_nature` (`code`)
) ENGINE=InnoDB AUTO_INCREMENT=4 DEFAULT CHARSET=utf8mb4 COLLATE=utf8mb4_general_ci;

--
-- Dumping data for table `llx_c_product_nature`
--

INSERT INTO `llx_c_product_nature` VALUES (1,0,'RowMaterial',1),(2,1,'Finished',1),(3,2,'Ecommerce',1);

--
-- Table structure for table `llx_c_productbatch_qcstatus`
--

CREATE TABLE `llx_c_productbatch_qcstatus` (
  `rowid` int(11) NOT NULL AUTO_INCREMENT,
  `entity` int(11) NOT NULL DEFAULT 1,
  `code` varchar(16) NOT NULL,
  `label` varchar(128) NOT NULL,
  `active` int(11) NOT NULL DEFAULT 1,
  PRIMARY KEY (`rowid`),
  UNIQUE KEY `uk_c_productbatch_qcstatus` (`code`,`entity`)
) ENGINE=InnoDB AUTO_INCREMENT=3 DEFAULT CHARSET=utf8mb4 COLLATE=utf8mb4_general_ci;

--
-- Dumping data for table `llx_c_productbatch_qcstatus`
--

INSERT INTO `llx_c_productbatch_qcstatus` VALUES (1,1,'OK','InWorkingOrder',1),(2,1,'KO','OutOfOrder',1);

--
-- Table structure for table `llx_c_propalst`
--

CREATE TABLE `llx_c_propalst` (
  `id` smallint(6) NOT NULL,
  `code` varchar(12) NOT NULL,
  `label` varchar(128) DEFAULT NULL,
  `active` tinyint(4) NOT NULL DEFAULT 1,
  PRIMARY KEY (`id`),
  UNIQUE KEY `uk_c_propalst` (`code`)
) ENGINE=InnoDB DEFAULT CHARSET=utf8mb4 COLLATE=utf8mb4_general_ci;

--
-- Dumping data for table `llx_c_propalst`
--

INSERT INTO `llx_c_propalst` VALUES (0,'PR_DRAFT','Brouillon',1),(1,'PR_OPEN','Ouverte',1),(2,'PR_SIGNED','Signée',1),(3,'PR_NOTSIGNED','Non Signée',1),(4,'PR_FAC','Facturée',1);

--
-- Table structure for table `llx_c_prospectcontactlevel`
--

CREATE TABLE `llx_c_prospectcontactlevel` (
  `code` varchar(12) NOT NULL,
  `label` varchar(128) DEFAULT NULL,
  `sortorder` smallint(6) DEFAULT NULL,
  `active` smallint(6) NOT NULL DEFAULT 1,
  `module` varchar(32) DEFAULT NULL,
  PRIMARY KEY (`code`)
) ENGINE=InnoDB DEFAULT CHARSET=utf8mb4 COLLATE=utf8mb4_general_ci;

--
-- Dumping data for table `llx_c_prospectcontactlevel`
--

INSERT INTO `llx_c_prospectcontactlevel` VALUES ('PL_HIGH','High',4,1,NULL),('PL_LOW','Low',2,1,NULL),('PL_MEDIUM','Medium',3,1,NULL),('PL_NONE','None',1,1,NULL);

--
-- Table structure for table `llx_c_prospectlevel`
--

CREATE TABLE `llx_c_prospectlevel` (
  `code` varchar(12) NOT NULL,
  `label` varchar(128) DEFAULT NULL,
  `sortorder` smallint(6) DEFAULT NULL,
  `active` smallint(6) NOT NULL DEFAULT 1,
  `module` varchar(32) DEFAULT NULL,
  PRIMARY KEY (`code`)
) ENGINE=InnoDB DEFAULT CHARSET=utf8mb4 COLLATE=utf8mb4_general_ci;

--
-- Dumping data for table `llx_c_prospectlevel`
--

INSERT INTO `llx_c_prospectlevel` VALUES ('PL_HIGH','High',4,1,NULL),('PL_LOW','Low',2,1,NULL),('PL_MEDIUM','Medium',3,1,NULL),('PL_NONE','None',1,1,NULL);

--
-- Table structure for table `llx_c_recruitment_origin`
--

CREATE TABLE `llx_c_recruitment_origin` (
  `rowid` int(11) NOT NULL AUTO_INCREMENT,
  `code` varchar(32) NOT NULL,
  `label` varchar(128) NOT NULL,
  `active` tinyint(4) NOT NULL DEFAULT 1,
  PRIMARY KEY (`rowid`)
) ENGINE=InnoDB DEFAULT CHARSET=utf8mb4 COLLATE=utf8mb4_general_ci;

--
-- Dumping data for table `llx_c_recruitment_origin`
--


--
-- Table structure for table `llx_c_regions`
--

CREATE TABLE `llx_c_regions` (
  `rowid` int(11) NOT NULL AUTO_INCREMENT,
  `code_region` int(11) NOT NULL,
  `fk_pays` int(11) NOT NULL,
  `cheflieu` varchar(50) DEFAULT NULL,
  `tncc` int(11) DEFAULT NULL,
  `nom` varchar(100) DEFAULT NULL,
  `active` tinyint(4) NOT NULL DEFAULT 1,
  PRIMARY KEY (`rowid`),
  UNIQUE KEY `uk_code_region` (`code_region`),
  KEY `idx_c_regions_fk_pays` (`fk_pays`),
  CONSTRAINT `fk_c_regions_fk_pays` FOREIGN KEY (`fk_pays`) REFERENCES `llx_c_country` (`rowid`)
) ENGINE=InnoDB AUTO_INCREMENT=295 DEFAULT CHARSET=utf8mb4 COLLATE=utf8mb4_general_ci;

--
-- Dumping data for table `llx_c_regions`
--

INSERT INTO `llx_c_regions` VALUES (1,0,0,'0',0,'-',1),(2,1301,13,'',0,'Algerie',1),(3,34000,34,'AD',NULL,'Andorra',1),(4,35001,35,'AO',NULL,'Angola',1),(5,2301,23,'',0,'Norte',1),(6,2302,23,'',0,'Litoral',1),(7,2303,23,'',0,'Cuyana',1),(8,2304,23,'',0,'Central',1),(9,2305,23,'',0,'Patagonia',1),(10,2801,28,'',0,'Australia',1),(11,4101,41,'',0,'Österreich',1),(12,4601,46,'',0,'Barbados',1),(13,201,2,'',1,'Flandre',1),(14,202,2,'',2,'Wallonie',1),(15,203,2,'',3,'Bruxelles-Capitale',1),(16,5201,52,'',0,'Chuquisaca',1),(17,5202,52,'',0,'La Paz',1),(18,5203,52,'',0,'Cochabamba',1),(19,5204,52,'',0,'Oruro',1),(20,5205,52,'',0,'Potosí',1),(21,5206,52,'',0,'Tarija',1),(22,5207,52,'',0,'Santa Cruz',1),(23,5208,52,'',0,'El Beni',1),(24,5209,52,'',0,'Pando',1),(25,5601,56,'',0,'Brasil',1),(26,6101,61,'',0,'Bubanza',1),(27,6102,61,'',0,'Bujumbura Mairie',1),(28,6103,61,'',0,'Bujumbura Rural',1),(29,6104,61,'',0,'Bururi',1),(30,6105,61,'',0,'Cankuzo',1),(31,6106,61,'',0,'Cibitoke',1),(32,6107,61,'',0,'Gitega',1),(33,6108,61,'',0,'Karuzi',1),(34,6109,61,'',0,'Kayanza',1),(35,6110,61,'',0,'Kirundo',1),(36,6111,61,'',0,'Makamba',1),(37,6112,61,'',0,'Muramvya',1),(38,6113,61,'',0,'Muyinga',1),(39,6114,61,'',0,'Mwaro',1),(40,6115,61,'',0,'Ngozi',1),(41,6116,61,'',0,'Rumonge',1),(42,6117,61,'',0,'Rutana',1),(43,6118,61,'',0,'Ruyigi',1),(44,1401,14,'',0,'Canada',1),(45,6701,67,NULL,NULL,'Tarapacá',1),(46,6702,67,NULL,NULL,'Antofagasta',1),(47,6703,67,NULL,NULL,'Atacama',1),(48,6704,67,NULL,NULL,'Coquimbo',1),(49,6705,67,NULL,NULL,'Valparaíso',1),(50,6706,67,NULL,NULL,'General Bernardo O Higgins',1),(51,6707,67,NULL,NULL,'Maule',1),(52,6708,67,NULL,NULL,'Biobío',1),(53,6709,67,NULL,NULL,'Raucanía',1),(54,6710,67,NULL,NULL,'Los Lagos',1),(55,6711,67,NULL,NULL,'Aysén General Carlos Ibáñez del Campo',1),(56,6712,67,NULL,NULL,'Magallanes y Antártica Chilena',1),(57,6713,67,NULL,NULL,'Metropolitana de Santiago',1),(58,6714,67,NULL,NULL,'Los Ríos',1),(59,6715,67,NULL,NULL,'Arica y Parinacota',1),(60,901,9,'京',0,'北京市',1),(61,902,9,'津',0,'天津市',1),(62,903,9,'沪',0,'上海市',1),(63,904,9,'渝',0,'重庆市',1),(64,905,9,'冀',0,'河北省',1),(65,906,9,'晋',0,'山西省',1),(66,907,9,'辽',0,'辽宁省',1),(67,908,9,'吉',0,'吉林省',1),(68,909,9,'黑',0,'黑龙江省',1),(69,910,9,'苏',0,'江苏省',1),(70,911,9,'浙',0,'浙江省',1),(71,912,9,'皖',0,'安徽省',1),(72,913,9,'闽',0,'福建省',1),(73,914,9,'赣',0,'江西省',1),(74,915,9,'鲁',0,'山东省',1),(75,916,9,'豫',0,'河南省',1),(76,917,9,'鄂',0,'湖北省',1),(77,918,9,'湘',0,'湖南省',1),(78,919,9,'粤',0,'广东省',1),(79,920,9,'琼',0,'海南省',1),(80,921,9,'川',0,'四川省',1),(81,922,9,'贵',0,'贵州省',1),(82,923,9,'云',0,'云南省',1),(83,924,9,'陕',0,'陕西省',1),(84,925,9,'甘',0,'甘肃省',1),(85,926,9,'青',0,'青海省',1),(86,927,9,'台',0,'台湾省',1),(87,928,9,'蒙',0,'内蒙古自治区',1),(88,929,9,'桂',0,'广西壮族自治区',1),(89,930,9,'藏',0,'西藏自治区',1),(90,931,9,'宁',0,'宁夏回族自治区',1),(91,932,9,'新',0,'新疆维吾尔自治区',1),(92,933,9,'港',0,'香港特别行政区',1),(93,934,9,'澳',0,'澳门特别行政区',1),(94,7001,70,'',0,'Colombie',1),(95,7601,76,'',0,'Središnja',1),(96,7602,76,'',0,'Dalmacija',1),(97,7603,76,'',0,'Slavonija',1),(98,7604,76,'',0,'Istra',1),(99,8001,80,'',0,'Nordjylland',1),(100,8002,80,'',0,'Midtjylland',1),(101,8003,80,'',0,'Syddanmark',1),(102,8004,80,'',0,'Hovedstaden',1),(103,8005,80,'',0,'Sjælland',1),(104,1,1,'97105',3,'Guadeloupe',1),(105,2,1,'97209',3,'Martinique',1),(106,3,1,'97302',3,'Guyane',1),(107,4,1,'97411',3,'Réunion',1),(108,6,1,'97601',3,'Mayotte',1),(109,11,1,'75056',1,'Île-de-France',1),(110,24,1,'45234',2,'Centre-Val de Loire',1),(111,27,1,'21231',0,'Bourgogne-Franche-Comté',1),(112,28,1,'76540',0,'Normandie',1),(113,32,1,'59350',4,'Hauts-de-France',1),(114,44,1,'67482',2,'Grand Est',1),(115,52,1,'44109',4,'Pays de la Loire',1),(116,53,1,'35238',0,'Bretagne',1),(117,75,1,'33063',0,'Nouvelle-Aquitaine',1),(118,76,1,'31355',1,'Occitanie',1),(119,84,1,'69123',1,'Auvergne-Rhône-Alpes',1),(120,93,1,'13055',0,'Provence-Alpes-Côte d\'Azur',1),(121,94,1,'2A004',0,'Corse',1),(122,501,5,'',0,'Deutschland',1),(123,10201,102,NULL,NULL,'Αττική',1),(124,10202,102,NULL,NULL,'Στερεά Ελλάδα',1),(125,10203,102,NULL,NULL,'Κεντρική Μακεδονία',1),(126,10204,102,NULL,NULL,'Κρήτη',1),(127,10205,102,NULL,NULL,'Ανατολική Μακεδονία και Θράκη',1),(128,10206,102,NULL,NULL,'Ήπειρος',1),(129,10207,102,NULL,NULL,'Ιόνια νησιά',1),(130,10208,102,NULL,NULL,'Βόρειο Αιγαίο',1),(131,10209,102,NULL,NULL,'Πελοπόννησος',1),(132,10210,102,NULL,NULL,'Νότιο Αιγαίο',1),(133,10211,102,NULL,NULL,'Δυτική Ελλάδα',1),(134,10212,102,NULL,NULL,'Θεσσαλία',1),(135,10213,102,NULL,NULL,'Δυτική Μακεδονία',1),(136,11401,114,'',0,'Honduras',1),(137,180100,18,'HU1',NULL,'Közép-Magyarország',1),(138,182100,18,'HU21',NULL,'Közép-Dunántúl',1),(139,182200,18,'HU22',NULL,'Nyugat-Dunántúl',1),(140,182300,18,'HU23',NULL,'Dél-Dunántúl',1),(141,183100,18,'HU31',NULL,'Észak-Magyarország',1),(142,183200,18,'HU32',NULL,'Észak-Alföld',1),(143,183300,18,'HU33',NULL,'Dél-Alföld',1),(144,11701,117,'',0,'India',1),(145,11801,118,'',0,'Indonesia',1),(146,301,3,NULL,1,'Abruzzo',1),(147,302,3,NULL,1,'Basilicata',1),(148,303,3,NULL,1,'Calabria',1),(149,304,3,NULL,1,'Campania',1),(150,305,3,NULL,1,'Emilia-Romagna',1),(151,306,3,NULL,1,'Friuli-Venezia Giulia',1),(152,307,3,NULL,1,'Lazio',1),(153,308,3,NULL,1,'Liguria',1),(154,309,3,NULL,1,'Lombardia',1),(155,310,3,NULL,1,'Marche',1),(156,311,3,NULL,1,'Molise',1),(157,312,3,NULL,1,'Piemonte',1),(158,313,3,NULL,1,'Puglia',1),(159,314,3,NULL,1,'Sardegna',1),(160,315,3,NULL,1,'Sicilia',1),(161,316,3,NULL,1,'Toscana',1),(162,317,3,NULL,1,'Trentino-Alto Adige',1),(163,318,3,NULL,1,'Umbria',1),(164,319,3,NULL,1,'Valle d Aosta',1),(165,320,3,NULL,1,'Veneto',1),(166,14001,140,'',0,'Diekirch',1),(167,14002,140,'',0,'Grevenmacher',1),(168,14003,140,'',0,'Luxembourg',1),(169,15201,152,'',0,'Rivière Noire',1),(170,15202,152,'',0,'Flacq',1),(171,15203,152,'',0,'Grand Port',1),(172,15204,152,'',0,'Moka',1),(173,15205,152,'',0,'Pamplemousses',1),(174,15206,152,'',0,'Plaines Wilhems',1),(175,15207,152,'',0,'Port-Louis',1),(176,15208,152,'',0,'Rivière du Rempart',1),(177,15209,152,'',0,'Savanne',1),(178,15210,152,'',0,'Rodrigues',1),(179,15211,152,'',0,'Les îles Agaléga',1),(180,15212,152,'',0,'Les écueils des Cargados Carajos',1),(181,15401,154,'',0,'Mexique',1),(182,1201,12,'',0,'Tanger-Tétouan',1),(183,1202,12,'',0,'Gharb-Chrarda-Beni Hssen',1),(184,1203,12,'',0,'Taza-Al Hoceima-Taounate',1),(185,1204,12,'',0,'L\'Oriental',1),(186,1205,12,'',0,'Fès-Boulemane',1),(187,1206,12,'',0,'Meknès-Tafialet',1),(188,1207,12,'',0,'Rabat-Salé-Zemour-Zaër',1),(189,1208,12,'',0,'Grand Cassablanca',1),(190,1209,12,'',0,'Chaouia-Ouardigha',1),(191,1210,12,'',0,'Doukahla-Adba',1),(192,1211,12,'',0,'Marrakech-Tensift-Al Haouz',1),(193,1212,12,'',0,'Tadla-Azilal',1),(194,1213,12,'',0,'Sous-Massa-Drâa',1),(195,1214,12,'',0,'Guelmim-Es Smara',1),(196,1215,12,'',0,'Laâyoune-Boujdour-Sakia el Hamra',1),(197,1216,12,'',0,'Oued Ed-Dahab Lagouira',1),(198,1701,17,'',0,'Provincies van Nederland ',1),(199,17801,178,'',0,'Panama',1),(200,18101,181,'',0,'Amazonas',1),(201,18102,181,'',0,'Ancash',1),(202,18103,181,'',0,'Apurimac',1),(203,18104,181,'',0,'Arequipa',1),(204,18105,181,'',0,'Ayacucho',1),(205,18106,181,'',0,'Cajamarca',1),(206,18107,181,'',0,'Callao',1),(207,18108,181,'',0,'Cuzco',1),(208,18109,181,'',0,'Huancavelica',1),(209,18110,181,'',0,'Huanuco',1),(210,18111,181,'',0,'Ica',1),(211,18112,181,'',0,'Junin',1),(212,18113,181,'',0,'La Libertad',1),(213,18114,181,'',0,'Lambayeque',1),(214,18115,181,'',0,'Lima Metropolitana',1),(215,18116,181,'',0,'Lima',1),(216,18117,181,'',0,'Loreto',1),(217,18118,181,'',0,'Madre de Dios',1),(218,18119,181,'',0,'Moquegua',1),(219,18120,181,'',0,'Pasco',1),(220,18121,181,'',0,'Piura',1),(221,18122,181,'',0,'Puno',1),(222,18123,181,'',0,'San Martín',1),(223,18124,181,'',0,'Tacna',1),(224,18125,181,'',0,'Tumbes',1),(225,18126,181,'',0,'Ucayali',1),(226,15001,25,'PT',NULL,'Portugal',1),(227,15002,25,'PT9',NULL,'Azores-Madeira',1),(228,18801,188,'',0,'Romania',1),(229,8601,86,NULL,NULL,'Central',1),(230,8602,86,NULL,NULL,'Oriental',1),(231,8603,86,NULL,NULL,'Occidental',1),(232,20203,202,'SI03',NULL,'East Slovenia',1),(233,20204,202,'SI04',NULL,'West Slovenia',1),(234,401,4,'',0,'Andalucia',1),(235,402,4,'',0,'Aragón',1),(236,403,4,'',0,'Castilla y León',1),(237,404,4,'',0,'Castilla la Mancha',1),(238,405,4,'',0,'Canarias',1),(239,406,4,'',0,'Cataluña',1),(240,407,4,'',0,'Comunidad de Ceuta',1),(241,408,4,'',0,'Comunidad Foral de Navarra',1),(242,409,4,'',0,'Comunidad de Melilla',1),(243,410,4,'',0,'Cantabria',1),(244,411,4,'',0,'Comunidad Valenciana',1),(245,412,4,'',0,'Extemadura',1),(246,413,4,'',0,'Galicia',1),(247,414,4,'',0,'Islas Baleares',1),(248,415,4,'',0,'La Rioja',1),(249,416,4,'',0,'Comunidad de Madrid',1),(250,417,4,'',0,'Región de Murcia',1),(251,418,4,'',0,'Principado de Asturias',1),(252,419,4,'',0,'Pais Vasco',1),(253,420,4,'',0,'Otros',1),(254,601,6,'',1,'Cantons',1),(255,21301,213,'TW',NULL,'Taiwan',1),(256,1001,10,'',0,'Ariana',1),(257,1002,10,'',0,'Béja',1),(258,1003,10,'',0,'Ben Arous',1),(259,1004,10,'',0,'Bizerte',1),(260,1005,10,'',0,'Gabès',1),(261,1006,10,'',0,'Gafsa',1),(262,1007,10,'',0,'Jendouba',1),(263,1008,10,'',0,'Kairouan',1),(264,1009,10,'',0,'Kasserine',1),(265,1010,10,'',0,'Kébili',1),(266,1011,10,'',0,'La Manouba',1),(267,1012,10,'',0,'Le Kef',1),(268,1013,10,'',0,'Mahdia',1),(269,1014,10,'',0,'Médenine',1),(270,1015,10,'',0,'Monastir',1),(271,1016,10,'',0,'Nabeul',1),(272,1017,10,'',0,'Sfax',1),(273,1018,10,'',0,'Sidi Bouzid',1),(274,1019,10,'',0,'Siliana',1),(275,1020,10,'',0,'Sousse',1),(276,1021,10,'',0,'Tataouine',1),(277,1022,10,'',0,'Tozeur',1),(278,1023,10,'',0,'Tunis',1),(279,1024,10,'',0,'Zaghouan',1),(280,22701,227,'',0,'United Arab Emirates',1),(281,701,7,'',0,'England',1),(282,702,7,'',0,'Wales',1),(283,703,7,'',0,'Scotland',1),(284,704,7,'',0,'Northern Ireland',1),(285,1101,11,'',0,'United-States',1),(286,23201,232,'',0,'Los Andes',1),(287,23202,232,'',0,'Capital',1),(288,23203,232,'',0,'Central',1),(289,23204,232,'',0,'Cento Occidental',1),(290,23205,232,'',0,'Guayana',1),(291,23206,232,'',0,'Insular',1),(292,23207,232,'',0,'Los Llanos',1),(293,23208,232,'',0,'Nor-Oriental',1),(294,23209,232,'',0,'Zuliana',1);

--
-- Table structure for table `llx_c_revenuestamp`
--

CREATE TABLE `llx_c_revenuestamp` (
  `rowid` int(11) NOT NULL AUTO_INCREMENT,
  `fk_pays` int(11) NOT NULL,
  `taux` double NOT NULL,
  `revenuestamp_type` varchar(16) NOT NULL DEFAULT 'fixed',
  `note` varchar(128) DEFAULT NULL,
  `active` tinyint(4) NOT NULL DEFAULT 1,
  `accountancy_code_sell` varchar(32) DEFAULT NULL,
  `accountancy_code_buy` varchar(32) DEFAULT NULL,
  PRIMARY KEY (`rowid`)
) ENGINE=InnoDB AUTO_INCREMENT=1543 DEFAULT CHARSET=utf8mb4 COLLATE=utf8mb4_general_ci;

--
-- Dumping data for table `llx_c_revenuestamp`
--

INSERT INTO `llx_c_revenuestamp` VALUES (101,10,0.4,'fixed','Revenue stamp tunisia',1,NULL,NULL),(1541,154,1.5,'percent','Revenue stamp mexico',1,NULL,NULL),(1542,154,3,'percent','Revenue stamp mexico',1,NULL,NULL);

--
-- Table structure for table `llx_c_shipment_mode`
--

CREATE TABLE `llx_c_shipment_mode` (
  `rowid` int(11) NOT NULL AUTO_INCREMENT,
  `entity` int(11) NOT NULL DEFAULT 1,
  `tms` timestamp NOT NULL DEFAULT current_timestamp() ON UPDATE current_timestamp(),
  `code` varchar(30) NOT NULL,
  `libelle` varchar(128) NOT NULL,
  `description` text DEFAULT NULL,
  `tracking` varchar(255) DEFAULT NULL,
  `active` tinyint(4) DEFAULT 0,
  `module` varchar(32) DEFAULT NULL,
  PRIMARY KEY (`rowid`),
  UNIQUE KEY `uk_c_shipment_mode` (`code`,`entity`)
) ENGINE=InnoDB AUTO_INCREMENT=15 DEFAULT CHARSET=utf8mb4 COLLATE=utf8mb4_general_ci;

--
-- Dumping data for table `llx_c_shipment_mode`
--

INSERT INTO `llx_c_shipment_mode` VALUES (1,1,'2023-02-15 20:09:31','CATCH','In-Store Collection','In-store collection by the customer','',1,NULL),(2,1,'2023-02-15 20:09:31','TRANS','Generic transport service','Generic transport service','',1,NULL),(3,1,'2023-02-15 20:09:31','COLSUI','Colissimo Suivi','Colissimo Suivi','https://www.laposte.fr/outils/suivre-vos-envois?code={TRACKID}',0,NULL),(4,1,'2023-02-15 20:09:31','LETTREMAX','Lettre Max','Courrier Suivi et Lettre Max','https://www.laposte.fr/outils/suivre-vos-envois?code={TRACKID}',0,NULL),(5,1,'2023-02-15 20:09:31','UPS','UPS','United Parcel Service','http://wwwapps.ups.com/etracking/tracking.cgi?InquiryNumber2=&InquiryNumber3=&tracknums_displayed=3&loc=fr_FR&TypeOfInquiryNumber=T&HTMLVersion=4.0&InquiryNumber22=&InquiryNumber32=&track=Track&Suivi.x=64&Suivi.y=7&Suivi=Valider&InquiryNumber1={TRACKID}',1,NULL),(6,1,'2023-02-15 20:09:31','KIALA','KIALA','Relais Kiala','http://www.kiala.fr/tnt/delivery/{TRACKID}',0,NULL),(7,1,'2023-02-15 20:09:31','GLS','GLS','General Logistics Systems','https://gls-group.eu/FR/fr/suivi-colis?match={TRACKID}',0,NULL),(8,1,'2023-02-15 20:09:31','CHRONO','Chronopost','Chronopost','http://www.chronopost.fr/expedier/inputLTNumbersNoJahia.do?listeNumeros={TRACKID}',0,NULL),(9,1,'2023-02-15 20:09:31','INPERSON','In person at your site',NULL,NULL,0,NULL),(10,1,'2023-02-15 20:09:31','FEDEX','Fedex',NULL,'https://www.fedex.com/apps/fedextrack/index.html?tracknumbers={TRACKID}',0,NULL),(11,1,'2023-02-15 20:09:31','TNT','TNT',NULL,'https://www.tnt.com/express/fr_fr/site/outils-expedition/suivi.html?searchType=con&cons=={TRACKID}',0,NULL),(12,1,'2023-02-15 20:09:31','DHL','DHL',NULL,'https://www.dhl.com/fr-fr/home/tracking/tracking-global-forwarding.html?submit=1&tracking-id={TRACKID}',0,NULL),(13,1,'2023-02-15 20:09:31','DPD','DPD',NULL,'https://www.dpd.fr/trace/{TRACKID}',0,NULL),(14,1,'2023-02-15 20:09:31','MAINFREIGHT','Mainfreight',NULL,'https://www.mainfreight.com/track?{TRACKID}',0,NULL);

--
-- Table structure for table `llx_c_shipment_package_type`
--

CREATE TABLE `llx_c_shipment_package_type` (
  `rowid` int(11) NOT NULL AUTO_INCREMENT,
  `label` varchar(128) NOT NULL,
  `description` varchar(255) DEFAULT NULL,
  `active` int(11) NOT NULL DEFAULT 1,
  `entity` int(11) NOT NULL DEFAULT 1,
  PRIMARY KEY (`rowid`)
) ENGINE=InnoDB DEFAULT CHARSET=utf8mb4 COLLATE=utf8mb4_general_ci;

--
-- Dumping data for table `llx_c_shipment_package_type`
--


--
-- Table structure for table `llx_c_socialnetworks`
--

CREATE TABLE `llx_c_socialnetworks` (
  `rowid` int(11) NOT NULL AUTO_INCREMENT,
  `entity` int(11) NOT NULL DEFAULT 1,
  `code` varchar(100) DEFAULT NULL,
  `label` varchar(150) DEFAULT NULL,
  `url` text DEFAULT NULL,
  `icon` varchar(20) DEFAULT NULL,
  `active` tinyint(4) NOT NULL DEFAULT 1,
  PRIMARY KEY (`rowid`),
  UNIQUE KEY `idx_c_socialnetworks_code_entity` (`entity`,`code`)
) ENGINE=InnoDB AUTO_INCREMENT=34 DEFAULT CHARSET=utf8mb4 COLLATE=utf8mb4_general_ci;

--
-- Dumping data for table `llx_c_socialnetworks`
--

INSERT INTO `llx_c_socialnetworks` VALUES (1,1,'500px','500px','{socialid}','fa-500px',0),(2,1,'dailymotion','Dailymotion','{socialid}','',0),(3,1,'diaspora','Diaspora','{socialid}','',0),(4,1,'discord','Discord','{socialid}','fa-discord',0),(5,1,'facebook','Facebook','https://www.facebook.com/{socialid}','fa-facebook',1),(6,1,'flickr','Flickr','{socialid}','fa-flickr',0),(7,1,'gifycat','Gificat','{socialid}','',0),(8,1,'giphy','Giphy','{socialid}','',0),(9,1,'github','GitHub','https://www.github.com/{socialid}','',0),(10,1,'googleplus','GooglePlus','https://www.googleplus.com/{socialid}','fa-google-plus',0),(11,1,'instagram','Instagram','https://www.instagram.com/{socialid}','fa-instagram',1),(12,1,'linkedin','LinkedIn','https://www.linkedin.com/{socialid}','fa-linkedin',1),(13,1,'mastodon','Mastodon','{socialid}','',0),(14,1,'meetup','Meetup','{socialid}','fa-meetup',0),(15,1,'periscope','Periscope','{socialid}','',0),(16,1,'pinterest','Pinterest','{socialid}','fa-pinterest',0),(17,1,'quora','Quora','{socialid}','',0),(18,1,'reddit','Reddit','{socialid}','fa-reddit',0),(19,1,'slack','Slack','{socialid}','fa-slack',0),(20,1,'snapchat','Snapchat','{socialid}','fa-snapchat',1),(21,1,'skype','Skype','https://www.skype.com/{socialid}','fa-skype',1),(22,1,'tripadvisor','Tripadvisor','{socialid}','',0),(23,1,'tumblr','Tumblr','https://www.tumblr.com/{socialid}','fa-tumblr',0),(24,1,'twitch','Twitch','{socialid}','',0),(25,1,'twitter','Twitter','https://www.twitter.com/{socialid}','fa-twitter',1),(26,1,'vero','Vero','https://vero.co/{socialid}','',0),(27,1,'viadeo','Viadeo','https://fr.viadeo.com/fr/{socialid}','fa-viadeo',0),(28,1,'viber','Viber','{socialid}','',0),(29,1,'vimeo','Vimeo','{socialid}','',0),(30,1,'whatsapp','Whatsapp','{socialid}','fa-whatsapp',1),(31,1,'wikipedia','Wikipedia','{socialid}','',0),(32,1,'xing','Xing','{socialid}','fa-xing',0),(33,1,'youtube','Youtube','https://www.youtube.com/{socialid}','fa-youtube',1);

--
-- Table structure for table `llx_c_stcomm`
--

CREATE TABLE `llx_c_stcomm` (
  `id` int(11) NOT NULL,
  `code` varchar(24) NOT NULL,
  `libelle` varchar(128) DEFAULT NULL,
  `picto` varchar(128) DEFAULT NULL,
  `active` tinyint(4) NOT NULL DEFAULT 1,
  PRIMARY KEY (`id`),
  UNIQUE KEY `uk_c_stcomm` (`code`)
) ENGINE=InnoDB DEFAULT CHARSET=utf8mb4 COLLATE=utf8mb4_general_ci;

--
-- Dumping data for table `llx_c_stcomm`
--

INSERT INTO `llx_c_stcomm` VALUES (-1,'ST_NO','Do not contact',NULL,1),(0,'ST_NEVER','Never contacted',NULL,1),(1,'ST_TODO','To contact',NULL,1),(2,'ST_PEND','Contact in progress',NULL,1),(3,'ST_DONE','Contacted',NULL,1);

--
-- Table structure for table `llx_c_stcommcontact`
--

CREATE TABLE `llx_c_stcommcontact` (
  `id` int(11) NOT NULL,
  `code` varchar(12) NOT NULL,
  `libelle` varchar(128) DEFAULT NULL,
  `picto` varchar(128) DEFAULT NULL,
  `active` tinyint(4) NOT NULL DEFAULT 1,
  PRIMARY KEY (`id`),
  UNIQUE KEY `uk_c_stcommcontact` (`code`)
) ENGINE=InnoDB DEFAULT CHARSET=utf8mb4 COLLATE=utf8mb4_general_ci;

--
-- Dumping data for table `llx_c_stcommcontact`
--

INSERT INTO `llx_c_stcommcontact` VALUES (-1,'ST_NO','Do not contact',NULL,1),(0,'ST_NEVER','Never contacted',NULL,1),(1,'ST_TODO','To contact',NULL,1),(2,'ST_PEND','Contact in progress',NULL,1),(3,'ST_DONE','Contacted',NULL,1);

--
-- Table structure for table `llx_c_ticket_category`
--

CREATE TABLE `llx_c_ticket_category` (
  `rowid` int(11) NOT NULL AUTO_INCREMENT,
  `entity` int(11) DEFAULT 1,
  `code` varchar(32) NOT NULL,
  `label` varchar(128) NOT NULL,
  `public` int(11) DEFAULT 0,
  `use_default` int(11) DEFAULT 1,
  `fk_parent` int(11) NOT NULL DEFAULT 0,
  `force_severity` varchar(32) DEFAULT NULL,
  `description` varchar(255) DEFAULT NULL,
  `pos` int(11) NOT NULL DEFAULT 0,
  `active` int(11) DEFAULT 1,
  PRIMARY KEY (`rowid`),
  UNIQUE KEY `uk_code` (`code`,`entity`)
) ENGINE=InnoDB AUTO_INCREMENT=2 DEFAULT CHARSET=utf8mb4 COLLATE=utf8mb4_general_ci;

--
-- Dumping data for table `llx_c_ticket_category`
--

INSERT INTO `llx_c_ticket_category` VALUES (1,1,'OTHER','Other',0,1,0,NULL,NULL,10,1);

--
-- Table structure for table `llx_c_ticket_resolution`
--

CREATE TABLE `llx_c_ticket_resolution` (
  `rowid` int(11) NOT NULL AUTO_INCREMENT,
  `entity` int(11) DEFAULT 1,
  `code` varchar(32) NOT NULL,
  `pos` varchar(32) NOT NULL,
  `label` varchar(128) NOT NULL,
  `active` int(11) DEFAULT 1,
  `use_default` int(11) DEFAULT 1,
  `description` varchar(255) DEFAULT NULL,
  PRIMARY KEY (`rowid`),
  UNIQUE KEY `uk_code` (`code`,`entity`)
) ENGINE=InnoDB AUTO_INCREMENT=4 DEFAULT CHARSET=utf8mb4 COLLATE=utf8mb4_general_ci;

--
-- Dumping data for table `llx_c_ticket_resolution`
--

INSERT INTO `llx_c_ticket_resolution` VALUES (1,1,'SOLVED','10','Solved',1,0,NULL),(2,1,'CANCELED','50','Canceled',1,0,NULL),(3,1,'OTHER','90','Other',1,0,NULL);

--
-- Table structure for table `llx_c_ticket_severity`
--

CREATE TABLE `llx_c_ticket_severity` (
  `rowid` int(11) NOT NULL AUTO_INCREMENT,
  `entity` int(11) DEFAULT 1,
  `code` varchar(32) NOT NULL,
  `pos` varchar(32) NOT NULL,
  `label` varchar(128) NOT NULL,
  `color` varchar(10) DEFAULT NULL,
  `active` int(11) DEFAULT 1,
  `use_default` int(11) DEFAULT 1,
  `description` varchar(255) DEFAULT NULL,
  PRIMARY KEY (`rowid`),
  UNIQUE KEY `uk_code` (`code`,`entity`)
) ENGINE=InnoDB AUTO_INCREMENT=5 DEFAULT CHARSET=utf8mb4 COLLATE=utf8mb4_general_ci;

--
-- Dumping data for table `llx_c_ticket_severity`
--

INSERT INTO `llx_c_ticket_severity` VALUES (1,1,'LOW','10','Low','',1,0,NULL),(2,1,'NORMAL','20','Normal','',1,1,NULL),(3,1,'HIGH','30','High','',1,0,NULL),(4,1,'BLOCKING','40','Critical / blocking','',1,0,NULL);

--
-- Table structure for table `llx_c_ticket_type`
--

CREATE TABLE `llx_c_ticket_type` (
  `rowid` int(11) NOT NULL AUTO_INCREMENT,
  `entity` int(11) DEFAULT 1,
  `code` varchar(32) NOT NULL,
  `pos` varchar(32) NOT NULL,
  `label` varchar(128) NOT NULL,
  `active` int(11) DEFAULT 1,
  `use_default` int(11) DEFAULT 1,
  `description` varchar(255) DEFAULT NULL,
  PRIMARY KEY (`rowid`),
  UNIQUE KEY `uk_code` (`code`,`entity`)
) ENGINE=InnoDB AUTO_INCREMENT=8 DEFAULT CHARSET=utf8mb4 COLLATE=utf8mb4_general_ci;

--
-- Dumping data for table `llx_c_ticket_type`
--

INSERT INTO `llx_c_ticket_type` VALUES (1,1,'COM','10','Commercial question',1,0,NULL),(2,1,'HELP','15','Request for functionnal help',1,0,NULL),(3,1,'ISSUE','20','Issue or bug',1,0,NULL),(4,1,'PROBLEM','22','Problem',0,0,NULL),(5,1,'REQUEST','25','Change or enhancement request',1,0,NULL),(6,1,'PROJECT','30','Project',0,0,NULL),(7,1,'OTHER','40','Other',1,1,NULL);

--
-- Table structure for table `llx_c_transport_mode`
--

CREATE TABLE `llx_c_transport_mode` (
  `rowid` int(11) NOT NULL AUTO_INCREMENT,
  `entity` int(11) NOT NULL DEFAULT 1,
  `code` varchar(3) NOT NULL,
  `label` varchar(255) NOT NULL,
  `active` tinyint(4) NOT NULL DEFAULT 1,
  PRIMARY KEY (`rowid`),
  UNIQUE KEY `uk_c_transport_mode` (`code`,`entity`)
) ENGINE=InnoDB AUTO_INCREMENT=9 DEFAULT CHARSET=utf8mb4 COLLATE=utf8mb4_general_ci;

--
-- Dumping data for table `llx_c_transport_mode`
--

INSERT INTO `llx_c_transport_mode` VALUES (1,1,'MAR','Transport maritime (y compris camions ou wagons sur bateau)',1),(2,1,'TRA','Transport par chemin de fer (y compris camions sur wagon)',1),(3,1,'ROU','Transport par route',1),(4,1,'AIR','Transport par air',1),(5,1,'POS','Envois postaux',1),(6,1,'OLE','Installations de transport fixe (oléoduc)',1),(7,1,'NAV','Transport par navigation intérieure',1),(8,1,'PRO','Propulsion propre',1);

--
-- Table structure for table `llx_c_tva`
--

CREATE TABLE `llx_c_tva` (
  `rowid` int(11) NOT NULL AUTO_INCREMENT,
  `fk_pays` int(11) NOT NULL,
  `code` varchar(10) DEFAULT '',
  `taux` double NOT NULL,
  `localtax1` varchar(20) NOT NULL DEFAULT '0',
  `localtax1_type` varchar(10) NOT NULL DEFAULT '0',
  `localtax2` varchar(20) NOT NULL DEFAULT '0',
  `localtax2_type` varchar(10) NOT NULL DEFAULT '0',
  `recuperableonly` int(11) NOT NULL DEFAULT 0,
  `note` varchar(128) DEFAULT NULL,
  `active` tinyint(4) NOT NULL DEFAULT 1,
  `accountancy_code_sell` varchar(32) DEFAULT NULL,
  `accountancy_code_buy` varchar(32) DEFAULT NULL,
  PRIMARY KEY (`rowid`),
  UNIQUE KEY `uk_c_tva_id` (`fk_pays`,`code`,`taux`,`recuperableonly`)
) ENGINE=InnoDB AUTO_INCREMENT=2462 DEFAULT CHARSET=utf8mb4 COLLATE=utf8mb4_general_ci;

--
-- Dumping data for table `llx_c_tva`
--

INSERT INTO `llx_c_tva` VALUES (11,1,'',0,'0','0','0','0',0,'VAT rate 0 ou non applicable',1,NULL,NULL),(12,1,'',20,'0','0','0','0',0,'VAT rate - standard (France hors DOM-TOM)',1,NULL,NULL),(13,1,'',10,'0','0','0','0',0,'VAT rate - reduced',1,NULL,NULL),(14,1,'',5.5,'0','0','0','0',0,'VAT rate - reduced (France hors DOM-TOM)',1,NULL,NULL),(15,1,'',2.1,'0','0','0','0',0,'VAT rate - super-reduced',1,NULL,NULL),(16,1,'85',8.5,'0','0','0','0',0,'VAT rate - standard (DOM sauf Guyane et Saint-Martin)',0,NULL,NULL),(17,1,'85NPR',8.5,'0','0','0','0',1,'VAT rate - standard (DOM sauf Guyane et Saint-Martin), non perçu par le vendeur mais récupérable par acheteur',0,NULL,NULL),(18,1,'85NPROM',8.5,'2','3','0','0',1,'VAT rate - standard (DOM sauf Guyane et Saint-Martin), NPR, Octroi de Mer',0,NULL,NULL),(19,1,'85NPROMOMR',8.5,'2','3','2.5','3',1,'VAT rate - standard (DOM sauf Guyane et Saint-Martin), NPR, Octroi de Mer et Octroi de Mer Regional',0,NULL,NULL),(21,2,'',0,'0','0','0','0',0,'VAT rate 0 ou non applicable',1,NULL,NULL),(22,2,'',6,'0','0','0','0',0,'VAT rate - reduced',1,NULL,NULL),(23,2,'',21,'0','0','0','0',0,'VAT rate - standard',1,NULL,NULL),(24,2,'',12,'0','0','0','0',0,'VAT rate - reduced',1,NULL,NULL),(31,3,'',0,'0','0','0','0',0,'VAT rate 0',1,NULL,NULL),(32,3,'',10,'0','0','0','0',0,'VAT rate - reduced',1,NULL,NULL),(33,3,'',4,'0','0','0','0',0,'VAT rate - super-reduced',1,NULL,NULL),(34,3,'',22,'0','0','0','0',0,'VAT rate - standard',1,NULL,NULL),(41,4,'',0,'0','3','-19:-15:-9','5',0,'VAT rate 0',1,NULL,NULL),(42,4,'',10,'1.4','3','-19:-15:-9','5',0,'VAT rate - reduced',1,NULL,NULL),(43,4,'',4,'0.5','3','-19:-15:-9','5',0,'VAT rate - super-reduced',1,NULL,NULL),(44,4,'',21,'5.2','3','-19:-15:-9','5',0,'VAT rate - standard',1,NULL,NULL),(51,5,'',0,'0','0','0','0',0,'No VAT',1,NULL,NULL),(52,5,'',7,'0','0','0','0',0,'ermäßigte USt.',1,NULL,NULL),(54,5,'',5.5,'0','0','0','0',0,'USt. Forst',0,NULL,NULL),(55,5,'',10.7,'0','0','0','0',0,'USt. Landwirtschaft',0,NULL,NULL),(56,5,'',19,'0','0','0','0',0,'allgemeine Ust.',1,NULL,NULL),(61,6,'',0,'0','0','0','0',0,'VAT rate 0',1,NULL,NULL),(62,6,'',3.7,'0','0','0','0',0,'VAT rate - reduced',1,NULL,NULL),(63,6,'',2.5,'0','0','0','0',0,'VAT rate - super-reduced',1,NULL,NULL),(64,6,'',7.7,'0','0','0','0',0,'VAT rate - standard',1,NULL,NULL),(71,7,'',0,'0','0','0','0',0,'VAT rate 0',1,NULL,NULL),(72,7,'',17.5,'0','0','0','0',0,'VAT rate - standard before 2011',1,NULL,NULL),(73,7,'',5,'0','0','0','0',0,'VAT rate - reduced',1,NULL,NULL),(74,7,'',20,'0','0','0','0',0,'VAT rate - standard',1,NULL,NULL),(81,8,'',0,'0','0','0','0',0,'VAT rate 0',1,NULL,NULL),(82,8,'',23,'0','0','0','0',0,'VAT rate - standard',1,NULL,NULL),(83,8,'',13.5,'0','0','0','0',0,'VAT rate - reduced',1,NULL,NULL),(84,8,'',9,'0','0','0','0',0,'VAT rate - reduced',1,NULL,NULL),(85,8,'',4.8,'0','0','0','0',0,'VAT rate - reduced',1,NULL,NULL),(91,9,'',0,'0','0','0','0',0,'VAT rate 0',1,NULL,NULL),(92,9,'',13,'0','0','0','0',0,'VAT rate - reduced 0',1,NULL,NULL),(93,9,'',3,'0','0','0','0',0,'VAT rate -  super-reduced 0',1,NULL,NULL),(94,9,'',17,'0','0','0','0',0,'VAT rate - standard',1,NULL,NULL),(101,10,'',0,'0','0','0','0',0,'VAT rate 0',1,NULL,NULL),(102,10,'',12,'0','0','0','0',0,'VAT 12%',1,NULL,NULL),(103,10,'',18,'0','0','0','0',0,'VAT 18%',1,NULL,NULL),(104,10,'',7.5,'0','0','0','0',0,'VAT 6% Majoré à 25% (7.5%)',1,NULL,NULL),(105,10,'',15,'0','0','0','0',0,'VAT 12% Majoré à 25% (15%)',1,NULL,NULL),(106,10,'',22.5,'0','0','0','0',0,'VAT 18% Majoré à 25% (22.5%)',1,NULL,NULL),(107,10,'',6,'0','0','0','0',0,'VAT 6%',1,NULL,NULL),(108,10,'',18.18,'1','4','0','0',0,'VAT 18%+FODEC',1,NULL,NULL),(111,11,'',0,'0','0','0','0',0,'No Sales Tax',1,NULL,NULL),(112,11,'',4,'0','0','0','0',0,'Sales Tax 4%',1,NULL,NULL),(113,11,'',6,'0','0','0','0',0,'Sales Tax 6%',1,NULL,NULL),(121,12,'',0,'0','0','0','0',0,'VAT rate 0',1,NULL,NULL),(122,12,'',14,'0','0','0','0',0,'VAT rate - reduced',1,NULL,NULL),(123,12,'',10,'0','0','0','0',0,'VAT rate - reduced',1,NULL,NULL),(124,12,'',7,'0','0','0','0',0,'VAT rate - super-reduced',1,NULL,NULL),(125,12,'',20,'0','0','0','0',0,'VAT rate - standard',1,NULL,NULL),(131,13,'',0,'0','0','0','0',0,'TVA 0%',1,NULL,NULL),(132,13,'',9,'0','0','0','0',0,'TVA 9%',1,NULL,NULL),(133,13,'',19,'0','0','0','0',0,'TVA 19%',1,NULL,NULL),(141,14,'',0,'0','0','0','0',0,'VAT rate 0',1,NULL,NULL),(142,14,'',7,'0','0','0','0',0,'VAT rate - standard',1,NULL,NULL),(143,14,'',5,'9.975','1','0','0',0,'GST/TPS and PST/TVQ rate for Province',1,NULL,NULL),(171,17,'',0,'0','0','0','0',0,'0 BTW tarief',1,NULL,NULL),(172,17,'',6,'0','0','0','0',0,'Verlaagd BTW tarief',1,NULL,NULL),(173,17,'',19,'0','0','0','0',0,'Algemeen BTW tarief',1,NULL,NULL),(174,17,'',21,'0','0','0','0',0,'Algemeen BTW tarief (vanaf 1 oktober 2012)',0,NULL,NULL),(201,20,'',0,'0','0','0','0',0,'VAT rate 0',1,NULL,NULL),(202,20,'',12,'0','0','0','0',0,'VAT rate - reduced',1,NULL,NULL),(203,20,'',6,'0','0','0','0',0,'VAT rate - super-reduced',1,NULL,NULL),(204,20,'',25,'0','0','0','0',0,'VAT rate - standard',1,NULL,NULL),(211,21,'',0,'0','0','0','0',0,'IVA Rate 0',1,NULL,NULL),(212,21,'',18,'7.5','2','0','0',0,'IVA standard rate',1,NULL,NULL),(221,22,'',0,'0','0','0','0',0,'VAT rate 0',1,NULL,NULL),(222,22,'',10,'0','0','0','0',0,'VAT rate - reduced',1,NULL,NULL),(223,22,'',18,'0','0','0','0',0,'VAT rate - standard',1,NULL,NULL),(231,23,'',0,'0','0','0','0',0,'IVA Rate 0',1,NULL,NULL),(232,23,'',10.5,'0','0','0','0',0,'IVA reduced rate',1,NULL,NULL),(233,23,'',21,'0','0','0','0',0,'IVA standard rate',1,NULL,NULL),(241,24,'',0,'0','0','0','0',0,'VAT rate 0',1,NULL,NULL),(242,24,'',19.25,'0','0','0','0',0,'VAT rate - standard',1,NULL,NULL),(251,25,'',0,'0','0','0','0',0,'VAT rate 0',1,NULL,NULL),(252,25,'',13,'0','0','0','0',0,'VAT rate - reduced',1,NULL,NULL),(253,25,'',23,'0','0','0','0',0,'VAT rate - standard',1,NULL,NULL),(254,25,'',6,'0','0','0','0',0,'VAT rate - reduced',1,NULL,NULL),(261,26,'',0,'0','0','0','0',0,'VAT rate 0',1,NULL,NULL),(262,26,'',5,'0','0','0','0',0,'VAT rate 5',1,NULL,NULL),(271,27,'',0,'0','0','0','0',0,'VAT rate 0 ou non applicable',1,NULL,NULL),(272,27,'',8.5,'0','0','0','0',0,'VAT rate - standard (DOM sauf Guyane et Saint-Martin)',0,NULL,NULL),(273,27,'',8.5,'0','0','0','0',1,'VAT rate - standard (DOM sauf Guyane et Saint-Martin), non perçu par le vendeur mais récupérable par acheteur',0,NULL,NULL),(274,27,'',5.5,'0','0','0','0',0,'VAT rate - reduced (France hors DOM-TOM)',0,NULL,NULL),(275,27,'',19.6,'0','0','0','0',0,'VAT rate - standard (France hors DOM-TOM)',1,NULL,NULL),(276,27,'',2.1,'0','0','0','0',0,'VAT rate - super-reduced',1,NULL,NULL),(277,27,'',7,'0','0','0','0',0,'VAT rate - reduced',1,NULL,NULL),(281,28,'',0,'0','0','0','0',0,'VAT rate 0',1,NULL,NULL),(282,28,'',10,'0','0','0','0',0,'VAT rate - standard',1,NULL,NULL),(351,35,'',0,'0','0','0','0',0,'VAT rate 0',1,NULL,NULL),(352,35,'',7,'0','0','0','0',0,'VAT rate - reduced',1,NULL,NULL),(353,35,'',14,'0','0','0','0',0,'VAT rate - standard',1,NULL,NULL),(411,41,'',0,'0','0','0','0',0,'VAT rate 0',1,NULL,NULL),(412,41,'',10,'0','0','0','0',0,'VAT rate - reduced',1,NULL,NULL),(413,41,'',20,'0','0','0','0',0,'VAT rate - standard',1,NULL,NULL),(461,46,'',0,'0','0','0','0',0,'No VAT',1,NULL,NULL),(462,46,'',15,'0','0','0','0',0,'VAT 15%',1,NULL,NULL),(463,46,'',7.5,'0','0','0','0',0,'VAT 7.5%',1,NULL,NULL),(561,56,'',0,'0','0','0','0',0,'VAT rate - reduced',1,NULL,NULL),(591,59,'',0,'0','0','0','0',0,'VAT rate 0',1,NULL,NULL),(592,59,'',7,'0','0','0','0',0,'VAT rate - reduced',1,NULL,NULL),(593,59,'',20,'0','0','0','0',0,'VAT rate - standard',1,NULL,NULL),(671,67,'',0,'0','0','0','0',0,'VAT rate 0',1,NULL,NULL),(672,67,'',19,'0','0','0','0',0,'VAT rate - standard',1,NULL,NULL),(721,72,'',0,'0','0','0','0',0,'VAT rate 0',1,NULL,NULL),(722,72,'',18,'0.9','1','0','0',0,'VAT rate 18+0.9',1,NULL,NULL),(761,76,'',25,'0','0','0','0',0,'PDV 25%',1,NULL,NULL),(762,76,'',13,'0','0','0','0',0,'PDV 13%',1,NULL,NULL),(763,76,'',5,'0','0','0','0',0,'PDV 5%',1,NULL,NULL),(764,76,'',0,'0','0','0','0',0,'PDV 0%',1,NULL,NULL),(781,78,'',0,'0','0','0','0',0,'VAT rate 0',1,NULL,NULL),(782,78,'',9,'0','0','0','0',0,'VAT rate 9',1,NULL,NULL),(783,78,'',5,'0','0','0','0',0,'VAT rate 5',1,NULL,NULL),(784,78,'',19,'0','0','0','0',0,'VAT rate - standard',1,NULL,NULL),(801,80,'',0,'0','0','0','0',0,'VAT rate 0',1,NULL,NULL),(802,80,'',25,'0','0','0','0',0,'VAT rate - standard',1,NULL,NULL),(861,86,'',0,'0','0','0','0',0,'SIN IVA',1,NULL,NULL),(862,86,'',13,'0','0','0','0',0,'IVA 13',1,NULL,NULL),(1021,102,'',0,'0','0','0','0',0,'Μηδενικό Φ.Π.Α.',1,NULL,NULL),(1022,102,'',24,'0','0','0','0',0,'Κανονικός Φ.Π.Α.',1,NULL,NULL),(1023,102,'',13,'0','0','0','0',0,'Μειωμένος Φ.Π.Α.',1,NULL,NULL),(1024,102,'',6,'0','0','0','0',0,'Υπερμειωμένος Φ.Π.Α.',1,NULL,NULL),(1025,102,'',16,'0','0','0','0',0,'Νήσων κανονικός Φ.Π.Α.',1,NULL,NULL),(1026,102,'',9,'0','0','0','0',0,'Νήσων μειωμένος Φ.Π.Α.',1,NULL,NULL),(1027,102,'',4,'0','0','0','0',0,'Νήσων υπερμειωμένος Φ.Π.Α.',1,NULL,NULL),(1028,102,'',17,'0','0','0','0',0,'Νήσων υπερμειωμένος Φ.Π.Α.',1,NULL,NULL),(1141,114,'',0,'0','0','0','0',0,'No ISV',1,NULL,NULL),(1142,114,'',12,'0','0','0','0',0,'ISV 12%',1,NULL,NULL),(1161,116,'',0,'0','0','0','0',0,'VAT rate 0',1,NULL,NULL),(1162,116,'',7,'0','0','0','0',0,'VAT rate - reduced',1,NULL,NULL),(1163,116,'',25.5,'0','0','0','0',0,'VAT rate - standard',1,NULL,NULL),(1171,117,'',0,'0','0','0','0',0,'VAT rate 0',0,NULL,NULL),(1172,117,'C+S-5',0,'2.5','1','2.5','1',0,'CGST+SGST - Same state sales',1,NULL,NULL),(1173,117,'I-5',5,'0','0','0','0',0,'IGST',1,NULL,NULL),(1174,117,'C+S-12',0,'6','1','6','1',0,'CGST+SGST - Same state sales',1,NULL,NULL),(1175,117,'I-12',12,'0','0','0','0',0,'IGST',1,NULL,NULL),(1176,117,'C+S-18',0,'9','1','9','1',0,'CGST+SGST - Same state sales',1,NULL,NULL),(1177,117,'I-18',18,'0','0','0','0',0,'IGST',1,NULL,NULL),(1178,117,'C+S-28',0,'14','1','14','1',0,'CGST+SGST - Same state sales',1,NULL,NULL),(1179,117,'I-28',28,'0','0','0','0',0,'IGST',1,NULL,NULL),(1231,123,'',0,'0','0','0','0',0,'VAT rate 0',1,NULL,NULL),(1232,123,'',5,'0','0','0','0',0,'VAT rate 5',1,NULL,NULL),(1401,140,'',0,'0','0','0','0',0,'VAT rate 0',1,NULL,NULL),(1402,140,'',14,'0','0','0','0',0,'VAT rate - intermediary',1,NULL,NULL),(1403,140,'',8,'0','0','0','0',0,'VAT rate - reduced',1,NULL,NULL),(1404,140,'',3,'0','0','0','0',0,'VAT rate - super-reduced',1,NULL,NULL),(1405,140,'',17,'0','0','0','0',0,'VAT rate - standard',1,NULL,NULL),(1471,147,'',0,'0','0','0','0',0,'VAT rate 0',1,NULL,NULL),(1472,147,'',18,'0','0','0','0',0,'VAT rate - standard',1,NULL,NULL),(1481,148,'',0,'0','0','0','0',0,'VAT rate 0',1,NULL,NULL),(1482,148,'',7,'0','0','0','0',0,'VAT rate - reduced',1,NULL,NULL),(1483,148,'',5,'0','0','0','0',0,'VAT rate - super-reduced',1,NULL,NULL),(1484,148,'',18,'0','0','0','0',0,'VAT rate - standard',1,NULL,NULL),(1511,151,'',0,'0','0','0','0',0,'VAT rate 0',1,NULL,NULL),(1512,151,'',14,'0','0','0','0',0,'VAT rate 14',1,NULL,NULL),(1521,152,'',0,'0','0','0','0',0,'VAT rate 0',1,NULL,NULL),(1522,152,'',15,'0','0','0','0',0,'VAT rate 15',1,NULL,NULL),(1541,154,'',0,'0','0','0','0',0,'No VAT',1,NULL,NULL),(1542,154,'',16,'0','0','0','0',0,'VAT 16%',1,NULL,NULL),(1543,154,'',10,'0','0','0','0',0,'VAT Frontero',1,NULL,NULL),(1651,165,'',0,'0','0','0','0',0,'VAT rate 0',1,NULL,NULL),(1652,165,'',3,'0','0','0','0',0,'VAT standard 3',1,NULL,NULL),(1653,165,'',6,'0','0','0','0',0,'VAT standard 6',1,NULL,NULL),(1654,165,'',11,'0','0','0','0',0,'VAT rate - standard',1,NULL,NULL),(1655,165,'',22,'0','0','0','0',0,'VAT standard high',1,NULL,NULL),(1661,166,'',0,'0','0','0','0',0,'VAT rate 0',1,NULL,NULL),(1662,166,'',15,'0','0','0','0',0,'VAT rate - standard',1,NULL,NULL),(1691,169,'',0,'0','0','0','0',0,'VAT rate 0',1,NULL,NULL),(1692,169,'',5,'0','0','0','0',0,'VAT rate - standard',1,NULL,NULL),(1731,173,'',0,'0','0','0','0',0,'VAT rate 0',1,NULL,NULL),(1732,173,'',14,'0','0','0','0',0,'VAT rate - reduced',1,NULL,NULL),(1733,173,'',8,'0','0','0','0',0,'VAT rate - reduced',1,NULL,NULL),(1734,173,'',25,'0','0','0','0',0,'VAT rate - standard',1,NULL,NULL),(1781,178,'',0,'0','0','0','0',0,'ITBMS Rate 0',1,NULL,NULL),(1782,178,'',7,'0','0','0','0',0,'ITBMS standard rate',1,NULL,NULL),(1811,181,'',0,'0','0','0','0',0,'VAT rate 0',1,NULL,NULL),(1818,181,'',18,'0','0','0','0',0,'VAT rate - standard',1,NULL,NULL),(1841,184,'',0,'0','0','0','0',0,'VAT rate 0',1,NULL,NULL),(1842,184,'',8,'0','0','0','0',0,'VAT rate - reduced',1,NULL,NULL),(1843,184,'',3,'0','0','0','0',0,'VAT rate - reduced',1,NULL,NULL),(1844,184,'',23,'0','0','0','0',0,'VAT rate - standard',1,NULL,NULL),(1881,188,'',0,'0','0','0','0',0,'VAT rate 0',1,NULL,NULL),(1882,188,'',9,'0','0','0','0',0,'VAT rate - reduced',1,NULL,NULL),(1883,188,'',19,'0','0','0','0',0,'VAT rate - standard',1,NULL,NULL),(1884,188,'',5,'0','0','0','0',0,'VAT rate - reduced',1,NULL,NULL),(1931,193,'',0,'0','0','0','0',0,'No VAT in SPM',1,NULL,NULL),(2011,201,'',0,'0','0','0','0',0,'VAT rate 0',1,NULL,NULL),(2012,201,'',10,'0','0','0','0',0,'VAT rate - reduced',1,NULL,NULL),(2013,201,'',19,'0','0','0','0',0,'VAT rate - standard',1,NULL,NULL),(2021,202,'',0,'0','0','0','0',0,'VAT rate 0',1,NULL,NULL),(2022,202,'',9.5,'0','0','0','0',0,'VAT rate - reduced',1,NULL,NULL),(2023,202,'',22,'0','0','0','0',0,'VAT rate - standard',1,NULL,NULL),(2051,205,'',0,'0','0','0','0',0,'VAT rate 0',1,NULL,NULL),(2052,205,'',15,'0','0','0','0',0,'VAT rate - standard',1,NULL,NULL),(2071,207,'',0,'0','0','0','0',0,'VAT 0',1,NULL,NULL),(2072,207,'',15,'0','0','0','0',0,'VAT 15%',1,NULL,NULL),(2131,213,'',0,'0','0','0','0',0,'VAT 0',1,NULL,NULL),(2132,213,'',5,'0','0','0','0',0,'VAT 5%',1,NULL,NULL),(2261,226,'',0,'0','0','0','0',0,'VAT rate 0',1,NULL,NULL),(2262,226,'',20,'0','0','0','0',0,'VAT standart rate',1,NULL,NULL),(2321,232,'',0,'0','0','0','0',0,'No VAT',1,NULL,NULL),(2322,232,'',12,'0','0','0','0',0,'VAT 12%',1,NULL,NULL),(2323,232,'',8,'0','0','0','0',0,'VAT 8%',1,NULL,NULL),(2331,233,'',0,'0','0','0','0',0,'Thuế GTGT đươc khấu trừ 0%',1,NULL,NULL),(2332,233,'',5,'0','0','0','0',0,'Thuế GTGT đươc khấu trừ 5%',1,NULL,NULL),(2333,233,'',8,'0','0','0','0',0,'Thuế GTGT đươc khấu trừ 8%',1,NULL,NULL),(2334,233,'',10,'0','0','0','0',0,'Thuế GTGT đươc khấu trừ 10%',1,NULL,NULL),(2335,61,'',0,'0','0','0','0',0,'No VAT',1,NULL,NULL),(2336,61,'',10,'0','0','0','0',0,'VAT 10%',1,NULL,NULL),(2337,61,'',18,'0','0','0','0',0,'VAT 18%',1,NULL,NULL),(2461,246,'',0,'0','0','0','0',0,'VAT rate 0',1,NULL,NULL);

--
-- Table structure for table `llx_c_type_contact`
--

CREATE TABLE `llx_c_type_contact` (
  `rowid` int(11) NOT NULL AUTO_INCREMENT,
  `element` varchar(30) NOT NULL,
  `source` varchar(8) NOT NULL DEFAULT 'external',
  `code` varchar(32) NOT NULL,
  `libelle` varchar(128) NOT NULL,
  `active` tinyint(4) NOT NULL DEFAULT 1,
  `module` varchar(32) DEFAULT NULL,
  `position` int(11) NOT NULL DEFAULT 0,
  PRIMARY KEY (`rowid`),
  UNIQUE KEY `uk_c_type_contact_id` (`element`,`source`,`code`)
) ENGINE=InnoDB AUTO_INCREMENT=56 DEFAULT CHARSET=utf8mb4 COLLATE=utf8mb4_general_ci;

--
-- Dumping data for table `llx_c_type_contact`
--

INSERT INTO `llx_c_type_contact` VALUES (1,'contrat','internal','SALESREPSIGN','Commercial signataire du contrat',1,NULL,0),(2,'contrat','internal','SALESREPFOLL','Commercial suivi du contrat',1,NULL,0),(3,'contrat','external','BILLING','Contact client facturation contrat',1,NULL,0),(4,'contrat','external','CUSTOMER','Contact client suivi contrat',1,NULL,0),(5,'contrat','external','SALESREPSIGN','Contact client signataire contrat',1,NULL,0),(6,'propal','internal','SALESREPFOLL','Commercial à l\'origine de la propale',1,NULL,0),(7,'propal','external','BILLING','Contact client facturation propale',1,NULL,0),(8,'propal','external','CUSTOMER','Contact client suivi propale',1,NULL,0),(9,'propal','external','SHIPPING','Contact client livraison propale',1,NULL,0),(10,'facture','internal','SALESREPFOLL','Responsable suivi du paiement',1,NULL,0),(11,'facture','external','BILLING','Contact client facturation',1,NULL,0),(12,'facture','external','SHIPPING','Contact client livraison',1,NULL,0),(13,'facture','external','SERVICE','Contact client prestation',1,NULL,0),(14,'invoice_supplier','internal','SALESREPFOLL','Responsable suivi du paiement',1,NULL,0),(15,'invoice_supplier','external','BILLING','Contact fournisseur facturation',1,NULL,0),(16,'invoice_supplier','external','SHIPPING','Contact fournisseur livraison',1,NULL,0),(17,'invoice_supplier','external','SERVICE','Contact fournisseur prestation',1,NULL,0),(18,'agenda','internal','ACTOR','Responsable',1,NULL,0),(19,'agenda','internal','GUEST','Guest',1,NULL,0),(20,'agenda','external','ACTOR','Responsable',1,NULL,0),(21,'agenda','external','GUEST','Guest',1,NULL,0),(22,'commande','internal','SALESREPFOLL','Responsable suivi de la commande',1,NULL,0),(23,'commande','external','BILLING','Contact client facturation commande',1,NULL,0),(24,'commande','external','CUSTOMER','Contact client suivi commande',1,NULL,0),(25,'commande','external','SHIPPING','Contact client livraison commande',1,NULL,0),(26,'fichinter','internal','INTERREPFOLL','Responsable suivi de l\'intervention',1,NULL,0),(27,'fichinter','internal','INTERVENING','Intervenant',1,NULL,0),(28,'fichinter','external','BILLING','Contact client facturation intervention',1,NULL,0),(29,'fichinter','external','CUSTOMER','Contact client suivi de l\'intervention',1,NULL,0),(30,'order_supplier','internal','SALESREPFOLL','Responsable suivi de la commande',1,NULL,0),(31,'order_supplier','internal','SHIPPING','Responsable réception de la commande',1,NULL,0),(32,'order_supplier','external','BILLING','Contact fournisseur facturation commande',1,NULL,0),(33,'order_supplier','external','CUSTOMER','Contact fournisseur suivi commande',1,NULL,0),(34,'order_supplier','external','SHIPPING','Contact fournisseur livraison commande',1,NULL,0),(35,'dolresource','internal','USERINCHARGE','In charge of resource',1,NULL,0),(36,'dolresource','external','THIRDINCHARGE','In charge of resource',1,NULL,0),(37,'ticket','internal','SUPPORTTEC','Utilisateur contact support',1,NULL,0),(38,'ticket','internal','CONTRIBUTOR','Intervenant',1,NULL,0),(39,'ticket','external','SUPPORTCLI','Contact client suivi incident',1,NULL,0),(40,'ticket','external','CONTRIBUTOR','Intervenant',1,NULL,0),(41,'project','internal','PROJECTLEADER','Chef de Projet',1,NULL,0),(42,'project','internal','PROJECTCONTRIBUTOR','Intervenant',1,NULL,0),(43,'project','external','PROJECTLEADER','Chef de Projet',1,NULL,0),(44,'project','external','PROJECTCONTRIBUTOR','Intervenant',1,NULL,0),(45,'project_task','internal','TASKEXECUTIVE','Responsable',1,NULL,0),(46,'project_task','internal','TASKCONTRIBUTOR','Intervenant',1,NULL,0),(47,'project_task','external','TASKEXECUTIVE','Responsable',1,NULL,0),(48,'project_task','external','TASKCONTRIBUTOR','Intervenant',1,NULL,0),(49,'supplier_proposal','internal','SALESREPFOLL','Responsable suivi de la demande',1,NULL,0),(50,'supplier_proposal','external','BILLING','Contact fournisseur facturation',1,NULL,0),(51,'supplier_proposal','external','SHIPPING','Contact fournisseur livraison',1,NULL,0),(52,'supplier_proposal','external','SERVICE','Contact fournisseur prestation',1,NULL,0),(53,'conferenceorbooth','internal','MANAGER','Conference or Booth manager',1,NULL,0),(54,'conferenceorbooth','external','SPEAKER','Conference Speaker',1,NULL,0),(55,'conferenceorbooth','external','RESPONSIBLE','Booth responsible',1,NULL,0);

--
-- Table structure for table `llx_c_type_container`
--

CREATE TABLE `llx_c_type_container` (
  `rowid` int(11) NOT NULL AUTO_INCREMENT,
  `code` varchar(32) NOT NULL,
  `entity` int(11) NOT NULL DEFAULT 1,
  `label` varchar(128) NOT NULL,
  `module` varchar(32) DEFAULT NULL,
  `active` tinyint(4) NOT NULL DEFAULT 1,
  PRIMARY KEY (`rowid`),
  UNIQUE KEY `uk_c_type_container_id` (`code`,`entity`)
) ENGINE=InnoDB AUTO_INCREMENT=6 DEFAULT CHARSET=utf8mb4 COLLATE=utf8mb4_general_ci;

--
-- Dumping data for table `llx_c_type_container`
--

INSERT INTO `llx_c_type_container` VALUES (1,'page',1,'Page','system',1),(2,'banner',1,'Banner','system',1),(3,'blogpost',1,'BlogPost','system',1),(4,'menu',1,'Menu','system',1),(5,'other',1,'Other','system',1);

--
-- Table structure for table `llx_c_type_fees`
--

CREATE TABLE `llx_c_type_fees` (
  `id` int(11) NOT NULL AUTO_INCREMENT,
  `code` varchar(12) NOT NULL,
  `label` varchar(128) DEFAULT NULL,
  `type` int(11) DEFAULT 0,
  `accountancy_code` varchar(32) DEFAULT NULL,
  `active` tinyint(4) NOT NULL DEFAULT 1,
  `module` varchar(32) DEFAULT NULL,
  `position` int(11) NOT NULL DEFAULT 0,
  PRIMARY KEY (`id`),
  UNIQUE KEY `uk_c_type_fees` (`code`)
) ENGINE=InnoDB AUTO_INCREMENT=26 DEFAULT CHARSET=utf8mb4 COLLATE=utf8mb4_general_ci;

--
-- Dumping data for table `llx_c_type_fees`
--

INSERT INTO `llx_c_type_fees` VALUES (1,'TF_OTHER','Other',0,NULL,1,NULL,0),(2,'TF_TRIP','Transportation',0,NULL,1,NULL,0),(3,'TF_LUNCH','Lunch',0,NULL,1,NULL,0),(4,'EX_KME','ExpLabelKm',0,NULL,1,NULL,0),(5,'EX_FUE','ExpLabelFuelCV',0,NULL,0,NULL,0),(6,'EX_HOT','ExpLabelHotel',0,NULL,0,NULL,0),(7,'EX_PAR','ExpLabelParkingCV',0,NULL,0,NULL,0),(8,'EX_TOL','ExpLabelTollCV',0,NULL,0,NULL,0),(9,'EX_TAX','ExpLabelVariousTaxes',0,NULL,0,NULL,0),(10,'EX_IND','ExpLabelIndemnityTransSubscrip',0,NULL,0,NULL,0),(11,'EX_SUM','ExpLabelMaintenanceSupply',0,NULL,0,NULL,0),(12,'EX_SUO','ExpLabelOfficeSupplies',0,NULL,0,NULL,0),(13,'EX_CAR','ExpLabelCarRental',0,NULL,0,NULL,0),(14,'EX_DOC','ExpLabelDocumentation',0,NULL,0,NULL,0),(15,'EX_CUR','ExpLabelCustomersReceiving',0,NULL,0,NULL,0),(16,'EX_OTR','ExpLabelOtherReceiving',0,NULL,0,NULL,0),(17,'EX_POS','ExpLabelPostage',0,NULL,0,NULL,0),(18,'EX_CAM','ExpLabelMaintenanceRepairCV',0,NULL,0,NULL,0),(19,'EX_EMM','ExpLabelEmployeesMeal',0,NULL,0,NULL,0),(20,'EX_GUM','ExpLabelGuestsMeal',0,NULL,0,NULL,0),(21,'EX_BRE','ExpLabelBreakfast',0,NULL,0,NULL,0),(22,'EX_FUE_VP','ExpLabelFuelPV',0,NULL,0,NULL,0),(23,'EX_TOL_VP','ExpLabelTollPV',0,NULL,0,NULL,0),(24,'EX_PAR_VP','ExpLabelParkingPV',0,NULL,0,NULL,0),(25,'EX_CAM_VP','ExpLabelMaintenanceRepairPV',0,NULL,0,NULL,0);

--
-- Table structure for table `llx_c_type_resource`
--

CREATE TABLE `llx_c_type_resource` (
  `rowid` int(11) NOT NULL AUTO_INCREMENT,
  `code` varchar(32) NOT NULL,
  `label` varchar(128) NOT NULL,
  `active` tinyint(4) NOT NULL DEFAULT 1,
  PRIMARY KEY (`rowid`),
  UNIQUE KEY `uk_c_type_resource_id` (`label`,`code`)
) ENGINE=InnoDB AUTO_INCREMENT=3 DEFAULT CHARSET=utf8mb4 COLLATE=utf8mb4_general_ci;

--
-- Dumping data for table `llx_c_type_resource`
--

INSERT INTO `llx_c_type_resource` VALUES (1,'RES_ROOMS','Rooms',1),(2,'RES_CARS','Cars',1);

--
-- Table structure for table `llx_c_typent`
--

CREATE TABLE `llx_c_typent` (
  `id` int(11) NOT NULL,
  `code` varchar(12) NOT NULL,
  `libelle` varchar(128) DEFAULT NULL,
  `fk_country` int(11) DEFAULT NULL,
  `active` tinyint(4) NOT NULL DEFAULT 1,
  `module` varchar(32) DEFAULT NULL,
  `position` int(11) NOT NULL DEFAULT 0,
  PRIMARY KEY (`id`),
  UNIQUE KEY `uk_c_typent` (`code`)
) ENGINE=InnoDB DEFAULT CHARSET=utf8mb4 COLLATE=utf8mb4_general_ci;

--
-- Dumping data for table `llx_c_typent`
--

INSERT INTO `llx_c_typent` VALUES (1,'TE_STARTUP','Start-up',NULL,0,NULL,0),(2,'TE_GROUP','Grand groupe',NULL,1,NULL,0),(3,'TE_MEDIUM','PME/PMI',NULL,1,NULL,0),(4,'TE_SMALL','TPE',NULL,1,NULL,0),(5,'TE_ADMIN','Administration',NULL,1,NULL,0),(6,'TE_WHOLE','Grossiste',NULL,0,NULL,0),(7,'TE_RETAIL','Revendeur',NULL,0,NULL,0),(8,'TE_PRIVATE','Particulier',NULL,1,NULL,0),(100,'TE_OTHER','Autres',NULL,1,NULL,0),(231,'TE_A_RI','Responsable Inscripto (typo A)',23,0,NULL,0),(232,'TE_B_RNI','Responsable No Inscripto (typo B)',23,0,NULL,0),(233,'TE_C_FE','Consumidor Final/Exento (typo C)',23,0,NULL,0);

--
-- Table structure for table `llx_c_units`
--

CREATE TABLE `llx_c_units` (
  `rowid` int(11) NOT NULL AUTO_INCREMENT,
  `code` varchar(3) DEFAULT NULL,
  `sortorder` smallint(6) DEFAULT NULL,
  `scale` int(11) DEFAULT NULL,
  `label` varchar(128) DEFAULT NULL,
  `short_label` varchar(5) DEFAULT NULL,
  `unit_type` varchar(10) DEFAULT NULL,
  `active` tinyint(4) NOT NULL DEFAULT 1,
  PRIMARY KEY (`rowid`),
  UNIQUE KEY `uk_c_units_code` (`code`)
) ENGINE=InnoDB AUTO_INCREMENT=37 DEFAULT CHARSET=utf8mb4 COLLATE=utf8mb4_general_ci;

--
-- Dumping data for table `llx_c_units`
--

INSERT INTO `llx_c_units` VALUES (1,'T',100,3,'WeightUnitton','T','weight',1),(2,'KG',110,0,'WeightUnitkg','kg','weight',1),(3,'G',120,-3,'WeightUnitg','g','weight',1),(4,'MG',130,-6,'WeightUnitmg','mg','weight',1),(5,'OZ',140,98,'WeightUnitounce','Oz','weight',1),(6,'LB',150,99,'WeightUnitpound','lb','weight',1),(7,'M',200,0,'SizeUnitm','m','size',1),(8,'DM',210,-1,'SizeUnitdm','dm','size',1),(9,'CM',220,-2,'SizeUnitcm','cm','size',1),(10,'MM',230,-3,'SizeUnitmm','mm','size',1),(11,'FT',240,98,'SizeUnitfoot','ft','size',1),(12,'IN',250,99,'SizeUnitinch','in','size',1),(13,'M2',300,0,'SurfaceUnitm2','m2','surface',1),(14,'DM2',310,-2,'SurfaceUnitdm2','dm2','surface',1),(15,'CM2',320,-4,'SurfaceUnitcm2','cm2','surface',1),(16,'MM2',330,-6,'SurfaceUnitmm2','mm2','surface',1),(17,'FT2',340,98,'SurfaceUnitfoot2','ft2','surface',1),(18,'IN2',350,99,'SurfaceUnitinch2','in2','surface',1),(19,'M3',400,0,'VolumeUnitm3','m3','volume',1),(20,'DM3',410,-3,'VolumeUnitdm3','dm3','volume',1),(21,'CM3',420,-6,'VolumeUnitcm3','cm3','volume',1),(22,'MM3',430,-9,'VolumeUnitmm3','mm3','volume',1),(23,'FT3',440,88,'VolumeUnitfoot3','ft3','volume',1),(24,'IN3',450,89,'VolumeUnitinch3','in3','volume',1),(25,'OZ3',460,97,'VolumeUnitounce','Oz','volume',1),(26,'L',470,98,'VolumeUnitlitre','L','volume',1),(27,'GAL',480,99,'VolumeUnitgallon','gal','volume',1),(28,'P',500,0,'Piece','p','qty',1),(29,'SET',510,0,'Set','set','qty',1),(30,'S',600,0,'second','s','time',1),(31,'MI',610,60,'minute','i','time',1),(32,'H',620,3600,'hour','h','time',1),(33,'D',630,86400,'day','d','time',1),(34,'W',640,604800,'week','w','time',1),(35,'MO',650,2629800,'month','m','time',1),(36,'Y',660,31557600,'year','y','time',1);

--
-- Table structure for table `llx_c_ziptown`
--

CREATE TABLE `llx_c_ziptown` (
  `rowid` int(11) NOT NULL AUTO_INCREMENT,
  `code` varchar(5) DEFAULT NULL,
  `fk_county` int(11) DEFAULT NULL,
  `fk_pays` int(11) NOT NULL DEFAULT 0,
  `zip` varchar(10) NOT NULL,
  `town` varchar(180) NOT NULL,
  `active` tinyint(4) NOT NULL DEFAULT 1,
  PRIMARY KEY (`rowid`),
  UNIQUE KEY `uk_ziptown_fk_pays` (`zip`,`town`,`fk_pays`),
  KEY `idx_c_ziptown_fk_county` (`fk_county`),
  KEY `idx_c_ziptown_fk_pays` (`fk_pays`),
  KEY `idx_c_ziptown_zip` (`zip`),
  CONSTRAINT `fk_c_ziptown_fk_county` FOREIGN KEY (`fk_county`) REFERENCES `llx_c_departements` (`rowid`),
  CONSTRAINT `fk_c_ziptown_fk_pays` FOREIGN KEY (`fk_pays`) REFERENCES `llx_c_country` (`rowid`)
) ENGINE=InnoDB DEFAULT CHARSET=utf8mb4 COLLATE=utf8mb4_general_ci;

--
-- Dumping data for table `llx_c_ziptown`
--


--
-- Table structure for table `llx_categorie`
--

CREATE TABLE `llx_categorie` (
  `rowid` int(11) NOT NULL AUTO_INCREMENT,
  `entity` int(11) NOT NULL DEFAULT 1,
  `fk_parent` int(11) NOT NULL DEFAULT 0,
  `label` varchar(180) NOT NULL,
  `ref_ext` varchar(255) DEFAULT NULL,
  `type` int(11) NOT NULL DEFAULT 1,
  `description` text DEFAULT NULL,
  `color` varchar(8) DEFAULT NULL,
  `fk_soc` int(11) DEFAULT NULL,
  `visible` tinyint(4) NOT NULL DEFAULT 1,
  `date_creation` datetime DEFAULT NULL,
  `tms` timestamp NOT NULL DEFAULT current_timestamp() ON UPDATE current_timestamp(),
  `fk_user_creat` int(11) DEFAULT NULL,
  `fk_user_modif` int(11) DEFAULT NULL,
  `import_key` varchar(14) DEFAULT NULL,
  PRIMARY KEY (`rowid`)
) ENGINE=InnoDB AUTO_INCREMENT=11 DEFAULT CHARSET=utf8mb4 COLLATE=utf8mb4_general_ci;

--
-- Dumping data for table `llx_categorie`
--

INSERT INTO `llx_categorie` VALUES (1,1,0,'Restaurantes',NULL,2,'','',NULL,0,'2025-05-13 20:09:28','2025-05-13 20:09:28',1,NULL,NULL),(2,1,0,'Mayoristas',NULL,2,'','',NULL,0,'2025-05-13 20:09:39','2025-05-13 20:09:39',1,NULL,NULL),(3,1,0,'Distribuidores',NULL,2,'','',NULL,0,'2025-05-13 20:09:47','2025-05-13 20:09:47',1,NULL,NULL),(4,1,0,'Maquilas',NULL,2,'','',NULL,0,'2025-05-13 20:09:55','2025-05-13 20:09:55',1,NULL,NULL),(5,1,0,'Cadena comercial',NULL,2,'','',NULL,0,'2025-05-13 20:10:04','2025-05-13 20:10:04',1,NULL,NULL),(6,1,0,'Empacadores',NULL,2,'','',NULL,0,'2025-05-13 20:10:11','2025-05-13 20:10:11',1,NULL,NULL),(7,1,0,'Retail',NULL,2,'','',NULL,0,'2025-05-13 20:10:19','2025-05-13 20:10:19',1,NULL,NULL),(8,1,0,'E - commerce',NULL,2,'','',NULL,0,'2025-05-13 20:10:27','2025-05-13 20:10:27',1,NULL,NULL),(9,1,0,'Proveedor',NULL,2,'','',NULL,0,'2025-05-14 00:18:05','2025-05-14 00:18:05',1,NULL,NULL),(10,1,0,'Retail',NULL,0,'','',NULL,0,'2025-06-26 17:37:48','2025-06-26 17:37:48',1,NULL,NULL);

--
-- Table structure for table `llx_categorie_account`
--

CREATE TABLE `llx_categorie_account` (
  `fk_categorie` int(11) NOT NULL,
  `fk_account` int(11) NOT NULL,
  `import_key` varchar(14) DEFAULT NULL,
  PRIMARY KEY (`fk_categorie`,`fk_account`),
  KEY `idx_categorie_account_fk_categorie` (`fk_categorie`),
  KEY `idx_categorie_account_fk_account` (`fk_account`),
  CONSTRAINT `fk_categorie_account_categorie_rowid` FOREIGN KEY (`fk_categorie`) REFERENCES `llx_categorie` (`rowid`),
  CONSTRAINT `fk_categorie_account_fk_account` FOREIGN KEY (`fk_account`) REFERENCES `llx_bank_account` (`rowid`)
) ENGINE=InnoDB DEFAULT CHARSET=utf8mb4 COLLATE=utf8mb4_general_ci;

--
-- Dumping data for table `llx_categorie_account`
--


--
-- Table structure for table `llx_categorie_actioncomm`
--

CREATE TABLE `llx_categorie_actioncomm` (
  `fk_categorie` int(11) NOT NULL,
  `fk_actioncomm` int(11) NOT NULL,
  `import_key` varchar(14) DEFAULT NULL,
  PRIMARY KEY (`fk_categorie`,`fk_actioncomm`),
  KEY `idx_categorie_actioncomm_fk_categorie` (`fk_categorie`),
  KEY `idx_categorie_actioncomm_fk_actioncomm` (`fk_actioncomm`),
  CONSTRAINT `fk_categorie_actioncomm_categorie_rowid` FOREIGN KEY (`fk_categorie`) REFERENCES `llx_categorie` (`rowid`),
  CONSTRAINT `fk_categorie_actioncomm_fk_actioncomm` FOREIGN KEY (`fk_actioncomm`) REFERENCES `llx_actioncomm` (`id`)
) ENGINE=InnoDB DEFAULT CHARSET=utf8mb4 COLLATE=utf8mb4_general_ci;

--
-- Dumping data for table `llx_categorie_actioncomm`
--


--
-- Table structure for table `llx_categorie_contact`
--

CREATE TABLE `llx_categorie_contact` (
  `fk_categorie` int(11) NOT NULL,
  `fk_socpeople` int(11) NOT NULL,
  `import_key` varchar(14) DEFAULT NULL,
  PRIMARY KEY (`fk_categorie`,`fk_socpeople`),
  KEY `idx_categorie_contact_fk_categorie` (`fk_categorie`),
  KEY `idx_categorie_contact_fk_socpeople` (`fk_socpeople`),
  CONSTRAINT `fk_categorie_contact_categorie_rowid` FOREIGN KEY (`fk_categorie`) REFERENCES `llx_categorie` (`rowid`),
  CONSTRAINT `fk_categorie_contact_fk_socpeople` FOREIGN KEY (`fk_socpeople`) REFERENCES `llx_socpeople` (`rowid`)
) ENGINE=InnoDB DEFAULT CHARSET=utf8mb4 COLLATE=utf8mb4_general_ci;

--
-- Dumping data for table `llx_categorie_contact`
--


--
-- Table structure for table `llx_categorie_fournisseur`
--

CREATE TABLE `llx_categorie_fournisseur` (
  `fk_categorie` int(11) NOT NULL,
  `fk_soc` int(11) NOT NULL,
  `import_key` varchar(14) DEFAULT NULL,
  PRIMARY KEY (`fk_categorie`,`fk_soc`),
  KEY `idx_categorie_fournisseur_fk_categorie` (`fk_categorie`),
  KEY `idx_categorie_fournisseur_fk_societe` (`fk_soc`),
  CONSTRAINT `fk_categorie_fournisseur_categorie_rowid` FOREIGN KEY (`fk_categorie`) REFERENCES `llx_categorie` (`rowid`),
  CONSTRAINT `fk_categorie_fournisseur_fk_soc` FOREIGN KEY (`fk_soc`) REFERENCES `llx_societe` (`rowid`)
) ENGINE=InnoDB DEFAULT CHARSET=utf8mb4 COLLATE=utf8mb4_general_ci;

--
-- Dumping data for table `llx_categorie_fournisseur`
--


--
-- Table structure for table `llx_categorie_lang`
--

CREATE TABLE `llx_categorie_lang` (
  `rowid` int(11) NOT NULL AUTO_INCREMENT,
  `fk_category` int(11) NOT NULL DEFAULT 0,
  `lang` varchar(5) NOT NULL DEFAULT '0',
  `label` varchar(255) NOT NULL,
  `description` text DEFAULT NULL,
  PRIMARY KEY (`rowid`),
  UNIQUE KEY `uk_category_lang` (`fk_category`,`lang`),
  CONSTRAINT `fk_category_lang_fk_category` FOREIGN KEY (`fk_category`) REFERENCES `llx_categorie` (`rowid`)
) ENGINE=InnoDB DEFAULT CHARSET=utf8mb4 COLLATE=utf8mb4_general_ci;

--
-- Dumping data for table `llx_categorie_lang`
--


--
-- Table structure for table `llx_categorie_member`
--

CREATE TABLE `llx_categorie_member` (
  `fk_categorie` int(11) NOT NULL,
  `fk_member` int(11) NOT NULL,
  PRIMARY KEY (`fk_categorie`,`fk_member`),
  KEY `idx_categorie_member_fk_categorie` (`fk_categorie`),
  KEY `idx_categorie_member_fk_member` (`fk_member`),
  CONSTRAINT `fk_categorie_member_categorie_rowid` FOREIGN KEY (`fk_categorie`) REFERENCES `llx_categorie` (`rowid`),
  CONSTRAINT `fk_categorie_member_member_rowid` FOREIGN KEY (`fk_member`) REFERENCES `llx_adherent` (`rowid`)
) ENGINE=InnoDB DEFAULT CHARSET=utf8mb4 COLLATE=utf8mb4_general_ci;

--
-- Dumping data for table `llx_categorie_member`
--


--
-- Table structure for table `llx_categorie_product`
--

CREATE TABLE `llx_categorie_product` (
  `fk_categorie` int(11) NOT NULL,
  `fk_product` int(11) NOT NULL,
  `import_key` varchar(14) DEFAULT NULL,
  PRIMARY KEY (`fk_categorie`,`fk_product`),
  KEY `idx_categorie_product_fk_categorie` (`fk_categorie`),
  KEY `idx_categorie_product_fk_product` (`fk_product`),
  CONSTRAINT `fk_categorie_product_categorie_rowid` FOREIGN KEY (`fk_categorie`) REFERENCES `llx_categorie` (`rowid`),
  CONSTRAINT `fk_categorie_product_product_rowid` FOREIGN KEY (`fk_product`) REFERENCES `llx_product` (`rowid`)
) ENGINE=InnoDB DEFAULT CHARSET=utf8mb4 COLLATE=utf8mb4_general_ci;

--
-- Dumping data for table `llx_categorie_product`
--

INSERT INTO `llx_categorie_product` VALUES (10,7,NULL),(10,16,NULL),(10,22,NULL),(10,24,NULL),(10,40,NULL),(10,57,NULL),(10,58,NULL),(10,59,NULL),(10,60,NULL),(10,61,NULL),(10,62,NULL),(10,63,NULL);

--
-- Table structure for table `llx_categorie_project`
--

CREATE TABLE `llx_categorie_project` (
  `fk_categorie` int(11) NOT NULL,
  `fk_project` int(11) NOT NULL,
  `import_key` varchar(14) DEFAULT NULL,
  PRIMARY KEY (`fk_categorie`,`fk_project`),
  KEY `idx_categorie_project_fk_categorie` (`fk_categorie`),
  KEY `idx_categorie_project_fk_project` (`fk_project`),
  CONSTRAINT `fk_categorie_project_categorie_rowid` FOREIGN KEY (`fk_categorie`) REFERENCES `llx_categorie` (`rowid`),
  CONSTRAINT `fk_categorie_project_fk_project_rowid` FOREIGN KEY (`fk_project`) REFERENCES `llx_projet` (`rowid`)
) ENGINE=InnoDB DEFAULT CHARSET=utf8mb4 COLLATE=utf8mb4_general_ci;

--
-- Dumping data for table `llx_categorie_project`
--


--
-- Table structure for table `llx_categorie_societe`
--

CREATE TABLE `llx_categorie_societe` (
  `fk_categorie` int(11) NOT NULL,
  `fk_soc` int(11) NOT NULL,
  `import_key` varchar(14) DEFAULT NULL,
  PRIMARY KEY (`fk_categorie`,`fk_soc`),
  KEY `idx_categorie_societe_fk_categorie` (`fk_categorie`),
  KEY `idx_categorie_societe_fk_societe` (`fk_soc`),
  CONSTRAINT `fk_categorie_societe_categorie_rowid` FOREIGN KEY (`fk_categorie`) REFERENCES `llx_categorie` (`rowid`),
  CONSTRAINT `fk_categorie_societe_fk_soc` FOREIGN KEY (`fk_soc`) REFERENCES `llx_societe` (`rowid`)
) ENGINE=InnoDB DEFAULT CHARSET=utf8mb4 COLLATE=utf8mb4_general_ci;

--
-- Dumping data for table `llx_categorie_societe`
--

INSERT INTO `llx_categorie_societe` VALUES (1,396,NULL),(1,403,NULL),(1,415,NULL),(1,429,NULL),(1,439,NULL),(1,443,NULL),(1,444,NULL),(1,467,NULL),(1,468,NULL),(1,470,NULL),(1,477,NULL),(1,482,NULL),(1,484,NULL),(1,485,NULL),(1,488,NULL),(1,489,NULL),(1,490,NULL),(1,493,NULL),(1,494,NULL),(1,495,NULL),(1,498,NULL),(1,509,NULL),(1,520,NULL),(1,525,NULL),(1,531,NULL),(1,532,NULL),(1,541,NULL),(1,548,NULL),(1,550,NULL),(1,551,NULL),(1,558,NULL),(1,566,NULL),(1,567,NULL),(1,572,NULL),(1,574,NULL),(1,579,NULL),(1,581,NULL),(1,583,NULL),(1,585,NULL),(1,591,NULL),(1,594,NULL),(1,596,NULL),(1,597,NULL),(1,598,NULL),(1,599,NULL),(1,600,NULL),(1,601,NULL),(1,602,NULL),(1,603,NULL),(1,604,NULL),(1,605,NULL),(1,606,NULL),(1,609,NULL),(1,610,NULL),(1,611,NULL),(1,612,NULL),(1,613,NULL),(1,614,NULL),(1,615,NULL),(1,616,NULL),(1,617,NULL),(1,618,NULL),(1,619,NULL),(1,621,NULL),(1,624,NULL),(1,625,NULL),(1,626,NULL),(1,627,NULL),(1,628,NULL),(1,629,NULL),(1,630,NULL),(1,631,NULL),(1,632,NULL),(1,633,NULL),(1,634,NULL),(1,635,NULL),(1,636,NULL),(1,637,NULL),(1,638,NULL),(1,639,NULL),(1,640,NULL),(1,641,NULL),(1,644,NULL),(1,646,NULL),(1,647,NULL),(1,648,NULL),(1,650,NULL),(1,651,NULL),(1,653,NULL),(1,654,NULL),(1,656,NULL),(1,657,NULL),(1,658,NULL),(1,659,NULL),(1,660,NULL),(1,661,NULL),(1,663,NULL),(1,665,NULL),(1,666,NULL),(1,667,NULL),(1,669,NULL),(1,672,NULL),(1,673,NULL),(1,674,NULL),(1,675,NULL),(1,678,NULL),(1,679,NULL),(1,680,NULL),(1,681,NULL),(1,682,NULL),(1,688,NULL),(1,737,NULL),(1,770,NULL),(1,1056,NULL),(2,427,NULL),(2,461,NULL),(2,513,NULL),(2,514,NULL),(2,575,NULL),(2,620,NULL),(2,643,NULL),(2,655,NULL),(2,664,NULL),(2,671,NULL),(3,500,NULL),(3,506,NULL),(3,518,NULL),(3,530,NULL),(3,542,NULL),(3,564,NULL),(3,565,NULL),(3,649,NULL),(3,700,NULL),(4,408,NULL),(4,435,NULL),(4,437,NULL),(4,442,NULL),(4,491,NULL),(4,576,NULL),(4,577,NULL),(4,578,NULL),(4,582,NULL),(4,589,NULL),(4,687,NULL),(4,752,NULL),(5,652,NULL),(6,431,NULL),(6,559,NULL),(7,393,NULL),(7,395,NULL),(7,396,NULL),(7,397,NULL),(7,399,NULL),(7,406,NULL),(7,409,NULL),(7,410,NULL),(7,503,NULL),(7,504,NULL),(7,538,NULL),(7,549,NULL),(7,569,NULL),(7,573,NULL),(7,592,NULL),(7,689,NULL),(7,699,NULL),(7,721,NULL),(7,722,NULL),(7,723,NULL),(7,724,NULL),(7,725,NULL),(7,726,NULL),(7,728,NULL),(7,729,NULL),(7,730,NULL),(7,731,NULL),(7,732,NULL),(7,733,NULL),(7,734,NULL),(7,735,NULL),(7,736,NULL),(7,738,NULL),(7,739,NULL),(7,740,NULL),(7,741,NULL),(7,742,NULL),(7,743,NULL),(7,744,NULL),(7,745,NULL),(7,746,NULL),(7,756,NULL),(7,757,NULL),(7,758,NULL),(7,759,NULL),(7,761,NULL),(7,762,NULL),(7,763,NULL),(7,764,NULL),(7,765,NULL),(7,766,NULL),(7,768,NULL),(7,772,NULL),(7,780,NULL),(7,787,NULL),(7,985,NULL),(7,1049,NULL),(7,1050,NULL),(7,1051,NULL),(7,1052,NULL),(7,1088,NULL),(9,677,NULL);

--
-- Table structure for table `llx_categorie_user`
--

CREATE TABLE `llx_categorie_user` (
  `fk_categorie` int(11) NOT NULL,
  `fk_user` int(11) NOT NULL,
  `import_key` varchar(14) DEFAULT NULL,
  PRIMARY KEY (`fk_categorie`,`fk_user`),
  KEY `idx_categorie_user_fk_categorie` (`fk_categorie`),
  KEY `idx_categorie_user_fk_user` (`fk_user`),
  CONSTRAINT `fk_categorie_user_categorie_rowid` FOREIGN KEY (`fk_categorie`) REFERENCES `llx_categorie` (`rowid`),
  CONSTRAINT `fk_categorie_user_fk_user` FOREIGN KEY (`fk_user`) REFERENCES `llx_user` (`rowid`)
) ENGINE=InnoDB DEFAULT CHARSET=utf8mb4 COLLATE=utf8mb4_general_ci;

--
-- Dumping data for table `llx_categorie_user`
--


--
-- Table structure for table `llx_categorie_warehouse`
--

CREATE TABLE `llx_categorie_warehouse` (
  `fk_categorie` int(11) NOT NULL,
  `fk_warehouse` int(11) NOT NULL,
  `import_key` varchar(14) DEFAULT NULL,
  PRIMARY KEY (`fk_categorie`,`fk_warehouse`),
  KEY `idx_categorie_warehouse_fk_categorie` (`fk_categorie`),
  KEY `idx_categorie_warehouse_fk_warehouse` (`fk_warehouse`),
  CONSTRAINT `fk_categorie_warehouse_categorie_rowid` FOREIGN KEY (`fk_categorie`) REFERENCES `llx_categorie` (`rowid`),
  CONSTRAINT `fk_categorie_warehouse_fk_warehouse_rowid` FOREIGN KEY (`fk_warehouse`) REFERENCES `llx_entrepot` (`rowid`)
) ENGINE=InnoDB DEFAULT CHARSET=utf8mb4 COLLATE=utf8mb4_general_ci;

--
-- Dumping data for table `llx_categorie_warehouse`
--


--
-- Table structure for table `llx_categories_extrafields`
--

CREATE TABLE `llx_categories_extrafields` (
  `rowid` int(11) NOT NULL AUTO_INCREMENT,
  `tms` timestamp NOT NULL DEFAULT current_timestamp() ON UPDATE current_timestamp(),
  `fk_object` int(11) NOT NULL,
  `import_key` varchar(14) DEFAULT NULL,
  PRIMARY KEY (`rowid`),
  KEY `idx_categories_extrafields` (`fk_object`)
) ENGINE=InnoDB DEFAULT CHARSET=utf8mb4 COLLATE=utf8mb4_general_ci;

--
-- Dumping data for table `llx_categories_extrafields`
--


--
-- Table structure for table `llx_chargesociales`
--

CREATE TABLE `llx_chargesociales` (
  `rowid` int(11) NOT NULL AUTO_INCREMENT,
  `ref` varchar(16) DEFAULT NULL,
  `date_ech` datetime NOT NULL,
  `libelle` varchar(80) NOT NULL,
  `entity` int(11) NOT NULL DEFAULT 1,
  `tms` timestamp NOT NULL DEFAULT current_timestamp() ON UPDATE current_timestamp(),
  `date_creation` datetime DEFAULT NULL,
  `date_valid` datetime DEFAULT NULL,
  `fk_user` int(11) DEFAULT NULL,
  `fk_user_author` int(11) DEFAULT NULL,
  `fk_user_modif` int(11) DEFAULT NULL,
  `fk_user_valid` int(11) DEFAULT NULL,
  `fk_type` int(11) NOT NULL,
  `fk_account` int(11) DEFAULT NULL,
  `fk_mode_reglement` int(11) DEFAULT NULL,
  `amount` double(24,8) NOT NULL DEFAULT 0.00000000,
  `paye` smallint(6) NOT NULL DEFAULT 0,
  `periode` date DEFAULT NULL,
  `fk_projet` int(11) DEFAULT NULL,
  `note_private` text DEFAULT NULL,
  `note_public` text DEFAULT NULL,
  `import_key` varchar(14) DEFAULT NULL,
  PRIMARY KEY (`rowid`)
) ENGINE=InnoDB DEFAULT CHARSET=utf8mb4 COLLATE=utf8mb4_general_ci;

--
-- Dumping data for table `llx_chargesociales`
--


--
-- Table structure for table `llx_commande`
--

CREATE TABLE `llx_commande` (
  `rowid` int(11) NOT NULL AUTO_INCREMENT,
  `ref` varchar(30) NOT NULL,
  `entity` int(11) NOT NULL DEFAULT 1,
  `ref_ext` varchar(255) DEFAULT NULL,
  `ref_int` varchar(255) DEFAULT NULL,
  `ref_client` varchar(255) DEFAULT NULL,
  `fk_soc` int(11) NOT NULL,
  `fk_projet` int(11) DEFAULT NULL,
  `tms` timestamp NOT NULL DEFAULT current_timestamp() ON UPDATE current_timestamp(),
  `date_creation` datetime DEFAULT NULL,
  `date_valid` datetime DEFAULT NULL,
  `date_cloture` datetime DEFAULT NULL,
  `date_commande` date DEFAULT NULL,
  `fk_user_author` int(11) DEFAULT NULL,
  `fk_user_modif` int(11) DEFAULT NULL,
  `fk_user_valid` int(11) DEFAULT NULL,
  `fk_user_cloture` int(11) DEFAULT NULL,
  `source` smallint(6) DEFAULT NULL,
  `fk_statut` smallint(6) DEFAULT 0,
  `amount_ht` double(24,8) DEFAULT 0.00000000,
  `remise_percent` double DEFAULT 0,
  `remise_absolue` double DEFAULT 0,
  `remise` double DEFAULT 0,
  `total_tva` double(24,8) DEFAULT 0.00000000,
  `localtax1` double(24,8) DEFAULT 0.00000000,
  `localtax2` double(24,8) DEFAULT 0.00000000,
  `total_ht` double(24,8) DEFAULT 0.00000000,
  `total_ttc` double(24,8) DEFAULT 0.00000000,
  `note_private` text DEFAULT NULL,
  `note_public` text DEFAULT NULL,
  `model_pdf` varchar(255) DEFAULT NULL,
  `last_main_doc` varchar(255) DEFAULT NULL,
  `module_source` varchar(32) DEFAULT NULL,
  `pos_source` varchar(32) DEFAULT NULL,
  `facture` tinyint(4) DEFAULT 0,
  `fk_account` int(11) DEFAULT NULL,
  `fk_currency` varchar(3) DEFAULT NULL,
  `fk_cond_reglement` int(11) DEFAULT NULL,
  `deposit_percent` varchar(63) DEFAULT NULL,
  `fk_mode_reglement` int(11) DEFAULT NULL,
  `date_livraison` datetime DEFAULT NULL,
  `fk_shipping_method` int(11) DEFAULT NULL,
  `fk_warehouse` int(11) DEFAULT NULL,
  `fk_availability` int(11) DEFAULT NULL,
  `fk_input_reason` int(11) DEFAULT NULL,
  `fk_delivery_address` int(11) DEFAULT NULL,
  `fk_incoterms` int(11) DEFAULT NULL,
  `location_incoterms` varchar(255) DEFAULT NULL,
  `import_key` varchar(14) DEFAULT NULL,
  `extraparams` varchar(255) DEFAULT NULL,
  `fk_multicurrency` int(11) DEFAULT NULL,
  `multicurrency_code` varchar(3) DEFAULT NULL,
  `multicurrency_tx` double(24,8) DEFAULT 1.00000000,
  `multicurrency_total_ht` double(24,8) DEFAULT 0.00000000,
  `multicurrency_total_tva` double(24,8) DEFAULT 0.00000000,
  `multicurrency_total_ttc` double(24,8) DEFAULT 0.00000000,
  PRIMARY KEY (`rowid`),
  UNIQUE KEY `uk_commande_ref` (`ref`,`entity`),
  KEY `idx_commande_fk_soc` (`fk_soc`),
  KEY `idx_commande_fk_user_author` (`fk_user_author`),
  KEY `idx_commande_fk_user_valid` (`fk_user_valid`),
  KEY `idx_commande_fk_user_cloture` (`fk_user_cloture`),
  KEY `idx_commande_fk_projet` (`fk_projet`),
  KEY `idx_commande_fk_account` (`fk_account`),
  KEY `idx_commande_fk_currency` (`fk_currency`),
  CONSTRAINT `fk_commande_fk_projet` FOREIGN KEY (`fk_projet`) REFERENCES `llx_projet` (`rowid`),
  CONSTRAINT `fk_commande_fk_soc` FOREIGN KEY (`fk_soc`) REFERENCES `llx_societe` (`rowid`),
  CONSTRAINT `fk_commande_fk_user_author` FOREIGN KEY (`fk_user_author`) REFERENCES `llx_user` (`rowid`),
  CONSTRAINT `fk_commande_fk_user_cloture` FOREIGN KEY (`fk_user_cloture`) REFERENCES `llx_user` (`rowid`),
  CONSTRAINT `fk_commande_fk_user_valid` FOREIGN KEY (`fk_user_valid`) REFERENCES `llx_user` (`rowid`)
) ENGINE=InnoDB AUTO_INCREMENT=227 DEFAULT CHARSET=utf8mb4 COLLATE=utf8mb4_general_ci;

--
-- Dumping data for table `llx_commande`
--

INSERT INTO `llx_commande` VALUES (53,'SO2506-0077',1,NULL,NULL,NULL,393,NULL,'2026-04-07 15:30:04','2025-06-30 17:15:43','2025-06-30 17:16:01','2026-04-07 15:30:04','2025-06-30',1,1,1,1,NULL,3,0.00000000,0,NULL,0,0.00000000,0.00000000,0.00000000,100.00000000,100.00000000,'','','einstein','commande/SO2506-0077/SO2506-0077.pdf',NULL,NULL,0,NULL,NULL,NULL,NULL,NULL,NULL,NULL,NULL,NULL,NULL,NULL,0,'',NULL,NULL,0,'MXN',1.00000000,100.00000000,0.00000000,100.00000000),(86,'SO2507-78',1,NULL,NULL,NULL,491,NULL,'2025-07-10 14:39:17','2025-07-10 14:36:16','2025-07-10 14:36:16','2025-07-10 14:36:16','2025-07-10',1,1,1,1,NULL,3,0.00000000,0,NULL,0,0.00000000,0.00000000,0.00000000,116.00000000,116.00000000,NULL,'','einstein',NULL,NULL,NULL,0,NULL,NULL,NULL,NULL,NULL,NULL,NULL,NULL,NULL,NULL,NULL,0,'',NULL,NULL,0,'MXN',1.00000000,116.00000000,0.00000000,116.00000000),(87,'SO2507-0079',1,NULL,NULL,NULL,576,NULL,'2025-07-10 14:39:36','2025-07-10 14:39:28','2025-07-10 14:39:28','2025-07-10 14:39:28','2025-07-10',1,1,1,1,NULL,3,0.00000000,0,NULL,0,0.00000000,0.00000000,0.00000000,55.00000000,55.00000000,NULL,'','einstein',NULL,NULL,NULL,0,NULL,NULL,NULL,NULL,NULL,NULL,NULL,NULL,NULL,NULL,NULL,0,'',NULL,NULL,0,'MXN',1.00000000,55.00000000,0.00000000,55.00000000),(88,'SO2507-0080',1,NULL,NULL,NULL,435,NULL,'2025-07-10 18:21:44','2025-07-10 15:21:30','2025-07-10 15:21:30','2025-07-10 16:30:28','2025-07-10',1,1,1,1,NULL,3,0.00000000,0,NULL,0,0.00000000,0.00000000,0.00000000,140.00000000,140.00000000,NULL,'','einstein',NULL,NULL,NULL,0,NULL,NULL,NULL,NULL,NULL,NULL,NULL,NULL,NULL,NULL,NULL,0,'',NULL,NULL,0,'MXN',1.00000000,140.00000000,0.00000000,140.00000000),(89,'SO2507-0081',1,NULL,NULL,NULL,699,NULL,'2025-07-10 16:33:34','2025-07-10 16:32:10','2025-07-10 16:32:20',NULL,'2025-07-10',1,1,1,NULL,NULL,3,0.00000000,0,NULL,0,22.40000000,0.00000000,0.00000000,140.00000000,162.40000000,'','','einstein','commande/SO2507-0081/SO2507-0081.pdf',NULL,NULL,0,NULL,NULL,NULL,NULL,NULL,NULL,NULL,NULL,NULL,NULL,NULL,0,'',NULL,NULL,0,'MXN',1.00000000,140.00000000,22.40000000,162.40000000),(90,'SO2507-0082',1,NULL,NULL,NULL,435,NULL,'2025-07-10 18:28:40','2025-07-10 18:27:59','2025-07-10 18:28:35',NULL,'2025-07-10',1,1,1,NULL,NULL,1,0.00000000,0,NULL,0,0.00000000,0.00000000,0.00000000,140.00000000,140.00000000,'','','einstein','commande/SO2507-0082/SO2507-0082.pdf',NULL,NULL,0,NULL,NULL,NULL,NULL,NULL,NULL,NULL,NULL,NULL,NULL,NULL,0,'',NULL,NULL,0,'MXN',1.00000000,140.00000000,0.00000000,140.00000000),(91,'SO2507-0083',1,NULL,NULL,NULL,758,NULL,'2025-07-10 19:14:44','2025-07-10 19:12:27','2025-07-10 19:12:27','2025-07-10 19:12:27','2025-07-10',1,1,1,1,NULL,3,0.00000000,0,NULL,0,0.00000000,0.00000000,0.00000000,239.00000000,239.00000000,NULL,'','einstein',NULL,NULL,NULL,0,NULL,NULL,NULL,NULL,NULL,NULL,NULL,NULL,NULL,NULL,NULL,0,'',NULL,NULL,0,'MXN',1.00000000,239.00000000,0.00000000,239.00000000),(92,'SO2507-0084',1,NULL,NULL,NULL,699,NULL,'2025-07-10 19:17:40','2025-07-10 19:16:05','2025-07-10 19:16:09',NULL,'2025-07-10',1,1,1,NULL,NULL,3,0.00000000,0,NULL,0,22.40000000,0.00000000,0.00000000,140.00000000,162.40000000,'','','einstein','commande/SO2507-0084/SO2507-0084.pdf',NULL,NULL,0,NULL,NULL,NULL,NULL,NULL,NULL,NULL,NULL,NULL,NULL,NULL,0,'',NULL,NULL,0,'MXN',1.00000000,140.00000000,22.40000000,162.40000000),(93,'SO2507-0085',1,NULL,NULL,NULL,435,NULL,'2025-07-10 22:39:31','2025-07-10 22:38:30','2025-07-10 22:38:30','2025-07-10 22:38:30','2025-07-10',1,1,1,1,NULL,3,0.00000000,0,NULL,0,0.00000000,0.00000000,0.00000000,0.00000000,0.00000000,NULL,'','einstein',NULL,NULL,NULL,0,NULL,NULL,NULL,NULL,NULL,NULL,NULL,NULL,NULL,NULL,NULL,0,'',NULL,NULL,0,'MXN',1.00000000,0.00000000,0.00000000,0.00000000),(94,'SO2507-0086',1,NULL,NULL,NULL,442,NULL,'2025-07-10 23:23:52','2025-07-10 23:20:49','2025-07-10 23:20:49','2025-07-10 23:20:49','2025-07-10',1,1,1,1,NULL,3,0.00000000,0,NULL,0,0.00000000,0.00000000,0.00000000,58.00000000,58.00000000,NULL,'','einstein',NULL,NULL,NULL,0,NULL,NULL,NULL,NULL,NULL,NULL,NULL,NULL,NULL,NULL,NULL,0,'',NULL,NULL,0,'MXN',1.00000000,58.00000000,0.00000000,58.00000000),(95,'SO2507-0087',1,NULL,NULL,NULL,491,NULL,'2025-07-10 23:25:33','2025-07-10 23:24:12','2025-07-10 23:24:12','2025-07-10 23:24:12','2025-07-10',1,1,1,1,NULL,3,0.00000000,0,NULL,0,0.00000000,0.00000000,0.00000000,34.00000000,34.00000000,NULL,'','einstein',NULL,NULL,NULL,0,NULL,NULL,NULL,NULL,NULL,NULL,NULL,NULL,NULL,NULL,NULL,0,'',NULL,NULL,0,'MXN',1.00000000,34.00000000,0.00000000,34.00000000),(96,'SO2507-0088',1,NULL,NULL,NULL,491,NULL,'2025-07-10 23:25:59','2025-07-10 23:25:59','2025-07-10 23:25:59','2025-07-10 23:25:59','2025-07-10',1,1,1,1,NULL,3,0.00000000,0,NULL,0,0.00000000,0.00000000,0.00000000,55.00000000,55.00000000,'s3kc4s0jar587piss3m4rtadm2','','einstein',NULL,NULL,NULL,0,NULL,NULL,NULL,NULL,NULL,NULL,NULL,NULL,NULL,NULL,NULL,0,'',NULL,NULL,0,'MXN',1.00000000,55.00000000,0.00000000,55.00000000),(97,'SO2507-0089',1,NULL,NULL,NULL,549,NULL,'2025-07-11 00:02:09','2025-07-11 00:02:01','2025-07-11 00:02:01','2025-07-11 00:02:01','2025-07-11',1,1,1,1,NULL,3,0.00000000,0,NULL,0,0.00000000,0.00000000,0.00000000,115.00000000,115.00000000,NULL,'','einstein',NULL,NULL,NULL,0,NULL,NULL,NULL,NULL,NULL,NULL,NULL,NULL,NULL,NULL,NULL,0,'',NULL,NULL,0,'MXN',1.00000000,115.00000000,0.00000000,115.00000000),(98,'SO2507-0090',1,NULL,NULL,NULL,576,NULL,'2025-07-11 00:07:12','2025-07-11 00:06:12','2025-07-11 00:06:12','2025-07-11 00:06:12','2025-07-11',1,1,1,1,NULL,3,0.00000000,0,NULL,0,0.00000000,0.00000000,0.00000000,140.00000000,140.00000000,NULL,'','einstein',NULL,NULL,NULL,0,NULL,NULL,NULL,NULL,NULL,NULL,NULL,NULL,NULL,NULL,NULL,0,'',NULL,NULL,0,'MXN',1.00000000,140.00000000,0.00000000,140.00000000),(99,'SO2507-0091',1,NULL,NULL,NULL,435,NULL,'2025-07-11 05:27:08','2025-07-11 05:25:26','2025-07-11 05:25:26','2025-07-11 05:25:26','2025-07-11',1,1,1,1,NULL,3,0.00000000,0,NULL,0,0.00000000,0.00000000,0.00000000,498.00000000,498.00000000,'4jp4al0bcu2qm8v6m50qh4kh53','','einstein',NULL,NULL,NULL,0,NULL,NULL,NULL,NULL,NULL,NULL,NULL,NULL,NULL,NULL,NULL,0,'',NULL,NULL,0,'MXN',1.00000000,498.00000000,0.00000000,498.00000000),(100,'SO2507-0092',1,NULL,NULL,NULL,435,NULL,'2025-07-15 22:41:43','2025-07-15 22:40:43','2025-07-15 22:40:43','2025-07-15 22:40:43','2025-07-15',1,1,1,1,NULL,3,0.00000000,0,NULL,0,0.00000000,0.00000000,0.00000000,50.00000000,50.00000000,NULL,'','einstein',NULL,NULL,NULL,0,NULL,NULL,NULL,NULL,NULL,NULL,NULL,NULL,NULL,NULL,NULL,0,'',NULL,NULL,0,'MXN',1.00000000,50.00000000,0.00000000,50.00000000),(101,'SO2507-0093',1,NULL,NULL,NULL,699,NULL,'2025-07-15 22:42:03','2025-07-15 22:42:03','2025-07-15 22:42:03','2025-07-15 22:42:03','2025-07-15',1,1,1,1,NULL,3,0.00000000,0,NULL,0,0.00000000,0.00000000,0.00000000,16.00000000,16.00000000,'h4sr7e7gabpsfk736sp4ic63uq','','einstein',NULL,NULL,NULL,0,NULL,NULL,NULL,NULL,NULL,NULL,NULL,NULL,NULL,NULL,NULL,0,'',NULL,NULL,0,'MXN',1.00000000,16.00000000,0.00000000,16.00000000),(102,'SO2507-0094',1,NULL,NULL,NULL,699,NULL,'2025-07-16 18:39:44','2025-07-16 18:39:20','2025-07-16 18:39:38',NULL,'2025-07-16',1,1,1,NULL,NULL,1,0.00000000,0,NULL,0,2.56000000,0.00000000,0.00000000,16.00000000,18.56000000,'','','einstein','commande/SO2507-0094/SO2507-0094.pdf',NULL,NULL,0,NULL,NULL,NULL,NULL,NULL,NULL,NULL,NULL,NULL,NULL,NULL,0,'',NULL,NULL,0,'MXN',1.00000000,16.00000000,2.56000000,18.56000000),(103,'SO2507-0095',1,NULL,NULL,NULL,435,NULL,'2025-07-16 23:19:53','2025-07-16 23:19:39','2025-07-16 23:19:39','2025-07-16 23:19:39','2025-07-16',1,1,1,1,NULL,3,0.00000000,0,NULL,0,0.00000000,0.00000000,0.00000000,0.00000000,0.00000000,'8saa22argbd59jifvqr0n3nnrn','','einstein',NULL,NULL,NULL,0,NULL,NULL,NULL,NULL,NULL,NULL,NULL,NULL,NULL,NULL,NULL,0,'',NULL,NULL,0,'MXN',1.00000000,0.00000000,0.00000000,0.00000000),(104,'SO2507-0096',1,NULL,NULL,NULL,699,NULL,'2025-07-17 00:54:37','2025-07-17 00:54:32','2025-07-17 00:54:32','2025-07-17 00:54:32','2025-07-17',1,1,1,1,NULL,3,0.00000000,0,NULL,0,0.00000000,0.00000000,0.00000000,600.00000000,600.00000000,NULL,'','einstein',NULL,NULL,NULL,0,NULL,NULL,NULL,NULL,NULL,NULL,NULL,NULL,NULL,NULL,NULL,0,'',NULL,NULL,0,'MXN',1.00000000,600.00000000,0.00000000,600.00000000),(105,'SO2507-0097',1,NULL,NULL,NULL,699,NULL,'2025-07-17 01:14:44','2025-07-17 01:07:48','2025-07-17 01:07:48','2025-07-17 01:07:48','2025-07-17',1,1,1,1,NULL,3,0.00000000,0,NULL,0,0.00000000,0.00000000,0.00000000,500.00000000,500.00000000,NULL,'','einstein',NULL,NULL,NULL,0,NULL,NULL,NULL,NULL,NULL,NULL,NULL,NULL,NULL,NULL,NULL,0,'',NULL,NULL,0,'MXN',1.00000000,500.00000000,0.00000000,500.00000000),(106,'SO2507-0098',1,NULL,NULL,NULL,721,NULL,'2025-07-17 01:31:35','2025-07-17 01:31:27','2025-07-17 01:31:27','2025-07-17 01:31:27','2025-07-17',1,1,1,1,NULL,3,0.00000000,0,NULL,0,0.00000000,0.00000000,0.00000000,600.00000000,600.00000000,NULL,'','einstein',NULL,NULL,NULL,0,NULL,NULL,NULL,NULL,NULL,NULL,NULL,NULL,NULL,NULL,NULL,0,'',NULL,NULL,0,'MXN',1.00000000,600.00000000,0.00000000,600.00000000),(107,'SO2507-0099',1,NULL,NULL,NULL,768,NULL,'2025-07-17 04:27:11','2025-07-17 04:27:08','2025-07-17 04:27:08','2025-07-17 04:27:08','2025-07-17',1,1,1,1,NULL,3,0.00000000,0,NULL,0,0.00000000,0.00000000,0.00000000,600.00000000,600.00000000,NULL,'','einstein',NULL,NULL,NULL,0,NULL,NULL,NULL,NULL,NULL,NULL,NULL,NULL,NULL,NULL,NULL,0,'',NULL,NULL,0,'MXN',1.00000000,600.00000000,0.00000000,600.00000000),(108,'SO2507-0100',1,NULL,NULL,NULL,761,NULL,'2025-07-17 04:30:08','2025-07-17 04:30:00','2025-07-17 04:30:00','2025-07-17 04:30:00','2025-07-17',1,1,1,1,NULL,3,0.00000000,0,NULL,0,0.00000000,0.00000000,0.00000000,1200.00000000,1200.00000000,NULL,'','einstein',NULL,NULL,NULL,0,NULL,NULL,NULL,NULL,NULL,NULL,NULL,NULL,NULL,NULL,NULL,0,'',NULL,NULL,0,'MXN',1.00000000,1200.00000000,0.00000000,1200.00000000),(109,'SO2507-0101',1,NULL,NULL,NULL,435,NULL,'2025-07-17 04:43:52','2025-07-17 04:43:39','2025-07-17 04:43:39','2025-07-17 04:43:39','2025-07-17',1,1,1,1,NULL,3,0.00000000,0,NULL,0,0.00000000,0.00000000,0.00000000,740.00000000,740.00000000,NULL,'','einstein',NULL,NULL,NULL,0,NULL,NULL,NULL,NULL,NULL,NULL,NULL,NULL,NULL,NULL,NULL,0,'',NULL,NULL,0,'MXN',1.00000000,740.00000000,0.00000000,740.00000000),(110,'SO2507-0102',1,NULL,NULL,NULL,758,NULL,'2025-07-17 04:44:51','2025-07-17 04:44:39','2025-07-17 04:44:39','2025-07-17 04:44:39','2025-07-17',1,1,1,1,NULL,3,0.00000000,0,NULL,0,0.00000000,0.00000000,0.00000000,600.00000000,600.00000000,NULL,'','einstein',NULL,NULL,NULL,0,NULL,NULL,NULL,NULL,NULL,NULL,NULL,NULL,NULL,NULL,NULL,0,'',NULL,NULL,0,'MXN',1.00000000,600.00000000,0.00000000,600.00000000),(111,'SO2507-0103',1,NULL,NULL,NULL,765,NULL,'2025-07-17 22:55:47','2025-07-17 22:55:47','2025-07-17 22:55:47','2025-07-17 22:55:47','2025-07-17',1,1,1,1,NULL,3,0.00000000,0,NULL,0,0.00000000,0.00000000,0.00000000,600.00000000,600.00000000,'ovars79eaomr76s3esvend38eg','','einstein',NULL,NULL,NULL,0,NULL,NULL,NULL,NULL,NULL,NULL,NULL,NULL,NULL,NULL,NULL,0,'',NULL,NULL,0,'MXN',1.00000000,600.00000000,0.00000000,600.00000000),(112,'SO2507-0104',1,NULL,NULL,NULL,773,NULL,'2025-07-18 00:35:38','2025-07-18 00:35:16','2025-07-18 00:35:16','2025-07-18 00:35:16','2025-07-18',1,1,1,1,NULL,3,0.00000000,0,NULL,0,0.00000000,0.00000000,0.00000000,1200.00000000,1200.00000000,NULL,'','einstein',NULL,NULL,NULL,0,NULL,NULL,NULL,NULL,NULL,NULL,NULL,NULL,NULL,NULL,NULL,0,'',NULL,NULL,0,'MXN',1.00000000,1200.00000000,0.00000000,1200.00000000),(113,'SO2507-0105',1,NULL,NULL,NULL,739,NULL,'2025-07-18 00:40:25','2025-07-18 00:40:21','2025-07-18 00:40:21','2025-07-18 00:40:21','2025-07-18',1,1,1,1,NULL,3,0.00000000,0,NULL,0,0.00000000,0.00000000,0.00000000,600.00000000,600.00000000,NULL,'','einstein',NULL,NULL,NULL,0,NULL,NULL,NULL,NULL,NULL,NULL,NULL,NULL,NULL,NULL,NULL,0,'',NULL,NULL,0,'MXN',1.00000000,600.00000000,0.00000000,600.00000000),(114,'SO2507-0106',1,NULL,NULL,NULL,758,NULL,'2025-07-23 16:06:48','2025-07-23 16:06:37','2025-07-23 16:06:37','2025-07-23 16:06:37','2025-07-23',1,1,1,1,NULL,3,0.00000000,0,NULL,0,0.00000000,0.00000000,0.00000000,634.00000000,634.00000000,NULL,'','einstein',NULL,NULL,NULL,0,NULL,NULL,NULL,NULL,NULL,NULL,NULL,NULL,NULL,NULL,NULL,0,'',NULL,NULL,0,'MXN',1.00000000,634.00000000,0.00000000,634.00000000),(115,'SO2507-0107',1,NULL,NULL,NULL,699,NULL,'2025-07-24 16:25:54','2025-07-23 16:08:55','2025-07-23 16:08:55','2025-07-23 16:08:55','2025-07-23',1,1,1,1,NULL,3,0.00000000,0,NULL,0,0.00000000,0.00000000,0.00000000,516.00000000,516.00000000,NULL,'','einstein',NULL,NULL,NULL,0,NULL,NULL,NULL,NULL,NULL,NULL,NULL,NULL,NULL,NULL,NULL,0,'',NULL,NULL,0,'MXN',1.00000000,516.00000000,0.00000000,516.00000000),(116,'SO2507-0108',1,NULL,NULL,NULL,504,NULL,'2025-07-23 16:10:07','2025-07-23 16:09:50','2025-07-23 16:09:50','2025-07-23 16:09:50','2025-07-23',1,1,1,1,NULL,3,0.00000000,0,NULL,0,0.00000000,0.00000000,0.00000000,600.00000000,600.00000000,NULL,'','einstein',NULL,NULL,NULL,0,NULL,NULL,NULL,NULL,NULL,NULL,NULL,NULL,NULL,NULL,NULL,0,'',NULL,NULL,0,'MXN',1.00000000,600.00000000,0.00000000,600.00000000),(117,'SO2508-0109',1,NULL,NULL,NULL,752,NULL,'2025-08-01 23:19:32','2025-08-01 23:19:19','2025-08-01 23:19:19','2025-08-01 23:19:19','2025-08-01',1,1,1,1,NULL,3,0.00000000,0,NULL,0,0.00000000,0.00000000,0.00000000,600.00000000,600.00000000,NULL,'','einstein',NULL,NULL,NULL,0,NULL,NULL,NULL,NULL,NULL,NULL,NULL,NULL,NULL,NULL,NULL,0,'',NULL,NULL,0,'MXN',1.00000000,600.00000000,0.00000000,600.00000000),(118,'SO2508-0110',1,NULL,NULL,NULL,752,NULL,'2025-08-05 17:20:04','2025-08-05 17:20:00','2025-08-05 17:20:00','2025-08-05 17:20:00','2025-08-05',1,1,1,1,NULL,3,0.00000000,0,NULL,0,0.00000000,0.00000000,0.00000000,634.00000000,634.00000000,'c4u1a4k0vfkujm9t5hplpfp22h','','einstein',NULL,NULL,NULL,0,NULL,NULL,NULL,NULL,NULL,NULL,NULL,NULL,NULL,NULL,NULL,0,'',NULL,NULL,0,'MXN',1.00000000,634.00000000,0.00000000,634.00000000),(119,'SO2508-0111',1,NULL,NULL,NULL,837,NULL,'2025-08-18 22:22:23','2025-08-18 22:15:30','2025-08-18 22:15:30','2025-08-18 22:15:30','2025-08-18',1,1,1,1,NULL,3,0.00000000,0,NULL,0,0.00000000,0.00000000,0.00000000,598.00000000,598.00000000,NULL,'','einstein',NULL,NULL,NULL,0,NULL,NULL,NULL,NULL,NULL,NULL,NULL,NULL,NULL,NULL,NULL,0,'',NULL,NULL,0,'MXN',1.00000000,598.00000000,0.00000000,598.00000000),(120,'SO2508-0112',1,NULL,NULL,NULL,2,NULL,'2025-08-18 23:02:17','2025-08-18 22:28:21','2025-08-18 22:28:21','2025-08-18 22:28:21','2025-08-18',1,1,1,1,NULL,3,0.00000000,0,NULL,0,0.00000000,0.00000000,0.00000000,600.00000000,600.00000000,NULL,'','einstein',NULL,NULL,NULL,0,NULL,NULL,NULL,NULL,NULL,NULL,NULL,NULL,NULL,NULL,NULL,0,'',NULL,NULL,0,'MXN',1.00000000,600.00000000,0.00000000,600.00000000),(125,'SO2508-0117',1,NULL,NULL,NULL,854,NULL,'2025-08-21 22:33:48','2025-08-21 22:22:49','2025-08-21 22:23:41',NULL,'2025-08-21',1,1,1,NULL,NULL,3,0.00000000,0,NULL,0,0.00000000,0.00000000,0.00000000,540.00000000,540.00000000,'','','einstein','commande/SO2508-0117/SO2508-0117.pdf',NULL,NULL,0,NULL,NULL,0,NULL,NULL,NULL,NULL,NULL,NULL,NULL,NULL,0,'',NULL,NULL,0,'MXN',1.00000000,540.00000000,0.00000000,540.00000000),(126,'SO2508-0118',1,NULL,NULL,NULL,854,NULL,'2025-08-21 23:02:37','2025-08-21 22:39:30','2025-08-21 22:39:30','2025-08-21 22:39:30','2025-08-21',1,1,1,1,NULL,3,0.00000000,0,NULL,0,0.00000000,0.00000000,0.00000000,408.00000000,408.00000000,NULL,'','einstein',NULL,NULL,NULL,1,NULL,NULL,NULL,NULL,NULL,NULL,NULL,NULL,NULL,NULL,NULL,0,'',NULL,NULL,0,'MXN',1.00000000,408.00000000,0.00000000,408.00000000),(127,'SO2508-0119',1,NULL,NULL,NULL,854,NULL,'2025-08-21 23:02:18','2025-08-21 22:41:57','2025-08-21 22:41:57','2025-08-21 22:41:57','2025-08-21',1,1,1,1,NULL,3,0.00000000,0,NULL,0,0.00000000,0.00000000,0.00000000,104.00000000,104.00000000,NULL,'','einstein',NULL,NULL,NULL,1,NULL,NULL,NULL,NULL,NULL,NULL,NULL,NULL,NULL,NULL,NULL,0,'',NULL,NULL,0,'MXN',1.00000000,104.00000000,0.00000000,104.00000000),(128,'SO2508-0120',1,NULL,NULL,NULL,740,NULL,'2025-08-21 22:52:12','2025-08-21 22:49:48','2025-08-21 22:49:48','2025-08-21 22:49:48','2025-08-21',1,1,1,1,NULL,3,0.00000000,0,NULL,0,0.00000000,0.00000000,0.00000000,600.00000000,600.00000000,NULL,'','einstein',NULL,NULL,NULL,0,NULL,NULL,NULL,NULL,NULL,NULL,NULL,NULL,NULL,NULL,NULL,0,'',NULL,NULL,0,'MXN',1.00000000,600.00000000,0.00000000,600.00000000),(129,'(PROV129)',1,NULL,NULL,NULL,820,NULL,'2025-08-21 23:09:21','2025-08-21 23:07:26',NULL,NULL,'2025-08-21',1,NULL,NULL,NULL,NULL,0,0.00000000,0,NULL,0,0.00000000,0.00000000,0.00000000,540.00000000,540.00000000,'','','einstein','commande/(PROV129)/(PROV129).pdf',NULL,NULL,0,NULL,NULL,NULL,NULL,4,'2025-08-25 00:00:00',NULL,NULL,NULL,NULL,NULL,0,'',NULL,NULL,0,'MXN',1.00000000,540.00000000,0.00000000,540.00000000),(130,'SO2508-0001',1,NULL,NULL,NULL,856,NULL,'2025-08-22 15:34:44','2025-08-22 15:34:31','2025-08-22 15:34:31','2025-08-22 15:34:31','2025-08-22',1,1,1,1,NULL,3,0.00000000,0,NULL,0,0.00000000,0.00000000,0.00000000,510.00000000,510.00000000,NULL,'','einstein',NULL,NULL,NULL,0,NULL,NULL,NULL,NULL,NULL,NULL,NULL,NULL,NULL,NULL,NULL,0,'',NULL,NULL,0,'MXN',1.00000000,510.00000000,0.00000000,510.00000000),(131,'SO2508-0002',1,NULL,NULL,NULL,854,NULL,'2025-08-23 15:53:08','2025-08-23 15:53:02','2025-08-23 15:53:02','2025-08-23 15:53:02','2025-08-23',1,1,1,1,NULL,3,0.00000000,0,NULL,0,0.00000000,0.00000000,0.00000000,510.00000000,510.00000000,'j2do6hhnhqgn3u1qudg2sicuhj','','einstein',NULL,NULL,NULL,0,NULL,NULL,NULL,NULL,NULL,NULL,NULL,NULL,NULL,NULL,NULL,0,'',NULL,NULL,0,'MXN',1.00000000,510.00000000,0.00000000,510.00000000),(132,'SO2508-0003',1,NULL,NULL,NULL,858,NULL,'2025-08-25 17:34:39','2025-08-25 17:34:34','2025-08-25 17:34:34','2025-08-25 17:34:34','2025-08-25',1,1,1,1,NULL,3,0.00000000,0,NULL,0,0.00000000,0.00000000,0.00000000,680.00000000,680.00000000,NULL,'','einstein',NULL,NULL,NULL,0,NULL,NULL,NULL,NULL,NULL,NULL,NULL,NULL,NULL,NULL,NULL,0,'',NULL,NULL,0,'MXN',1.00000000,680.00000000,0.00000000,680.00000000),(133,'SO2508-0004',1,NULL,NULL,NULL,820,NULL,'2025-08-25 18:17:51','2025-08-25 18:17:15','2025-08-25 18:17:15','2025-08-25 18:17:15','2025-08-25',1,1,1,1,NULL,3,0.00000000,0,NULL,0,0.00000000,0.00000000,0.00000000,440.00000000,440.00000000,NULL,'','einstein',NULL,NULL,NULL,0,NULL,NULL,NULL,NULL,NULL,NULL,NULL,NULL,NULL,NULL,NULL,0,'',NULL,NULL,0,'MXN',1.00000000,440.00000000,0.00000000,440.00000000),(134,'SO2508-0005',1,NULL,NULL,NULL,859,NULL,'2025-08-26 19:15:07','2025-08-26 19:14:31','2025-08-26 19:14:31','2025-08-26 19:14:31','2025-08-26',1,1,1,1,NULL,3,0.00000000,0,NULL,0,0.00000000,0.00000000,0.00000000,680.00000000,680.00000000,NULL,'','einstein',NULL,NULL,NULL,0,NULL,NULL,NULL,NULL,NULL,NULL,NULL,NULL,NULL,NULL,NULL,0,'',NULL,NULL,0,'MXN',1.00000000,680.00000000,0.00000000,680.00000000),(135,'SO2508-0006',1,NULL,NULL,NULL,860,NULL,'2025-08-26 19:22:59','2025-08-26 19:22:40','2025-08-26 19:22:40','2025-08-26 19:22:40','2025-08-26',1,1,1,1,NULL,3,0.00000000,0,NULL,0,0.00000000,0.00000000,0.00000000,756.00000000,756.00000000,NULL,'','einstein',NULL,NULL,NULL,0,NULL,NULL,NULL,NULL,NULL,NULL,NULL,NULL,NULL,NULL,NULL,0,'',NULL,NULL,0,'MXN',1.00000000,756.00000000,0.00000000,756.00000000),(136,'SO2508-0007',1,NULL,NULL,NULL,859,NULL,'2025-08-26 20:13:12','2025-08-26 20:13:08','2025-08-26 20:13:08','2025-08-26 20:13:08','2025-08-26',1,1,1,1,NULL,3,0.00000000,0,NULL,0,0.00000000,0.00000000,0.00000000,140.00000000,140.00000000,NULL,'','einstein',NULL,NULL,NULL,0,NULL,NULL,NULL,NULL,NULL,NULL,NULL,NULL,NULL,NULL,NULL,0,'',NULL,NULL,0,'MXN',1.00000000,140.00000000,0.00000000,140.00000000),(137,'SO2508-0008',1,NULL,NULL,NULL,729,NULL,'2025-08-27 19:55:55','2025-08-27 19:55:55','2025-08-27 19:55:55','2025-08-27 19:55:55','2025-08-27',1,1,1,1,NULL,3,0.00000000,0,NULL,0,0.00000000,0.00000000,0.00000000,680.00000000,680.00000000,'66e3v1ov95hijfr0t2pb3lpakv','','einstein',NULL,NULL,NULL,0,NULL,NULL,NULL,NULL,NULL,NULL,NULL,NULL,NULL,NULL,NULL,0,'',NULL,NULL,0,'MXN',1.00000000,680.00000000,0.00000000,680.00000000),(138,'SO2508-0009',1,NULL,NULL,NULL,862,NULL,'2025-08-28 20:30:19','2025-08-28 20:30:08','2025-08-28 20:30:08','2025-08-28 20:30:08','2025-08-28',1,1,1,1,NULL,3,0.00000000,0,NULL,0,0.00000000,0.00000000,0.00000000,680.00000000,680.00000000,NULL,'','einstein',NULL,NULL,NULL,0,NULL,NULL,NULL,NULL,NULL,NULL,NULL,NULL,NULL,NULL,NULL,0,'',NULL,NULL,0,'MXN',1.00000000,680.00000000,0.00000000,680.00000000),(139,'SO2508-0010',1,NULL,NULL,NULL,863,NULL,'2025-08-28 22:19:17','2025-08-28 22:19:07','2025-08-28 22:19:07','2025-08-28 22:19:07','2025-08-28',1,1,1,1,NULL,3,0.00000000,0,NULL,0,0.00000000,0.00000000,0.00000000,680.00000000,680.00000000,NULL,'','einstein',NULL,NULL,NULL,0,NULL,NULL,NULL,NULL,NULL,NULL,NULL,NULL,NULL,NULL,NULL,0,'',NULL,NULL,0,'MXN',1.00000000,680.00000000,0.00000000,680.00000000),(140,'SO2508-0011',1,NULL,NULL,NULL,864,NULL,'2025-08-29 15:15:57','2025-08-29 15:14:41','2025-08-29 15:14:41','2025-08-29 15:14:41','2025-08-29',1,1,1,1,NULL,3,0.00000000,0,NULL,0,0.00000000,0.00000000,0.00000000,540.00000000,540.00000000,NULL,'','einstein',NULL,NULL,NULL,0,NULL,NULL,NULL,NULL,NULL,NULL,NULL,NULL,NULL,NULL,NULL,0,'',NULL,NULL,0,'MXN',1.00000000,540.00000000,0.00000000,540.00000000),(141,'SO2508-0012',1,NULL,NULL,NULL,865,NULL,'2025-08-29 15:51:22','2025-08-29 15:51:14','2025-08-29 15:51:14','2025-08-29 15:51:14','2025-08-29',1,1,1,1,NULL,3,0.00000000,0,NULL,0,0.00000000,0.00000000,0.00000000,680.00000000,680.00000000,NULL,'','einstein',NULL,NULL,NULL,0,NULL,NULL,NULL,NULL,NULL,NULL,NULL,NULL,NULL,NULL,NULL,0,'',NULL,NULL,0,'MXN',1.00000000,680.00000000,0.00000000,680.00000000),(142,'SO2508-0013',1,NULL,NULL,NULL,866,NULL,'2025-08-29 18:50:57','2025-08-29 18:50:13','2025-08-29 18:50:13','2025-08-29 18:50:13','2025-08-29',1,1,1,1,NULL,3,0.00000000,0,NULL,0,0.00000000,0.00000000,0.00000000,510.00000000,510.00000000,NULL,'','einstein',NULL,NULL,NULL,0,NULL,NULL,NULL,NULL,NULL,NULL,NULL,NULL,NULL,NULL,NULL,0,'',NULL,NULL,0,'MXN',1.00000000,510.00000000,0.00000000,510.00000000),(143,'SO2508-0014',1,NULL,NULL,NULL,867,NULL,'2025-08-30 17:38:44','2025-08-30 17:38:31','2025-08-30 17:38:31','2025-08-30 17:38:31','2025-08-30',1,1,1,1,NULL,3,0.00000000,0,NULL,0,0.00000000,0.00000000,0.00000000,680.00000000,680.00000000,NULL,'','einstein',NULL,NULL,NULL,0,NULL,NULL,NULL,NULL,NULL,NULL,NULL,NULL,NULL,NULL,NULL,0,'',NULL,NULL,0,'MXN',1.00000000,680.00000000,0.00000000,680.00000000),(144,'SO2508-0015',1,NULL,NULL,NULL,869,NULL,'2025-08-30 18:02:17','2025-08-30 18:02:10','2025-08-30 18:02:10','2025-08-30 18:02:10','2025-08-30',1,1,1,1,NULL,3,0.00000000,0,NULL,0,0.00000000,0.00000000,0.00000000,680.00000000,680.00000000,NULL,'','einstein',NULL,NULL,NULL,0,NULL,NULL,NULL,NULL,NULL,NULL,NULL,NULL,NULL,NULL,NULL,0,'',NULL,NULL,0,'MXN',1.00000000,680.00000000,0.00000000,680.00000000),(145,'SO2509-0016',1,NULL,NULL,NULL,880,NULL,'2025-09-01 22:01:40','2025-09-01 22:01:25','2025-09-01 22:01:25','2025-09-01 22:01:25','2025-09-01',1,1,1,1,NULL,3,0.00000000,0,NULL,0,0.00000000,0.00000000,0.00000000,510.00000000,510.00000000,NULL,'','einstein',NULL,NULL,NULL,0,NULL,NULL,NULL,NULL,NULL,NULL,NULL,NULL,NULL,NULL,NULL,0,'',NULL,NULL,0,'MXN',1.00000000,510.00000000,0.00000000,510.00000000),(146,'SO2509-0017',1,NULL,NULL,NULL,820,NULL,'2025-09-02 20:29:44','2025-09-02 20:29:39','2025-09-02 20:29:39','2025-09-02 20:29:39','2025-09-02',1,1,1,1,NULL,3,0.00000000,0,NULL,0,0.00000000,0.00000000,0.00000000,108.00000000,108.00000000,NULL,'','einstein',NULL,NULL,NULL,0,NULL,NULL,NULL,NULL,NULL,NULL,NULL,NULL,NULL,NULL,NULL,0,'',NULL,NULL,0,'MXN',1.00000000,108.00000000,0.00000000,108.00000000),(147,'SO2509-0018',1,NULL,NULL,NULL,886,NULL,'2025-09-03 00:01:06','2025-09-03 00:00:08','2025-09-03 00:00:08','2025-09-03 00:00:08','2025-09-03',1,1,1,1,NULL,3,0.00000000,0,NULL,0,0.00000000,0.00000000,0.00000000,728.00000000,728.00000000,NULL,'','einstein',NULL,NULL,NULL,0,NULL,NULL,NULL,NULL,NULL,NULL,NULL,NULL,NULL,NULL,NULL,0,'',NULL,NULL,0,'MXN',1.00000000,728.00000000,0.00000000,728.00000000),(148,'SO2509-0019',1,NULL,NULL,NULL,889,NULL,'2025-09-04 18:02:01','2025-09-04 18:01:51','2025-09-04 18:01:51','2025-09-04 18:01:51','2025-09-04',1,1,1,1,NULL,3,0.00000000,0,NULL,0,0.00000000,0.00000000,0.00000000,540.00000000,540.00000000,NULL,'','einstein',NULL,NULL,NULL,0,NULL,NULL,NULL,NULL,NULL,NULL,NULL,NULL,NULL,NULL,NULL,0,'',NULL,NULL,0,'MXN',1.00000000,540.00000000,0.00000000,540.00000000),(149,'SO2509-0020',1,NULL,NULL,NULL,865,NULL,'2025-09-04 20:32:58','2025-09-04 20:32:23','2025-09-04 20:32:23','2025-09-04 20:32:23','2025-09-04',1,1,1,1,NULL,3,0.00000000,0,NULL,0,0.00000000,0.00000000,0.00000000,680.00000000,680.00000000,NULL,'','einstein',NULL,NULL,NULL,0,NULL,NULL,NULL,NULL,NULL,NULL,NULL,NULL,NULL,NULL,NULL,0,'',NULL,NULL,0,'MXN',1.00000000,680.00000000,0.00000000,680.00000000),(151,'SO2509-0022',1,NULL,NULL,NULL,894,NULL,'2025-09-05 20:32:42','2025-09-05 20:32:35','2025-09-05 20:32:35','2025-09-05 20:32:35','2025-09-05',1,1,1,1,NULL,3,0.00000000,0,NULL,0,0.00000000,0.00000000,0.00000000,510.00000000,510.00000000,NULL,'','einstein',NULL,NULL,NULL,0,NULL,NULL,NULL,NULL,NULL,NULL,NULL,NULL,NULL,NULL,NULL,0,'',NULL,NULL,0,'MXN',1.00000000,510.00000000,0.00000000,510.00000000),(152,'SO2509-0023',1,NULL,NULL,NULL,919,NULL,'2025-09-12 15:06:09','2025-09-12 15:05:51','2025-09-12 15:05:51','2025-09-12 15:05:51','2025-09-12',1,1,1,1,NULL,3,0.00000000,0,NULL,0,0.00000000,0.00000000,0.00000000,440.00000000,440.00000000,NULL,'','einstein',NULL,NULL,NULL,0,NULL,NULL,NULL,NULL,NULL,NULL,NULL,NULL,NULL,NULL,NULL,0,'',NULL,NULL,0,'MXN',1.00000000,440.00000000,0.00000000,440.00000000),(153,'SO2509-0024',1,NULL,NULL,NULL,922,NULL,'2025-09-12 21:40:53','2025-09-12 21:40:39','2025-09-12 21:40:39','2025-09-12 21:40:39','2025-09-12',1,1,1,1,NULL,3,0.00000000,0,NULL,0,0.00000000,0.00000000,0.00000000,780.00000000,780.00000000,NULL,'','einstein',NULL,NULL,NULL,0,NULL,NULL,NULL,NULL,NULL,NULL,NULL,NULL,NULL,NULL,NULL,0,'',NULL,NULL,0,'MXN',1.00000000,780.00000000,0.00000000,780.00000000),(154,'SO2509-0025',1,NULL,NULL,NULL,925,NULL,'2025-09-13 17:49:29','2025-09-13 17:49:19','2025-09-13 17:49:19','2025-09-13 17:49:19','2025-09-13',1,1,1,1,NULL,3,0.00000000,0,NULL,0,0.00000000,0.00000000,0.00000000,270.00000000,270.00000000,NULL,'','einstein',NULL,NULL,NULL,0,NULL,NULL,NULL,NULL,NULL,NULL,NULL,NULL,NULL,NULL,NULL,0,'',NULL,NULL,0,'MXN',1.00000000,270.00000000,0.00000000,270.00000000),(155,'SO2509-0026',1,NULL,NULL,NULL,931,NULL,'2025-09-15 14:48:47','2025-09-15 14:48:37','2025-09-15 14:48:37','2025-09-15 14:48:37','2025-09-15',1,1,1,1,NULL,3,0.00000000,0,NULL,0,0.00000000,0.00000000,0.00000000,680.00000000,680.00000000,NULL,'','einstein',NULL,NULL,NULL,0,NULL,NULL,NULL,NULL,NULL,NULL,NULL,NULL,NULL,NULL,NULL,0,'',NULL,NULL,0,'MXN',1.00000000,680.00000000,0.00000000,680.00000000),(156,'SO2509-0027',1,NULL,NULL,NULL,932,NULL,'2025-09-15 15:20:27','2025-09-15 15:16:48','2025-09-15 15:16:48','2025-09-15 15:16:48','2025-09-15',1,1,1,1,NULL,3,0.00000000,0,NULL,0,0.00000000,0.00000000,0.00000000,1580.00000000,1580.00000000,NULL,'','einstein',NULL,NULL,NULL,0,NULL,NULL,NULL,NULL,NULL,NULL,NULL,NULL,NULL,NULL,NULL,0,'',NULL,NULL,0,'MXN',1.00000000,1580.00000000,0.00000000,1580.00000000),(157,'SO2509-0028',1,NULL,NULL,NULL,934,NULL,'2025-09-15 20:32:30','2025-09-15 20:32:24','2025-09-15 20:32:24','2025-09-15 20:32:24','2025-09-15',1,1,1,1,NULL,3,0.00000000,0,NULL,0,0.00000000,0.00000000,0.00000000,680.00000000,680.00000000,NULL,'','einstein',NULL,NULL,NULL,0,NULL,NULL,NULL,NULL,NULL,NULL,NULL,NULL,NULL,NULL,NULL,0,'',NULL,NULL,0,'MXN',1.00000000,680.00000000,0.00000000,680.00000000),(158,'SO2509-0029',1,NULL,NULL,NULL,935,NULL,'2025-09-15 21:23:41','2025-09-15 21:23:41','2025-09-15 21:23:41','2025-09-15 21:23:41','2025-09-15',1,1,1,1,NULL,3,0.00000000,0,NULL,0,0.00000000,0.00000000,0.00000000,0.00000000,0.00000000,'s2850bkqsufjuu2phqu0e79qik','','einstein',NULL,NULL,NULL,0,NULL,NULL,NULL,NULL,NULL,NULL,NULL,NULL,NULL,NULL,NULL,0,'',NULL,NULL,0,'MXN',1.00000000,0.00000000,0.00000000,0.00000000),(159,'SO2509-0030',1,NULL,NULL,NULL,935,NULL,'2025-09-15 21:26:07','2025-09-15 21:26:07','2025-09-15 21:26:07','2025-09-15 21:26:07','2025-09-15',1,1,1,1,NULL,3,0.00000000,0,NULL,0,0.00000000,0.00000000,0.00000000,0.00000000,0.00000000,'bbi7tm6cqb4mh0kha9ltcla28e','','einstein',NULL,NULL,NULL,0,NULL,NULL,NULL,NULL,NULL,NULL,NULL,NULL,NULL,NULL,NULL,0,'',NULL,NULL,0,'MXN',1.00000000,0.00000000,0.00000000,0.00000000),(160,'SO2509-0031',1,NULL,NULL,NULL,938,NULL,'2025-09-16 15:39:45','2025-09-16 15:39:18','2025-09-16 15:39:18','2025-09-16 15:39:18','2025-09-16',1,1,1,1,NULL,3,0.00000000,0,NULL,0,0.00000000,0.00000000,0.00000000,880.00000000,880.00000000,NULL,'','einstein',NULL,NULL,NULL,0,NULL,NULL,NULL,NULL,NULL,NULL,NULL,NULL,NULL,NULL,NULL,0,'',NULL,NULL,0,'MXN',1.00000000,880.00000000,0.00000000,880.00000000),(161,'SO2509-0032',1,NULL,NULL,NULL,939,NULL,'2025-09-16 16:03:26','2025-09-16 16:03:09','2025-09-16 16:03:09','2025-09-16 16:03:09','2025-09-16',1,1,1,1,NULL,3,0.00000000,0,NULL,0,0.00000000,0.00000000,0.00000000,558.00000000,558.00000000,NULL,'','einstein',NULL,NULL,NULL,0,NULL,NULL,NULL,NULL,NULL,NULL,NULL,NULL,NULL,NULL,NULL,0,'',NULL,NULL,0,'MXN',1.00000000,558.00000000,0.00000000,558.00000000),(162,'SO2509-0033',1,NULL,NULL,NULL,758,NULL,'2025-09-17 15:28:41','2025-09-17 15:26:45','2025-09-17 15:26:45','2025-09-17 15:26:45','2025-09-17',1,1,1,1,NULL,3,0.00000000,0,NULL,0,0.00000000,0.00000000,0.00000000,600.00000000,600.00000000,NULL,'','einstein',NULL,NULL,NULL,0,NULL,NULL,NULL,NULL,NULL,NULL,NULL,NULL,NULL,NULL,NULL,0,'',NULL,NULL,0,'MXN',1.00000000,600.00000000,0.00000000,600.00000000),(163,'SO2509-0034',1,NULL,NULL,NULL,931,NULL,'2025-09-17 16:54:23','2025-09-17 16:54:19','2025-09-17 16:54:19','2025-09-17 16:54:19','2025-09-17',1,1,1,1,NULL,3,0.00000000,0,NULL,0,0.00000000,0.00000000,0.00000000,680.00000000,680.00000000,NULL,'','einstein',NULL,NULL,NULL,0,NULL,NULL,NULL,NULL,NULL,NULL,NULL,NULL,NULL,NULL,NULL,0,'',NULL,NULL,0,'MXN',1.00000000,680.00000000,0.00000000,680.00000000),(164,'SO2509-0035',1,NULL,NULL,NULL,941,NULL,'2025-09-17 17:36:37','2025-09-17 17:36:33','2025-09-17 17:36:33','2025-09-17 17:36:33','2025-09-17',1,1,1,1,NULL,3,0.00000000,0,NULL,0,0.00000000,0.00000000,0.00000000,680.00000000,680.00000000,NULL,'','einstein',NULL,NULL,NULL,0,NULL,NULL,NULL,NULL,NULL,NULL,NULL,NULL,NULL,NULL,NULL,0,'',NULL,NULL,0,'MXN',1.00000000,680.00000000,0.00000000,680.00000000),(165,'SO2509-0036',1,NULL,NULL,NULL,942,NULL,'2025-09-17 19:03:45','2025-09-17 19:03:31','2025-09-17 19:03:31','2025-09-17 19:03:31','2025-09-17',1,1,1,1,NULL,3,0.00000000,0,NULL,0,0.00000000,0.00000000,0.00000000,680.00000000,680.00000000,NULL,'','einstein',NULL,NULL,NULL,0,NULL,NULL,NULL,NULL,NULL,NULL,NULL,NULL,NULL,NULL,NULL,0,'',NULL,NULL,0,'MXN',1.00000000,680.00000000,0.00000000,680.00000000),(166,'SO2509-0037',1,NULL,NULL,NULL,944,NULL,'2025-09-19 15:33:19','2025-09-18 00:30:47','2025-09-19 15:33:19','2025-09-18 00:30:47','2025-09-18',1,9,9,1,NULL,1,0.00000000,0,NULL,0,0.00000000,0.00000000,0.00000000,1458.00000000,1458.00000000,NULL,'','einstein','commande/SO2509-0037/SO2509-0037.pdf',NULL,NULL,0,NULL,NULL,NULL,NULL,NULL,NULL,NULL,NULL,NULL,NULL,NULL,0,'',NULL,NULL,0,'MXN',1.00000000,1458.00000000,0.00000000,1458.00000000),(167,'SO2509-0038',1,NULL,NULL,NULL,817,NULL,'2025-09-19 16:16:37','2025-09-18 17:56:52','2025-09-19 16:16:37','2025-09-18 17:56:52','2025-09-18',1,9,9,1,NULL,1,0.00000000,0,NULL,0,0.00000000,0.00000000,0.00000000,660.00000000,660.00000000,NULL,'','einstein','commande/SO2509-0038/SO2509-0038.pdf',NULL,NULL,0,NULL,NULL,NULL,NULL,NULL,NULL,NULL,NULL,NULL,NULL,NULL,0,'',NULL,NULL,0,'MXN',1.00000000,660.00000000,0.00000000,660.00000000),(169,'SO2509-0040',1,NULL,NULL,NULL,945,NULL,'2025-09-18 19:19:35','2025-09-18 18:37:18','2025-09-18 18:37:18','2025-09-18 18:37:18','2025-09-18',1,1,1,1,NULL,3,0.00000000,0,NULL,0,0.00000000,0.00000000,0.00000000,1020.00000000,1020.00000000,NULL,'','einstein',NULL,NULL,NULL,0,NULL,NULL,NULL,NULL,NULL,NULL,NULL,NULL,NULL,NULL,NULL,0,'',NULL,NULL,0,'MXN',1.00000000,1020.00000000,0.00000000,1020.00000000),(170,'SO2509-0041',1,NULL,NULL,NULL,946,NULL,'2025-09-19 16:44:29','2025-09-18 19:20:25','2025-09-19 16:44:29','2025-09-18 19:20:25','2025-09-18',1,9,9,1,NULL,1,0.00000000,0,NULL,0,0.00000000,0.00000000,0.00000000,510.00000000,510.00000000,'nhktnemjafumpjn03e4vsngd2j','','einstein','commande/SO2509-0041/SO2509-0041.pdf',NULL,NULL,0,NULL,NULL,NULL,NULL,NULL,NULL,NULL,NULL,NULL,NULL,NULL,0,'',NULL,NULL,0,'MXN',1.00000000,510.00000000,0.00000000,510.00000000),(171,'SO2509-0121',1,NULL,NULL,NULL,947,NULL,'2025-09-19 16:32:19','2025-09-19 16:31:48','2025-09-19 16:32:19',NULL,'2025-09-19',9,9,9,NULL,NULL,1,0.00000000,0,NULL,0,0.00000000,0.00000000,0.00000000,510.00000000,510.00000000,'','','einstein','commande/SO2509-0121/SO2509-0121.pdf',NULL,NULL,0,NULL,NULL,7,NULL,4,'2025-09-19 00:00:00',NULL,NULL,NULL,NULL,NULL,0,'',NULL,NULL,0,'MXN',1.00000000,510.00000000,0.00000000,510.00000000),(172,'SO2509-0122',1,NULL,NULL,NULL,898,NULL,'2025-09-20 15:40:55','2025-09-19 18:39:13','2025-09-20 15:40:55','2025-09-19 18:39:13','2025-09-19',1,9,9,1,NULL,1,0.00000000,0,NULL,0,0.00000000,0.00000000,0.00000000,540.00000000,540.00000000,NULL,'','einstein','commande/SO2509-0122/SO2509-0122.pdf',NULL,NULL,0,NULL,NULL,NULL,NULL,NULL,NULL,NULL,NULL,NULL,NULL,NULL,0,'',NULL,NULL,0,'MXN',1.00000000,540.00000000,0.00000000,540.00000000),(173,'SO2509-0123',1,NULL,NULL,NULL,953,NULL,'2025-09-20 15:54:48','2025-09-20 15:48:19','2025-09-20 15:48:19','2025-09-20 15:48:19','2025-09-20',1,1,1,1,NULL,3,0.00000000,0,NULL,0,0.00000000,0.00000000,0.00000000,0.00000000,0.00000000,NULL,'','einstein',NULL,NULL,NULL,0,NULL,NULL,NULL,NULL,NULL,NULL,NULL,NULL,NULL,NULL,NULL,0,'',NULL,NULL,0,'MXN',1.00000000,0.00000000,0.00000000,0.00000000),(174,'SO2509-0124',1,NULL,NULL,NULL,952,NULL,'2025-09-20 15:55:01','2025-09-20 15:55:01','2025-09-20 15:55:01','2025-09-20 15:55:01','2025-09-20',1,1,1,1,NULL,3,0.00000000,0,NULL,0,0.00000000,0.00000000,0.00000000,0.00000000,0.00000000,'tbdsr0udmbrl17jvd1t99qlb9h','','einstein',NULL,NULL,NULL,0,NULL,NULL,NULL,NULL,NULL,NULL,NULL,NULL,NULL,NULL,NULL,0,'',NULL,NULL,0,'MXN',1.00000000,0.00000000,0.00000000,0.00000000),(175,'SO2509-0125',1,NULL,NULL,NULL,953,NULL,'2025-09-20 16:10:45','2025-09-20 16:10:45','2025-09-20 16:10:45','2025-09-20 16:10:45','2025-09-20',1,1,1,1,NULL,3,0.00000000,0,NULL,0,0.00000000,0.00000000,0.00000000,0.00000000,0.00000000,'om9smiiaftpugi2p1u4cla4leo','','einstein',NULL,NULL,NULL,0,NULL,NULL,NULL,NULL,NULL,NULL,NULL,NULL,NULL,NULL,NULL,0,'',NULL,NULL,0,'MXN',1.00000000,0.00000000,0.00000000,0.00000000),(176,'SO2509-0126',1,NULL,NULL,NULL,741,NULL,'2025-09-22 15:48:34','2025-09-22 15:47:39','2025-09-22 15:47:39','2025-09-22 15:47:39','2025-09-22',1,1,1,1,NULL,3,0.00000000,0,NULL,0,0.00000000,0.00000000,0.00000000,520.00000000,520.00000000,NULL,'','einstein',NULL,NULL,NULL,0,NULL,NULL,NULL,NULL,NULL,NULL,NULL,NULL,NULL,NULL,NULL,0,'',NULL,NULL,0,'MXN',1.00000000,520.00000000,0.00000000,520.00000000),(177,'SO2509-0127',1,NULL,NULL,NULL,961,NULL,'2025-09-22 16:34:01','2025-09-22 16:33:39','2025-09-22 16:33:39','2025-09-22 16:33:39','2025-09-22',1,1,1,1,NULL,3,0.00000000,0,NULL,0,0.00000000,0.00000000,0.00000000,680.00000000,680.00000000,NULL,'','einstein',NULL,NULL,NULL,0,NULL,NULL,NULL,NULL,NULL,NULL,NULL,NULL,NULL,NULL,NULL,0,'',NULL,NULL,0,'MXN',1.00000000,680.00000000,0.00000000,680.00000000),(178,'SO2509-0128',1,NULL,NULL,NULL,962,NULL,'2025-09-22 17:59:04','2025-09-22 17:31:01','2025-09-22 17:31:01','2025-09-22 17:31:01','2025-09-22',1,1,1,1,NULL,3,0.00000000,0,NULL,0,0.00000000,0.00000000,0.00000000,680.00000000,680.00000000,NULL,'','einstein',NULL,NULL,NULL,0,NULL,NULL,NULL,NULL,NULL,NULL,NULL,NULL,NULL,NULL,NULL,0,'',NULL,NULL,0,'MXN',1.00000000,680.00000000,0.00000000,680.00000000),(179,'SO2509-0129',1,NULL,NULL,NULL,963,NULL,'2025-09-22 18:32:23','2025-09-22 18:06:52','2025-09-22 18:06:52','2025-09-22 18:06:52','2025-09-22',1,1,1,1,NULL,3,0.00000000,0,NULL,0,0.00000000,0.00000000,0.00000000,1056.00000000,1056.00000000,NULL,'','einstein',NULL,NULL,NULL,0,NULL,NULL,NULL,NULL,NULL,NULL,NULL,NULL,NULL,NULL,NULL,0,'',NULL,NULL,0,'MXN',1.00000000,1056.00000000,0.00000000,1056.00000000),(180,'SO2509-0130',1,NULL,NULL,NULL,964,NULL,'2025-09-22 18:33:50','2025-09-22 18:33:50','2025-09-22 18:33:50','2025-09-22 18:33:50','2025-09-22',1,1,1,1,NULL,3,0.00000000,0,NULL,0,0.00000000,0.00000000,0.00000000,0.00000000,0.00000000,'lr0ibtdud41edfhd2oaj29bgdj','','einstein',NULL,NULL,NULL,0,NULL,NULL,NULL,NULL,NULL,NULL,NULL,NULL,NULL,NULL,NULL,0,'',NULL,NULL,0,'MXN',1.00000000,0.00000000,0.00000000,0.00000000),(181,'SO2509-0131',1,NULL,NULL,NULL,889,NULL,'2025-09-23 14:47:18','2025-09-23 14:47:02','2025-09-23 14:47:02','2025-09-23 14:47:02','2025-09-23',1,1,1,1,NULL,3,0.00000000,0,NULL,0,0.00000000,0.00000000,0.00000000,540.00000000,540.00000000,NULL,'','einstein',NULL,NULL,NULL,0,NULL,NULL,NULL,NULL,NULL,NULL,NULL,NULL,NULL,NULL,NULL,0,'',NULL,NULL,0,'MXN',1.00000000,540.00000000,0.00000000,540.00000000),(182,'SO2509-0132',1,NULL,NULL,NULL,974,NULL,'2025-09-23 16:38:05','2025-09-23 16:36:05','2025-09-23 16:36:05','2025-09-23 16:36:05','2025-09-23',1,1,1,1,NULL,3,0.00000000,0,NULL,0,0.00000000,0.00000000,0.00000000,810.00000000,810.00000000,NULL,'','einstein',NULL,NULL,NULL,0,NULL,NULL,NULL,NULL,NULL,NULL,NULL,NULL,NULL,NULL,NULL,0,'',NULL,NULL,0,'MXN',1.00000000,810.00000000,0.00000000,810.00000000),(183,'SO2509-0133',1,NULL,NULL,NULL,393,NULL,'2025-09-23 17:46:03','2025-09-23 17:40:24','2025-09-23 17:45:24',NULL,'2025-09-23',1,1,1,NULL,NULL,1,0.00000000,0,NULL,0,288.00000000,0.00000000,0.00000000,1800.00000000,2088.00000000,'','','einstein','commande/SO2509-0133/SO2509-0133.pdf',NULL,NULL,1,NULL,NULL,NULL,NULL,NULL,NULL,NULL,NULL,NULL,NULL,NULL,0,'',NULL,NULL,0,'MXN',1.00000000,1800.00000000,288.00000000,2088.00000000),(184,'SO2509-0134',1,NULL,NULL,NULL,964,NULL,'2025-09-25 22:19:41','2025-09-25 22:19:41','2025-09-25 22:19:41','2025-09-25 22:19:41','2025-09-25',1,1,1,1,NULL,3,0.00000000,0,NULL,0,0.00000000,0.00000000,0.00000000,0.00000000,0.00000000,'q4ada2ocu60k2uk7b1dm8jqn09','','einstein',NULL,NULL,NULL,0,NULL,NULL,NULL,NULL,NULL,NULL,NULL,NULL,NULL,NULL,NULL,0,'',NULL,NULL,0,'MXN',1.00000000,0.00000000,0.00000000,0.00000000),(185,'SO2509-0135',1,NULL,NULL,NULL,982,NULL,'2025-09-26 18:52:13','2025-09-26 18:47:57','2025-09-26 18:47:57','2025-09-26 18:47:57','2025-09-26',1,1,1,1,NULL,3,0.00000000,0,NULL,0,0.00000000,0.00000000,0.00000000,920.00000000,920.00000000,NULL,'','einstein',NULL,NULL,NULL,1,NULL,NULL,NULL,NULL,NULL,NULL,NULL,NULL,NULL,NULL,NULL,0,'',NULL,NULL,0,'MXN',1.00000000,920.00000000,0.00000000,920.00000000),(186,'SO2509-0136',1,NULL,NULL,NULL,984,NULL,'2025-09-26 19:04:03','2025-09-26 19:03:24','2025-09-26 19:03:24','2025-09-26 19:03:24','2025-09-26',1,1,1,1,NULL,3,0.00000000,0,NULL,0,0.00000000,0.00000000,0.00000000,1090.00000000,1090.00000000,NULL,'','einstein',NULL,NULL,NULL,0,NULL,NULL,NULL,NULL,NULL,NULL,NULL,NULL,NULL,NULL,NULL,0,'',NULL,NULL,0,'MXN',1.00000000,1090.00000000,0.00000000,1090.00000000),(187,'SO2509-0137',1,NULL,NULL,NULL,986,NULL,'2025-09-26 21:56:08','2025-09-26 21:54:14','2025-09-26 21:54:14','2025-09-26 21:54:14','2025-09-26',1,1,1,1,NULL,3,0.00000000,0,NULL,0,0.00000000,0.00000000,0.00000000,791.00000000,791.00000000,NULL,'','einstein',NULL,NULL,NULL,0,NULL,NULL,NULL,NULL,NULL,NULL,NULL,NULL,NULL,NULL,NULL,0,'',NULL,NULL,0,'MXN',1.00000000,791.00000000,0.00000000,791.00000000),(188,'SO2509-0138',1,NULL,NULL,NULL,898,NULL,'2025-09-27 23:09:12','2025-09-27 23:08:59','2025-09-27 23:08:59','2025-09-27 23:08:59','2025-09-27',1,1,1,1,NULL,3,0.00000000,0,NULL,0,0.00000000,0.00000000,0.00000000,810.00000000,810.00000000,NULL,'','einstein',NULL,NULL,NULL,0,NULL,NULL,NULL,NULL,NULL,NULL,NULL,NULL,NULL,NULL,NULL,0,'',NULL,NULL,0,'MXN',1.00000000,810.00000000,0.00000000,810.00000000),(189,'SO2509-0139',1,NULL,NULL,NULL,990,NULL,'2025-09-29 18:32:01','2025-09-29 18:31:39','2025-09-29 18:31:39','2025-09-29 18:31:39','2025-09-29',1,1,1,1,NULL,3,0.00000000,0,NULL,0,0.00000000,0.00000000,0.00000000,950.00000000,950.00000000,NULL,'','einstein',NULL,NULL,NULL,0,NULL,NULL,NULL,NULL,NULL,NULL,NULL,NULL,NULL,NULL,NULL,0,'',NULL,NULL,0,'MXN',1.00000000,950.00000000,0.00000000,950.00000000),(190,'SO2509-0140',1,NULL,NULL,NULL,938,NULL,'2025-09-29 18:47:55','2025-09-29 18:47:07','2025-09-29 18:47:07','2025-09-29 18:47:07','2025-09-29',1,1,1,1,NULL,3,0.00000000,0,NULL,0,0.00000000,0.00000000,0.00000000,618.00000000,618.00000000,'vcnin6gsr2pfacqt7bmolpg7p6','','einstein',NULL,NULL,NULL,0,NULL,NULL,NULL,NULL,NULL,NULL,NULL,NULL,NULL,NULL,NULL,0,'',NULL,NULL,0,'MXN',1.00000000,618.00000000,0.00000000,618.00000000),(191,'SO2509-0141',1,NULL,NULL,NULL,994,NULL,'2025-09-30 17:10:20','2025-09-30 17:10:20','2025-09-30 17:10:20','2025-09-30 17:10:20','2025-09-30',1,1,1,1,NULL,3,0.00000000,0,NULL,0,0.00000000,0.00000000,0.00000000,0.00000000,0.00000000,'0odi43p7bb0slihfdbtk946022','','einstein',NULL,NULL,NULL,0,NULL,NULL,NULL,NULL,NULL,NULL,NULL,NULL,NULL,NULL,NULL,0,'',NULL,NULL,0,'MXN',1.00000000,0.00000000,0.00000000,0.00000000),(192,'SO2509-0142',1,NULL,NULL,NULL,996,NULL,'2025-10-03 02:12:34','2025-09-30 22:46:56','2025-09-30 22:46:56','2025-09-30 22:46:56','2025-09-30',1,1,1,1,NULL,3,0.00000000,0,NULL,0,0.00000000,0.00000000,0.00000000,880.00000000,880.00000000,NULL,'','einstein',NULL,NULL,NULL,1,NULL,NULL,NULL,NULL,NULL,NULL,NULL,NULL,NULL,NULL,NULL,0,'',NULL,NULL,0,'MXN',1.00000000,880.00000000,0.00000000,880.00000000),(193,'SO2510-0143',1,NULL,NULL,NULL,1004,NULL,'2025-10-02 16:34:50','2025-10-02 16:34:06','2025-10-02 16:34:06','2025-10-02 16:34:06','2025-10-02',1,1,1,1,NULL,3,0.00000000,0,NULL,0,0.00000000,0.00000000,0.00000000,1050.00000000,1050.00000000,NULL,'','einstein',NULL,NULL,NULL,0,NULL,NULL,NULL,NULL,NULL,NULL,NULL,NULL,NULL,NULL,NULL,0,'',NULL,NULL,0,'MXN',1.00000000,1050.00000000,0.00000000,1050.00000000),(194,'SO2510-0144',1,NULL,NULL,NULL,1005,NULL,'2025-10-02 17:30:41','2025-10-02 17:23:00','2025-10-02 17:23:00','2025-10-02 17:23:00','2025-10-02',1,1,1,1,NULL,3,0.00000000,0,NULL,0,0.00000000,0.00000000,0.00000000,850.00000000,850.00000000,NULL,'','einstein',NULL,NULL,NULL,0,NULL,NULL,NULL,NULL,NULL,NULL,NULL,NULL,NULL,NULL,NULL,0,'',NULL,NULL,0,'MXN',1.00000000,850.00000000,0.00000000,850.00000000),(195,'SO2510-0145',1,NULL,NULL,NULL,1007,NULL,'2025-10-02 23:07:55','2025-10-02 23:07:55','2025-10-02 23:07:55','2025-10-02 23:07:55','2025-10-02',1,1,1,1,NULL,3,0.00000000,0,NULL,0,0.00000000,0.00000000,0.00000000,0.00000000,0.00000000,'lk6mhqt3a3nv06ogfg5h3ndh6o','','einstein',NULL,NULL,NULL,0,NULL,NULL,NULL,NULL,NULL,NULL,NULL,NULL,NULL,NULL,NULL,0,'',NULL,NULL,0,'MXN',1.00000000,0.00000000,0.00000000,0.00000000),(196,'SO2510-0146',1,NULL,NULL,NULL,1007,NULL,'2025-10-03 15:13:54','2025-10-03 15:13:54','2025-10-03 15:13:54','2025-10-03 15:13:54','2025-10-03',1,1,1,1,NULL,3,0.00000000,0,NULL,0,0.00000000,0.00000000,0.00000000,0.00000000,0.00000000,'d2uscg9fds169pl49ta51uk9ph','','einstein',NULL,NULL,NULL,0,NULL,NULL,NULL,NULL,NULL,NULL,NULL,NULL,NULL,NULL,NULL,0,'',NULL,NULL,0,'MXN',1.00000000,0.00000000,0.00000000,0.00000000),(197,'SO2510-0147',1,NULL,NULL,NULL,1007,NULL,'2025-10-03 20:23:37','2025-10-03 20:23:37','2025-10-03 20:23:37','2025-10-03 20:23:37','2025-10-03',1,1,1,1,NULL,3,0.00000000,0,NULL,0,0.00000000,0.00000000,0.00000000,0.00000000,0.00000000,'3685e7e9b5fl3riug66v8h0g2r','','einstein',NULL,NULL,NULL,0,NULL,NULL,NULL,NULL,NULL,NULL,NULL,NULL,NULL,NULL,NULL,0,'',NULL,NULL,0,'MXN',1.00000000,0.00000000,0.00000000,0.00000000),(198,'SO2510-0148',1,NULL,NULL,NULL,1018,NULL,'2025-10-03 22:25:13','2025-10-03 22:25:00','2025-10-03 22:25:00','2025-10-03 22:25:00','2025-10-03',1,1,1,1,NULL,3,0.00000000,0,NULL,0,0.00000000,0.00000000,0.00000000,0.00000000,0.00000000,'lit8lidg603dv5rhlf12630mkr','','einstein',NULL,NULL,NULL,0,NULL,NULL,NULL,NULL,NULL,NULL,NULL,NULL,NULL,NULL,NULL,0,'',NULL,NULL,0,'MXN',1.00000000,0.00000000,0.00000000,0.00000000),(199,'SO2510-0149',1,NULL,NULL,NULL,1017,NULL,'2025-10-04 15:21:42','2025-10-04 15:21:42','2025-10-04 15:21:42','2025-10-04 15:21:42','2025-10-04',1,1,1,1,NULL,3,0.00000000,0,NULL,0,0.00000000,0.00000000,0.00000000,0.00000000,0.00000000,'h1da6v81irbfam9m72kkcr1efo','','einstein',NULL,NULL,NULL,0,NULL,NULL,NULL,NULL,NULL,NULL,NULL,NULL,NULL,NULL,NULL,0,'',NULL,NULL,0,'MXN',1.00000000,0.00000000,0.00000000,0.00000000),(200,'SO2510-0150',1,NULL,NULL,NULL,1016,NULL,'2025-10-04 18:30:07','2025-10-04 18:29:55','2025-10-04 18:29:55','2025-10-04 18:29:55','2025-10-04',1,1,1,1,NULL,3,0.00000000,0,NULL,0,0.00000000,0.00000000,0.00000000,0.00000000,0.00000000,NULL,'','einstein',NULL,NULL,NULL,0,NULL,NULL,NULL,NULL,NULL,NULL,NULL,NULL,NULL,NULL,NULL,0,'',NULL,NULL,0,'MXN',1.00000000,0.00000000,0.00000000,0.00000000),(201,'SO2510-0151',1,NULL,NULL,NULL,1016,NULL,'2025-10-04 18:30:22','2025-10-04 18:30:22','2025-10-04 18:30:22','2025-10-04 18:30:22','2025-10-04',1,1,1,1,NULL,3,0.00000000,0,NULL,0,0.00000000,0.00000000,0.00000000,0.00000000,0.00000000,'lbortun5vcd0babc5184pn3vrn','','einstein',NULL,NULL,NULL,0,NULL,NULL,NULL,NULL,NULL,NULL,NULL,NULL,NULL,NULL,NULL,0,'',NULL,NULL,0,'MXN',1.00000000,0.00000000,0.00000000,0.00000000),(202,'SO2510-0152',1,NULL,NULL,NULL,1026,NULL,'2025-10-07 17:33:21','2025-10-07 17:33:09','2025-10-07 17:33:09','2025-10-07 17:33:09','2025-10-07',1,1,1,1,NULL,3,0.00000000,0,NULL,0,0.00000000,0.00000000,0.00000000,680.00000000,680.00000000,'rlf63tp771jaa2jgia7m48k8b3','','einstein',NULL,NULL,NULL,0,NULL,NULL,NULL,NULL,NULL,NULL,NULL,NULL,NULL,NULL,NULL,0,'',NULL,NULL,0,'MXN',1.00000000,680.00000000,0.00000000,680.00000000),(203,'SO2510-0153',1,NULL,NULL,NULL,1028,NULL,'2025-10-11 15:22:10','2025-10-08 15:18:09','2025-10-08 15:18:09','2025-10-08 15:18:09','2025-10-08',1,1,1,1,NULL,3,0.00000000,0,NULL,0,0.00000000,0.00000000,0.00000000,942.00000000,942.00000000,NULL,'','einstein',NULL,NULL,NULL,1,NULL,NULL,NULL,NULL,NULL,NULL,NULL,NULL,NULL,NULL,NULL,0,'',NULL,NULL,0,'MXN',1.00000000,942.00000000,0.00000000,942.00000000),(204,'SO2510-0154',1,NULL,NULL,NULL,1029,NULL,'2025-10-11 16:13:19','2025-10-08 17:15:13','2025-10-08 17:15:13','2025-10-08 17:15:13','2025-10-08',1,1,1,1,NULL,3,0.00000000,0,NULL,0,0.00000000,0.00000000,0.00000000,1050.00000000,1050.00000000,NULL,'','einstein',NULL,NULL,NULL,1,NULL,NULL,NULL,NULL,NULL,NULL,NULL,NULL,NULL,NULL,NULL,0,'',NULL,NULL,0,'MXN',1.00000000,1050.00000000,0.00000000,1050.00000000),(205,'SO2510-0155',1,NULL,NULL,NULL,1030,NULL,'2025-10-08 22:29:40','2025-10-08 22:29:40','2025-10-08 22:29:40','2025-10-08 22:29:40','2025-10-08',1,1,1,1,NULL,3,0.00000000,0,NULL,0,0.00000000,0.00000000,0.00000000,0.00000000,0.00000000,'0njdlvigi68ntl1paq7ndstjqf','','einstein',NULL,NULL,NULL,0,NULL,NULL,NULL,NULL,NULL,NULL,NULL,NULL,NULL,NULL,NULL,0,'',NULL,NULL,0,'MXN',1.00000000,0.00000000,0.00000000,0.00000000),(206,'SO2510-0156',1,NULL,NULL,NULL,1042,NULL,'2025-10-16 21:58:24','2025-10-16 21:47:58','2025-10-16 21:47:58','2025-10-16 21:47:58','2025-10-16',1,1,1,1,NULL,3,0.00000000,0,NULL,0,0.00000000,0.00000000,0.00000000,1170.00000000,1170.00000000,NULL,'','einstein',NULL,NULL,NULL,0,NULL,NULL,NULL,NULL,NULL,NULL,NULL,NULL,NULL,NULL,NULL,0,'',NULL,NULL,0,'MXN',1.00000000,1170.00000000,0.00000000,1170.00000000),(207,'SO2510-0157',1,NULL,NULL,NULL,1053,NULL,'2025-10-17 20:52:51','2025-10-17 19:48:00','2025-10-17 19:48:00','2025-10-17 19:48:00','2025-10-17',1,1,1,1,NULL,3,0.00000000,0,NULL,0,0.00000000,0.00000000,0.00000000,1660.00000000,1660.00000000,NULL,'','einstein',NULL,NULL,NULL,0,NULL,NULL,NULL,NULL,NULL,NULL,NULL,NULL,NULL,NULL,NULL,0,'',NULL,NULL,0,'MXN',1.00000000,1660.00000000,0.00000000,1660.00000000),(208,'SO2510-0158',1,NULL,NULL,NULL,1055,NULL,'2025-10-17 20:53:14','2025-10-17 20:53:10','2025-10-17 20:53:10','2025-10-17 20:53:10','2025-10-17',1,1,1,1,NULL,3,0.00000000,0,NULL,0,0.00000000,0.00000000,0.00000000,880.00000000,880.00000000,'rfs3ekhha72u869odhljbclmqv','','einstein',NULL,NULL,NULL,0,NULL,NULL,NULL,NULL,NULL,NULL,NULL,NULL,NULL,NULL,NULL,0,'',NULL,NULL,0,'MXN',1.00000000,880.00000000,0.00000000,880.00000000),(209,'SO2510-0159',1,NULL,NULL,NULL,1057,NULL,'2025-10-18 00:03:43','2025-10-18 00:03:30','2025-10-18 00:03:30','2025-10-18 00:03:30','2025-10-18',1,1,1,1,NULL,3,0.00000000,0,NULL,0,0.00000000,0.00000000,0.00000000,440.00000000,440.00000000,'ig0hjtid4e6qe24o5ui5g34d4v','','einstein',NULL,NULL,NULL,0,NULL,NULL,NULL,NULL,NULL,NULL,NULL,NULL,NULL,NULL,NULL,0,'',NULL,NULL,0,'MXN',1.00000000,440.00000000,0.00000000,440.00000000),(210,'SO2510-0160',1,NULL,NULL,NULL,1064,NULL,'2025-10-18 16:35:20','2025-10-18 15:26:28','2025-10-18 15:26:28','2025-10-18 15:26:28','2025-10-18',1,1,1,1,NULL,3,0.00000000,0,NULL,0,0.00000000,0.00000000,0.00000000,680.00000000,680.00000000,NULL,'','einstein',NULL,NULL,NULL,1,NULL,NULL,NULL,NULL,NULL,NULL,NULL,NULL,NULL,NULL,NULL,0,'',NULL,NULL,0,'MXN',1.00000000,680.00000000,0.00000000,680.00000000),(211,'SO2510-0161',1,NULL,NULL,NULL,1066,NULL,'2025-10-18 22:34:34','2025-10-18 22:05:10','2025-10-18 22:05:10','2025-10-18 22:05:10','2025-10-18',1,1,1,1,NULL,3,0.00000000,0,NULL,0,0.00000000,0.00000000,0.00000000,600.00000000,600.00000000,NULL,'','einstein',NULL,NULL,NULL,0,NULL,NULL,NULL,NULL,NULL,NULL,NULL,NULL,NULL,NULL,NULL,0,'',NULL,NULL,0,'MXN',1.00000000,600.00000000,0.00000000,600.00000000),(212,'SO2510-0162',1,NULL,NULL,NULL,1061,NULL,'2025-10-18 22:35:26','2025-10-18 22:34:57','2025-10-18 22:34:57','2025-10-18 22:34:57','2025-10-18',1,1,1,1,NULL,3,0.00000000,0,NULL,0,0.00000000,0.00000000,0.00000000,378.00000000,378.00000000,NULL,'','einstein',NULL,NULL,NULL,0,NULL,NULL,NULL,NULL,NULL,NULL,NULL,NULL,NULL,NULL,NULL,0,'',NULL,NULL,0,'MXN',1.00000000,378.00000000,0.00000000,378.00000000),(213,'SO2510-0163',1,NULL,NULL,NULL,1035,NULL,'2025-10-24 19:02:19','2025-10-24 18:58:49','2025-10-24 18:58:49','2025-10-24 18:58:49','2025-10-24',1,1,1,1,NULL,3,0.00000000,0,NULL,0,0.00000000,0.00000000,0.00000000,0.00000000,0.00000000,'hu5874vegmn5d8md8p4clkppkk','','einstein',NULL,NULL,NULL,0,NULL,NULL,NULL,NULL,NULL,NULL,NULL,NULL,NULL,NULL,NULL,0,'',NULL,NULL,0,'MXN',1.00000000,0.00000000,0.00000000,0.00000000),(214,'SO2511-0164',1,NULL,NULL,NULL,1003,NULL,'2025-11-03 18:58:53','2025-11-03 18:57:54','2025-11-03 18:58:52',NULL,'2025-11-03',9,9,9,NULL,NULL,1,0.00000000,0,NULL,0,0.00000000,0.00000000,0.00000000,11750.00000000,11750.00000000,'','','einstein','commande/SO2511-0164/SO2511-0164.pdf',NULL,NULL,0,NULL,NULL,NULL,NULL,4,'2025-11-03 00:00:00',NULL,NULL,NULL,NULL,NULL,0,'',NULL,NULL,0,'MXN',1.00000000,11750.00000000,0.00000000,11750.00000000),(215,'SO2511-0165',1,NULL,NULL,NULL,1003,NULL,'2025-11-03 19:02:33','2025-11-03 19:02:13','2025-11-03 19:02:32',NULL,'2025-11-03',9,9,9,NULL,NULL,1,0.00000000,0,NULL,0,0.00000000,0.00000000,0.00000000,11750.00000000,11750.00000000,'','','einstein','commande/SO2511-0165/SO2511-0165.pdf',NULL,NULL,0,NULL,NULL,NULL,NULL,4,'2025-11-03 00:00:00',NULL,NULL,NULL,NULL,NULL,0,'',NULL,NULL,0,'MXN',1.00000000,11750.00000000,0.00000000,11750.00000000),(216,'(PROV216)',1,NULL,NULL,NULL,899,NULL,'2025-11-03 19:18:21','2025-11-03 19:18:21',NULL,NULL,'2025-11-03',9,NULL,NULL,NULL,NULL,0,0.00000000,0,NULL,0,0.00000000,0.00000000,0.00000000,0.00000000,0.00000000,'','','einstein',NULL,NULL,NULL,0,NULL,NULL,NULL,NULL,NULL,'2025-11-03 00:00:00',NULL,NULL,NULL,NULL,NULL,0,'',NULL,NULL,0,'MXN',1.00000000,0.00000000,0.00000000,0.00000000),(217,'SO2511-0166',1,NULL,NULL,NULL,899,NULL,'2026-03-30 17:17:43','2025-11-03 19:19:09','2025-11-03 19:21:15','2026-03-30 17:17:43','2025-11-03',9,1,9,1,NULL,3,0.00000000,0,NULL,0,0.00000000,0.00000000,0.00000000,780.00000000,780.00000000,'','','einstein','commande/SO2511-0166/SO2511-0166.pdf',NULL,NULL,0,NULL,NULL,NULL,NULL,NULL,'2025-11-03 00:00:00',NULL,NULL,NULL,NULL,NULL,0,'',NULL,NULL,0,'MXN',1.00000000,780.00000000,0.00000000,780.00000000),(218,'SO2511-0167',1,NULL,NULL,NULL,1033,NULL,'2025-12-09 19:26:18','2025-11-08 16:42:23','2025-11-08 16:42:23','2025-11-08 16:42:23','2025-11-08',1,1,1,1,NULL,3,0.00000000,0,NULL,0,0.00000000,0.00000000,0.00000000,1190.00000000,1190.00000000,NULL,'','einstein','commande/SO2511-0167/SO2511-0167.pdf',NULL,NULL,1,NULL,NULL,NULL,NULL,NULL,NULL,NULL,NULL,NULL,NULL,NULL,0,'',NULL,NULL,0,'MXN',1.00000000,1190.00000000,0.00000000,1190.00000000),(219,'SO2512-0168',1,NULL,NULL,NULL,1200,NULL,'2025-12-22 20:37:43','2025-12-22 20:37:25','2025-12-22 20:37:25','2025-12-22 20:37:25','2025-12-22',1,1,1,1,NULL,3,0.00000000,0,NULL,0,0.00000000,0.00000000,0.00000000,780.00000000,780.00000000,'eta36nl33bjf8vpfdm607u1h32','','einstein',NULL,NULL,NULL,0,NULL,NULL,NULL,NULL,NULL,NULL,NULL,NULL,NULL,NULL,NULL,0,'',NULL,NULL,0,'MXN',1.00000000,780.00000000,0.00000000,780.00000000),(221,'(PROV221)',1,NULL,NULL,NULL,472,NULL,'2026-03-20 14:47:29','2026-03-20 14:47:29',NULL,NULL,'2024-03-20',4,NULL,NULL,NULL,NULL,0,0.00000000,0,NULL,0,710.40000000,0.00000000,0.00000000,4440.00000000,5150.40000000,'','','',NULL,NULL,NULL,0,NULL,NULL,NULL,NULL,NULL,NULL,NULL,NULL,NULL,NULL,NULL,0,'',NULL,NULL,0,'MXN',1.00000000,4440.00000000,710.40000000,5150.40000000),(222,'(PROV222)',1,NULL,NULL,NULL,472,NULL,'2026-03-20 15:48:14','2026-03-20 15:48:14',NULL,NULL,'2024-07-20',4,NULL,NULL,NULL,NULL,0,0.00000000,0,NULL,0,12.64000000,0.00000000,0.00000000,79.00000000,91.64000000,'','','',NULL,NULL,NULL,0,NULL,NULL,NULL,NULL,NULL,NULL,NULL,NULL,NULL,NULL,NULL,0,'',NULL,NULL,0,'MXN',1.00000000,79.00000000,12.64000000,91.64000000),(223,'SO2604-0169',1,NULL,NULL,NULL,1338,NULL,'2026-04-07 15:29:17','2026-04-07 15:28:07','2026-04-07 15:28:35',NULL,'2026-04-07',1,1,1,NULL,NULL,3,0.00000000,0,NULL,0,0.00000000,0.00000000,0.00000000,54.00000000,54.00000000,'','','einstein','commande/SO2604-0169/SO2604-0169.pdf',NULL,NULL,0,NULL,NULL,NULL,NULL,NULL,NULL,NULL,NULL,NULL,NULL,NULL,0,'',NULL,NULL,0,'MXN',1.00000000,54.00000000,0.00000000,54.00000000),(224,'SO2604-0170',1,NULL,NULL,NULL,1338,NULL,'2026-04-07 18:09:28','2026-04-07 18:06:17','2026-04-07 18:07:54',NULL,'2026-04-07',1,1,1,NULL,NULL,3,0.00000000,0,NULL,0,0.00000000,0.00000000,0.00000000,270.00000000,270.00000000,'','','einstein','commande/SO2604-0170/SO2604-0170.pdf',NULL,NULL,0,NULL,NULL,NULL,NULL,NULL,NULL,NULL,NULL,NULL,NULL,NULL,0,'',NULL,NULL,0,'MXN',1.00000000,270.00000000,0.00000000,270.00000000),(225,'SO2604-0171',1,NULL,NULL,NULL,1272,NULL,'2026-04-07 18:32:45','2026-04-07 18:23:24','2026-04-07 18:24:53',NULL,'2026-04-07',1,1,1,NULL,NULL,3,0.00000000,0,NULL,0,0.00000000,0.00000000,0.00000000,16500.00000000,16500.00000000,'','','einstein','commande/SO2604-0171/SO2604-0171.pdf',NULL,NULL,0,NULL,NULL,NULL,NULL,NULL,NULL,NULL,NULL,NULL,NULL,NULL,0,'',NULL,NULL,0,'MXN',1.00000000,16500.00000000,0.00000000,16500.00000000),(226,'SO2604-0172',1,NULL,NULL,NULL,883,NULL,'2026-04-07 19:21:56','2026-04-07 19:19:13','2026-04-07 19:19:46',NULL,'2026-04-07',9,9,9,NULL,NULL,1,0.00000000,0,NULL,0,0.00000000,0.00000000,0.00000000,682.00000000,682.00000000,'','','einstein','commande/SO2604-0172/SO2604-0172.pdf',NULL,NULL,1,NULL,NULL,1,NULL,4,'2026-04-07 00:00:00',NULL,NULL,NULL,NULL,NULL,0,'',NULL,NULL,0,'MXN',1.00000000,682.00000000,0.00000000,682.00000000);

--
-- Table structure for table `llx_commande_extrafields`
--

CREATE TABLE `llx_commande_extrafields` (
  `rowid` int(11) NOT NULL AUTO_INCREMENT,
  `tms` timestamp NOT NULL DEFAULT current_timestamp() ON UPDATE current_timestamp(),
  `fk_object` int(11) NOT NULL,
  `import_key` varchar(14) DEFAULT NULL,
  `idsession` varchar(255) DEFAULT NULL,
  PRIMARY KEY (`rowid`),
  KEY `idx_commande_extrafields` (`fk_object`)
) ENGINE=InnoDB DEFAULT CHARSET=utf8mb4 COLLATE=utf8mb4_general_ci;

--
-- Dumping data for table `llx_commande_extrafields`
--


--
-- Table structure for table `llx_commande_fournisseur`
--

CREATE TABLE `llx_commande_fournisseur` (
  `rowid` int(11) NOT NULL AUTO_INCREMENT,
  `ref` varchar(180) NOT NULL,
  `entity` int(11) NOT NULL DEFAULT 1,
  `ref_ext` varchar(255) DEFAULT NULL,
  `ref_supplier` varchar(255) DEFAULT NULL,
  `fk_soc` int(11) NOT NULL,
  `fk_projet` int(11) DEFAULT 0,
  `tms` timestamp NOT NULL DEFAULT current_timestamp() ON UPDATE current_timestamp(),
  `date_creation` datetime DEFAULT NULL,
  `date_valid` datetime DEFAULT NULL,
  `date_approve` datetime DEFAULT NULL,
  `date_approve2` datetime DEFAULT NULL,
  `date_commande` date DEFAULT NULL,
  `fk_user_author` int(11) DEFAULT NULL,
  `fk_user_modif` int(11) DEFAULT NULL,
  `fk_user_valid` int(11) DEFAULT NULL,
  `fk_user_approve` int(11) DEFAULT NULL,
  `fk_user_approve2` int(11) DEFAULT NULL,
  `source` smallint(6) NOT NULL,
  `fk_statut` smallint(6) DEFAULT 0,
  `billed` smallint(6) DEFAULT 0,
  `amount_ht` double(24,8) DEFAULT 0.00000000,
  `remise_percent` double DEFAULT 0,
  `remise` double DEFAULT 0,
  `total_tva` double(24,8) DEFAULT 0.00000000,
  `localtax1` double(24,8) DEFAULT 0.00000000,
  `localtax2` double(24,8) DEFAULT 0.00000000,
  `total_ht` double(24,8) DEFAULT 0.00000000,
  `total_ttc` double(24,8) DEFAULT 0.00000000,
  `note_private` text DEFAULT NULL,
  `note_public` text DEFAULT NULL,
  `model_pdf` varchar(255) DEFAULT NULL,
  `last_main_doc` varchar(255) DEFAULT NULL,
  `date_livraison` datetime DEFAULT NULL,
  `fk_account` int(11) DEFAULT NULL,
  `fk_cond_reglement` int(11) DEFAULT NULL,
  `fk_mode_reglement` int(11) DEFAULT NULL,
  `fk_input_method` int(11) DEFAULT 0,
  `fk_incoterms` int(11) DEFAULT NULL,
  `location_incoterms` varchar(255) DEFAULT NULL,
  `import_key` varchar(14) DEFAULT NULL,
  `extraparams` varchar(255) DEFAULT NULL,
  `fk_multicurrency` int(11) DEFAULT NULL,
  `multicurrency_code` varchar(3) DEFAULT NULL,
  `multicurrency_tx` double(24,8) DEFAULT 1.00000000,
  `multicurrency_total_ht` double(24,8) DEFAULT 0.00000000,
  `multicurrency_total_tva` double(24,8) DEFAULT 0.00000000,
  `multicurrency_total_ttc` double(24,8) DEFAULT 0.00000000,
  PRIMARY KEY (`rowid`),
  UNIQUE KEY `uk_commande_fournisseur_ref` (`ref`,`fk_soc`,`entity`),
  KEY `idx_commande_fournisseur_fk_soc` (`fk_soc`),
  KEY `billed` (`billed`),
  CONSTRAINT `fk_commande_fournisseur_fk_soc` FOREIGN KEY (`fk_soc`) REFERENCES `llx_societe` (`rowid`)
) ENGINE=InnoDB AUTO_INCREMENT=8 DEFAULT CHARSET=utf8mb4 COLLATE=utf8mb4_general_ci;

--
-- Dumping data for table `llx_commande_fournisseur`
--

INSERT INTO `llx_commande_fournisseur` VALUES (1,'PO2304-0001',1,NULL,'',472,NULL,'2023-05-18 17:32:35','2023-04-24 21:26:30','2023-04-24 21:27:03',NULL,NULL,'2023-04-24',1,NULL,1,NULL,NULL,0,0,0,0.00000000,0,0,640.00000000,0.00000000,0.00000000,4000.00000000,4640.00000000,'','','muscadet','fournisseur/commande/PO2304-0001/PO2304-0001.pdf',NULL,NULL,1,NULL,1,0,'',NULL,NULL,0,'MXN',1.00000000,4000.00000000,640.00000000,4640.00000000),(2,'PO2305-0002',1,NULL,'',515,NULL,'2023-05-12 23:21:11','2023-05-12 23:10:34','2023-05-12 23:21:11',NULL,NULL,'2023-05-12',1,NULL,1,NULL,NULL,0,1,0,0.00000000,0,0,0.00000000,0.00000000,0.00000000,189684.00000000,189684.00000000,'','','muscadet','fournisseur/commande/PO2305-0002/PO2305-0002.pdf',NULL,NULL,1,NULL,3,0,'',NULL,NULL,0,'MXN',1.00000000,189684.00000000,0.00000000,189684.00000000),(3,'PO2305-0003',1,NULL,'',472,NULL,'2023-05-18 17:30:13','2023-05-18 17:25:38','2023-05-18 17:30:13',NULL,NULL,NULL,1,NULL,1,NULL,NULL,0,1,0,0.00000000,0,0,640.00000000,0.00000000,0.00000000,4000.00000000,4640.00000000,'','','muscadet','fournisseur/commande/PO2305-0003/PO2305-0003.pdf',NULL,NULL,1,NULL,0,0,'',NULL,NULL,0,'MXN',1.00000000,4000.00000000,640.00000000,4640.00000000),(4,'PO2305-0004',1,NULL,'',472,NULL,'2023-05-18 17:34:05','2023-05-18 17:33:12','2023-05-18 17:33:31','2023-05-18 17:34:05',NULL,NULL,1,NULL,1,1,NULL,0,2,0,0.00000000,0,0,6400.00000000,0.00000000,0.00000000,40000.00000000,46400.00000000,'','','muscadet','fournisseur/commande/PO2305-0004/PO2305-0004.pdf',NULL,NULL,1,NULL,0,0,'',NULL,NULL,0,'MXN',1.00000000,40000.00000000,6400.00000000,46400.00000000),(5,'PO2305-0005',1,NULL,'',472,NULL,'2023-05-18 17:37:44','2023-05-18 17:36:20','2023-05-18 17:37:03','2023-05-18 17:37:44',NULL,NULL,5,NULL,5,5,NULL,0,2,0,0.00000000,0,0,960.00000000,0.00000000,0.00000000,6000.00000000,6960.00000000,'','','muscadet','fournisseur/commande/PO2305-0005/PO2305-0005.pdf',NULL,NULL,1,NULL,0,0,'',NULL,NULL,0,'MXN',1.00000000,6000.00000000,960.00000000,6960.00000000),(6,'(PROV6)',1,NULL,'',472,NULL,'2023-05-18 17:36:55','2023-05-18 17:36:55',NULL,NULL,NULL,NULL,1,NULL,NULL,NULL,NULL,0,0,0,0.00000000,0,0,0.00000000,0.00000000,0.00000000,0.00000000,0.00000000,'','','muscadet',NULL,NULL,NULL,1,NULL,0,0,'',NULL,NULL,0,'MXN',1.00000000,0.00000000,0.00000000,0.00000000);

--
-- Table structure for table `llx_commande_fournisseur_dispatch`
--

CREATE TABLE `llx_commande_fournisseur_dispatch` (
  `rowid` int(11) NOT NULL AUTO_INCREMENT,
  `fk_commande` int(11) DEFAULT NULL,
  `fk_product` int(11) DEFAULT NULL,
  `fk_commandefourndet` int(11) DEFAULT NULL,
  `fk_projet` int(11) DEFAULT NULL,
  `fk_reception` int(11) DEFAULT NULL,
  `qty` float DEFAULT NULL,
  `fk_entrepot` int(11) DEFAULT NULL,
  `fk_user` int(11) DEFAULT NULL,
  `comment` varchar(255) DEFAULT NULL,
  `batch` varchar(128) DEFAULT NULL,
  `eatby` date DEFAULT NULL,
  `sellby` date DEFAULT NULL,
  `status` int(11) DEFAULT NULL,
  `datec` datetime DEFAULT NULL,
  `tms` timestamp NOT NULL DEFAULT current_timestamp() ON UPDATE current_timestamp(),
  `cost_price` double(24,8) DEFAULT 0.00000000,
  PRIMARY KEY (`rowid`),
  KEY `idx_commande_fournisseur_dispatch_fk_commande` (`fk_commande`),
  KEY `idx_commande_fournisseur_dispatch_fk_reception` (`fk_reception`),
  CONSTRAINT `fk_commande_fournisseur_dispatch_fk_reception` FOREIGN KEY (`fk_reception`) REFERENCES `llx_reception` (`rowid`)
) ENGINE=InnoDB AUTO_INCREMENT=4 DEFAULT CHARSET=utf8mb4 COLLATE=utf8mb4_general_ci;

--
-- Dumping data for table `llx_commande_fournisseur_dispatch`
--

INSERT INTO `llx_commande_fournisseur_dispatch` VALUES (1,1,22,1,NULL,NULL,10,1,1,'Recepción del pedido a proveedor PO2304-0001',NULL,NULL,NULL,1,'2023-04-24 21:28:29','2023-04-24 21:28:29',0.00000000),(2,1,22,1,NULL,NULL,10,1,1,'Recepción del pedido a proveedor PO2304-0001',NULL,NULL,NULL,1,'2023-04-24 21:28:40','2023-04-24 21:28:40',0.00000000),(3,2,6,2,NULL,NULL,28740,2,1,'Recepción del pedido a proveedor PO2305-0002',NULL,NULL,NULL,1,'2023-05-12 23:14:53','2023-05-12 23:14:53',0.00000000);

--
-- Table structure for table `llx_commande_fournisseur_dispatch_extrafields`
--

CREATE TABLE `llx_commande_fournisseur_dispatch_extrafields` (
  `rowid` int(11) NOT NULL AUTO_INCREMENT,
  `tms` timestamp NOT NULL DEFAULT current_timestamp() ON UPDATE current_timestamp(),
  `fk_object` int(11) NOT NULL,
  `import_key` varchar(14) DEFAULT NULL,
  PRIMARY KEY (`rowid`),
  KEY `idx_commande_fournisseur_dispatch_extrafields` (`fk_object`)
) ENGINE=InnoDB DEFAULT CHARSET=utf8mb4 COLLATE=utf8mb4_general_ci;

--
-- Dumping data for table `llx_commande_fournisseur_dispatch_extrafields`
--


--
-- Table structure for table `llx_commande_fournisseur_extrafields`
--

CREATE TABLE `llx_commande_fournisseur_extrafields` (
  `rowid` int(11) NOT NULL AUTO_INCREMENT,
  `tms` timestamp NOT NULL DEFAULT current_timestamp() ON UPDATE current_timestamp(),
  `fk_object` int(11) NOT NULL,
  `import_key` varchar(14) DEFAULT NULL,
  PRIMARY KEY (`rowid`),
  KEY `idx_commande_fournisseur_extrafields` (`fk_object`)
) ENGINE=InnoDB DEFAULT CHARSET=utf8mb4 COLLATE=utf8mb4_general_ci;

--
-- Dumping data for table `llx_commande_fournisseur_extrafields`
--


--
-- Table structure for table `llx_commande_fournisseur_log`
--

CREATE TABLE `llx_commande_fournisseur_log` (
  `rowid` int(11) NOT NULL AUTO_INCREMENT,
  `tms` timestamp NOT NULL DEFAULT current_timestamp() ON UPDATE current_timestamp(),
  `datelog` datetime NOT NULL,
  `fk_commande` int(11) NOT NULL,
  `fk_statut` smallint(6) NOT NULL,
  `fk_user` int(11) NOT NULL,
  `comment` varchar(255) DEFAULT NULL,
  PRIMARY KEY (`rowid`)
) ENGINE=InnoDB DEFAULT CHARSET=utf8mb4 COLLATE=utf8mb4_general_ci;

--
-- Dumping data for table `llx_commande_fournisseur_log`
--


--
-- Table structure for table `llx_commande_fournisseurdet`
--

CREATE TABLE `llx_commande_fournisseurdet` (
  `rowid` int(11) NOT NULL AUTO_INCREMENT,
  `fk_commande` int(11) NOT NULL,
  `fk_parent_line` int(11) DEFAULT NULL,
  `fk_product` int(11) DEFAULT NULL,
  `ref` varchar(50) DEFAULT NULL,
  `label` varchar(255) DEFAULT NULL,
  `description` text DEFAULT NULL,
  `vat_src_code` varchar(10) DEFAULT '',
  `tva_tx` double(7,4) DEFAULT 0.0000,
  `localtax1_tx` double(7,4) DEFAULT 0.0000,
  `localtax1_type` varchar(10) DEFAULT NULL,
  `localtax2_tx` double(7,4) DEFAULT 0.0000,
  `localtax2_type` varchar(10) DEFAULT NULL,
  `qty` double DEFAULT NULL,
  `remise_percent` double DEFAULT 0,
  `remise` double DEFAULT 0,
  `subprice` double(24,8) DEFAULT 0.00000000,
  `total_ht` double(24,8) DEFAULT 0.00000000,
  `total_tva` double(24,8) DEFAULT 0.00000000,
  `total_localtax1` double(24,8) DEFAULT 0.00000000,
  `total_localtax2` double(24,8) DEFAULT 0.00000000,
  `total_ttc` double(24,8) DEFAULT 0.00000000,
  `product_type` int(11) DEFAULT 0,
  `date_start` datetime DEFAULT NULL,
  `date_end` datetime DEFAULT NULL,
  `info_bits` int(11) DEFAULT 0,
  `special_code` int(11) DEFAULT 0,
  `rang` int(11) DEFAULT 0,
  `import_key` varchar(14) DEFAULT NULL,
  `fk_unit` int(11) DEFAULT NULL,
  `fk_multicurrency` int(11) DEFAULT NULL,
  `multicurrency_code` varchar(3) DEFAULT NULL,
  `multicurrency_subprice` double(24,8) DEFAULT 0.00000000,
  `multicurrency_total_ht` double(24,8) DEFAULT 0.00000000,
  `multicurrency_total_tva` double(24,8) DEFAULT 0.00000000,
  `multicurrency_total_ttc` double(24,8) DEFAULT 0.00000000,
  PRIMARY KEY (`rowid`),
  KEY `fk_commande_fournisseurdet_fk_unit` (`fk_unit`),
  KEY `idx_commande_fournisseurdet_fk_commande` (`fk_commande`),
  KEY `idx_commande_fournisseurdet_fk_product` (`fk_product`),
  CONSTRAINT `fk_commande_fournisseurdet_fk_unit` FOREIGN KEY (`fk_unit`) REFERENCES `llx_c_units` (`rowid`)
) ENGINE=InnoDB AUTO_INCREMENT=7 DEFAULT CHARSET=utf8mb4 COLLATE=utf8mb4_general_ci;

--
-- Dumping data for table `llx_commande_fournisseurdet`
--

INSERT INTO `llx_commande_fournisseurdet` VALUES (1,1,NULL,22,'','','','',16.0000,0.0000,'0',0.0000,'0',20,0,0,200.00000000,4000.00000000,640.00000000,0.00000000,0.00000000,4640.00000000,0,NULL,NULL,0,0,1,NULL,NULL,NULL,'MXN',200.00000000,4000.00000000,640.00000000,4640.00000000),(2,2,NULL,6,'','','','',0.0000,0.0000,'',0.0000,'',28740,0,0,6.60000000,189684.00000000,0.00000000,0.00000000,0.00000000,189684.00000000,0,NULL,NULL,0,0,1,NULL,NULL,NULL,'MXN',6.60000000,189684.00000000,0.00000000,189684.00000000),(3,3,NULL,22,'','','','',16.0000,0.0000,'0',0.0000,'0',200,0,0,20.00000000,4000.00000000,640.00000000,0.00000000,0.00000000,4640.00000000,0,NULL,NULL,0,0,1,NULL,NULL,NULL,'MXN',20.00000000,4000.00000000,640.00000000,4640.00000000),(4,4,NULL,22,'','','','',16.0000,0.0000,'0',0.0000,'0',200,0,0,200.00000000,40000.00000000,6400.00000000,0.00000000,0.00000000,46400.00000000,0,NULL,NULL,0,0,1,NULL,28,NULL,'MXN',200.00000000,40000.00000000,6400.00000000,46400.00000000),(5,5,NULL,22,'','','','',16.0000,0.0000,'0',0.0000,'0',300,0,0,20.00000000,6000.00000000,960.00000000,0.00000000,0.00000000,6960.00000000,0,NULL,NULL,0,0,1,NULL,28,NULL,'MXN',20.00000000,6000.00000000,960.00000000,6960.00000000);

--
-- Table structure for table `llx_commande_fournisseurdet_extrafields`
--

CREATE TABLE `llx_commande_fournisseurdet_extrafields` (
  `rowid` int(11) NOT NULL AUTO_INCREMENT,
  `tms` timestamp NOT NULL DEFAULT current_timestamp() ON UPDATE current_timestamp(),
  `fk_object` int(11) NOT NULL,
  `import_key` varchar(14) DEFAULT NULL,
  PRIMARY KEY (`rowid`),
  KEY `idx_commande_fournisseurdet_extrafields` (`fk_object`)
) ENGINE=InnoDB DEFAULT CHARSET=utf8mb4 COLLATE=utf8mb4_general_ci;

--
-- Dumping data for table `llx_commande_fournisseurdet_extrafields`
--


--
-- Table structure for table `llx_commandedet`
--

CREATE TABLE `llx_commandedet` (
  `rowid` int(11) NOT NULL AUTO_INCREMENT,
  `fk_commande` int(11) NOT NULL,
  `fk_parent_line` int(11) DEFAULT NULL,
  `fk_product` int(11) DEFAULT NULL,
  `label` varchar(255) DEFAULT NULL,
  `description` text DEFAULT NULL,
  `vat_src_code` varchar(10) DEFAULT '',
  `tva_tx` double(7,4) DEFAULT NULL,
  `localtax1_tx` double(7,4) DEFAULT 0.0000,
  `localtax1_type` varchar(10) DEFAULT NULL,
  `localtax2_tx` double(7,4) DEFAULT 0.0000,
  `localtax2_type` varchar(10) DEFAULT NULL,
  `qty` double DEFAULT NULL,
  `remise_percent` double DEFAULT 0,
  `remise` double DEFAULT 0,
  `fk_remise_except` int(11) DEFAULT NULL,
  `price` double DEFAULT NULL,
  `subprice` double(24,8) DEFAULT 0.00000000,
  `total_ht` double(24,8) DEFAULT 0.00000000,
  `total_tva` double(24,8) DEFAULT 0.00000000,
  `total_localtax1` double(24,8) DEFAULT 0.00000000,
  `total_localtax2` double(24,8) DEFAULT 0.00000000,
  `total_ttc` double(24,8) DEFAULT 0.00000000,
  `product_type` int(11) DEFAULT 0,
  `date_start` datetime DEFAULT NULL,
  `date_end` datetime DEFAULT NULL,
  `info_bits` int(11) DEFAULT 0,
  `buy_price_ht` double(24,8) DEFAULT 0.00000000,
  `fk_product_fournisseur_price` int(11) DEFAULT NULL,
  `special_code` int(11) DEFAULT 0,
  `rang` int(11) DEFAULT 0,
  `fk_unit` int(11) DEFAULT NULL,
  `import_key` varchar(14) DEFAULT NULL,
  `ref_ext` varchar(255) DEFAULT NULL,
  `fk_commandefourndet` int(11) DEFAULT NULL,
  `fk_multicurrency` int(11) DEFAULT NULL,
  `multicurrency_code` varchar(3) DEFAULT NULL,
  `multicurrency_subprice` double(24,8) DEFAULT 0.00000000,
  `multicurrency_total_ht` double(24,8) DEFAULT 0.00000000,
  `multicurrency_total_tva` double(24,8) DEFAULT 0.00000000,
  `multicurrency_total_ttc` double(24,8) DEFAULT 0.00000000,
  PRIMARY KEY (`rowid`),
  KEY `idx_commandedet_fk_commande` (`fk_commande`),
  KEY `idx_commandedet_fk_product` (`fk_product`),
  KEY `fk_commandedet_fk_unit` (`fk_unit`),
  KEY `fk_commandedet_fk_commandefourndet` (`fk_commandefourndet`),
  CONSTRAINT `fk_commandedet_fk_commande` FOREIGN KEY (`fk_commande`) REFERENCES `llx_commande` (`rowid`),
  CONSTRAINT `fk_commandedet_fk_commandefourndet` FOREIGN KEY (`fk_commandefourndet`) REFERENCES `llx_commande_fournisseurdet` (`rowid`),
  CONSTRAINT `fk_commandedet_fk_unit` FOREIGN KEY (`fk_unit`) REFERENCES `llx_c_units` (`rowid`)
) ENGINE=InnoDB AUTO_INCREMENT=430 DEFAULT CHARSET=utf8mb4 COLLATE=utf8mb4_general_ci;

--
-- Dumping data for table `llx_commandedet`
--

INSERT INTO `llx_commandedet` VALUES (192,86,NULL,60,NULL,'','',0.0000,0.0000,'0',0.0000,'0',2,0,0,NULL,58,58.00000000,116.00000000,0.00000000,0.00000000,0.00000000,116.00000000,0,NULL,NULL,0,0.00000000,NULL,0,1,NULL,NULL,'',NULL,NULL,'MXN',116.00000000,116.00000000,0.00000000,116.00000000),(193,87,NULL,59,NULL,'','',0.0000,0.0000,'0',0.0000,'0',1,0,0,NULL,55,55.00000000,55.00000000,0.00000000,0.00000000,0.00000000,55.00000000,0,NULL,NULL,0,0.00000000,NULL,0,1,NULL,NULL,'',NULL,NULL,'MXN',55.00000000,55.00000000,0.00000000,55.00000000),(194,88,NULL,57,NULL,'','',0.0000,0.0000,'0',0.0000,'0',1,0,0,NULL,140,140.00000000,140.00000000,0.00000000,0.00000000,0.00000000,140.00000000,0,NULL,NULL,0,0.00000000,NULL,0,2,NULL,NULL,'',NULL,NULL,'MXN',140.00000000,140.00000000,0.00000000,140.00000000),(195,89,NULL,57,NULL,'','',16.0000,0.0000,'0',0.0000,'0',1,0,0,NULL,140,140.00000000,140.00000000,22.40000000,0.00000000,0.00000000,162.40000000,0,NULL,NULL,0,0.00000000,NULL,0,2,1,NULL,'',NULL,NULL,'MXN',140.00000000,140.00000000,22.40000000,162.40000000),(196,90,NULL,57,NULL,'','',0.0000,0.0000,'0',0.0000,'0',1,0,0,NULL,140,140.00000000,140.00000000,0.00000000,0.00000000,0.00000000,140.00000000,0,NULL,NULL,0,0.00000000,NULL,0,1,NULL,NULL,'',NULL,NULL,'MXN',140.00000000,140.00000000,0.00000000,140.00000000),(197,91,NULL,57,NULL,'','',0.0000,0.0000,'0',0.0000,'0',1,0,0,NULL,140,140.00000000,140.00000000,0.00000000,0.00000000,0.00000000,140.00000000,0,NULL,NULL,0,0.00000000,NULL,0,1,NULL,NULL,'',NULL,NULL,'MXN',140.00000000,140.00000000,0.00000000,140.00000000),(199,91,NULL,61,NULL,'','',0.0000,0.0000,'0',0.0000,'0',1,0,0,NULL,99,99.00000000,99.00000000,0.00000000,0.00000000,0.00000000,99.00000000,0,NULL,NULL,0,0.00000000,NULL,0,1,NULL,NULL,'',NULL,NULL,'MXN',99.00000000,99.00000000,0.00000000,99.00000000),(200,92,NULL,57,NULL,'','',16.0000,0.0000,'0',0.0000,'0',1,0,0,NULL,140,140.00000000,140.00000000,22.40000000,0.00000000,0.00000000,162.40000000,0,NULL,NULL,0,0.00000000,NULL,0,1,1,NULL,'',NULL,NULL,'MXN',140.00000000,140.00000000,22.40000000,162.40000000),(204,94,NULL,60,NULL,'','',0.0000,0.0000,'0',0.0000,'0',1,0,0,NULL,58,58.00000000,58.00000000,0.00000000,0.00000000,0.00000000,58.00000000,0,NULL,NULL,0,0.00000000,NULL,0,1,NULL,NULL,'',NULL,NULL,'MXN',58.00000000,58.00000000,0.00000000,58.00000000),(206,95,NULL,24,NULL,'','',0.0000,0.0000,'0',0.0000,'0',1,0,0,NULL,34,34.00000000,34.00000000,0.00000000,0.00000000,0.00000000,34.00000000,0,NULL,NULL,0,0.00000000,NULL,0,1,NULL,NULL,'',NULL,NULL,'MXN',34.00000000,34.00000000,0.00000000,34.00000000),(207,96,NULL,59,NULL,'','',0.0000,0.0000,'0',0.0000,'0',1,0,0,NULL,55,55.00000000,55.00000000,0.00000000,0.00000000,0.00000000,55.00000000,0,NULL,NULL,0,0.00000000,NULL,0,1,NULL,NULL,'',NULL,NULL,'MXN',55.00000000,55.00000000,0.00000000,55.00000000),(208,97,NULL,58,NULL,'','',0.0000,0.0000,'0',0.0000,'0',1,0,0,NULL,16,16.00000000,16.00000000,0.00000000,0.00000000,0.00000000,16.00000000,0,NULL,NULL,0,0.00000000,NULL,0,1,NULL,NULL,'',NULL,NULL,'MXN',16.00000000,16.00000000,0.00000000,16.00000000),(209,97,NULL,61,NULL,'','',0.0000,0.0000,'0',0.0000,'0',1,0,0,NULL,99,99.00000000,99.00000000,0.00000000,0.00000000,0.00000000,99.00000000,0,NULL,NULL,0,0.00000000,NULL,0,1,NULL,NULL,'',NULL,NULL,'MXN',99.00000000,99.00000000,0.00000000,99.00000000),(210,98,NULL,57,NULL,'','',0.0000,0.0000,'0',0.0000,'0',1,0,0,NULL,140,140.00000000,140.00000000,0.00000000,0.00000000,0.00000000,140.00000000,0,NULL,NULL,0,0.00000000,NULL,0,1,NULL,NULL,'',NULL,NULL,'MXN',140.00000000,140.00000000,0.00000000,140.00000000),(212,99,NULL,62,NULL,'','',0.0000,0.0000,'0',0.0000,'0',1.5,0,0,NULL,110,110.00000000,165.00000000,0.00000000,0.00000000,0.00000000,165.00000000,0,NULL,NULL,0,0.00000000,NULL,0,1,NULL,NULL,'',NULL,NULL,'MXN',165.00000000,165.00000000,0.00000000,165.00000000),(213,99,NULL,16,NULL,'','',0.0000,0.0000,'0',0.0000,'0',1.5,0,0,NULL,222,222.00000000,333.00000000,0.00000000,0.00000000,0.00000000,333.00000000,0,NULL,NULL,0,0.00000000,NULL,0,1,NULL,NULL,'',NULL,NULL,'MXN',333.00000000,333.00000000,0.00000000,333.00000000),(214,100,NULL,58,NULL,'','',0.0000,0.0000,'0',0.0000,'0',1,0,0,NULL,16,16.00000000,16.00000000,0.00000000,0.00000000,0.00000000,16.00000000,0,NULL,NULL,0,0.00000000,NULL,0,1,NULL,NULL,'',NULL,NULL,'MXN',16.00000000,16.00000000,0.00000000,16.00000000),(215,100,NULL,24,NULL,'','',0.0000,0.0000,'0',0.0000,'0',1,0,0,NULL,34,34.00000000,34.00000000,0.00000000,0.00000000,0.00000000,34.00000000,0,NULL,NULL,0,0.00000000,NULL,0,1,NULL,NULL,'',NULL,NULL,'MXN',34.00000000,34.00000000,0.00000000,34.00000000),(216,101,NULL,58,NULL,'','',0.0000,0.0000,'0',0.0000,'0',1,0,0,NULL,16,16.00000000,16.00000000,0.00000000,0.00000000,0.00000000,16.00000000,0,NULL,NULL,0,0.00000000,NULL,0,1,NULL,NULL,'',NULL,NULL,'MXN',16.00000000,16.00000000,0.00000000,16.00000000),(217,102,NULL,58,NULL,'','',16.0000,0.0000,'0',0.0000,'0',1,0,0,NULL,16,16.00000000,16.00000000,2.56000000,0.00000000,0.00000000,18.56000000,0,NULL,NULL,0,0.00000000,NULL,0,1,1,NULL,'',NULL,NULL,'MXN',16.00000000,16.00000000,2.56000000,18.56000000),(218,102,NULL,17,NULL,'','',0.0000,0.0000,'0',0.0000,'0',10,0,0,NULL,0,0.00000000,0.00000000,0.00000000,0.00000000,0.00000000,0.00000000,0,NULL,NULL,0,0.00000000,NULL,0,2,28,NULL,'',NULL,NULL,'MXN',0.00000000,0.00000000,0.00000000,0.00000000),(221,104,NULL,22,NULL,'','',0.0000,0.0000,'0',0.0000,'0',1,0,0,NULL,600,600.00000000,600.00000000,0.00000000,0.00000000,0.00000000,600.00000000,0,NULL,NULL,0,0.00000000,NULL,0,1,NULL,NULL,'',NULL,NULL,'MXN',600.00000000,600.00000000,0.00000000,600.00000000),(223,105,NULL,22,NULL,'','',0.0000,0.0000,'0',0.0000,'0',1,0,0,NULL,500,500.00000000,500.00000000,0.00000000,0.00000000,0.00000000,500.00000000,0,NULL,NULL,0,0.00000000,NULL,0,1,NULL,NULL,'',NULL,NULL,'MXN',500.00000000,500.00000000,0.00000000,500.00000000),(224,106,NULL,22,NULL,'','',0.0000,0.0000,'0',0.0000,'0',1,0,0,NULL,600,600.00000000,600.00000000,0.00000000,0.00000000,0.00000000,600.00000000,0,NULL,NULL,0,0.00000000,NULL,0,1,NULL,NULL,'',NULL,NULL,'MXN',600.00000000,600.00000000,0.00000000,600.00000000),(225,107,NULL,22,NULL,'','',0.0000,0.0000,'0',0.0000,'0',1,0,0,NULL,600,600.00000000,600.00000000,0.00000000,0.00000000,0.00000000,600.00000000,0,NULL,NULL,0,0.00000000,NULL,0,1,NULL,NULL,'',NULL,NULL,'MXN',600.00000000,600.00000000,0.00000000,600.00000000),(226,108,NULL,22,NULL,'','',0.0000,0.0000,'0',0.0000,'0',1,0,0,NULL,600,600.00000000,600.00000000,0.00000000,0.00000000,0.00000000,600.00000000,0,NULL,NULL,0,0.00000000,NULL,0,1,NULL,NULL,'',NULL,NULL,'MXN',600.00000000,600.00000000,0.00000000,600.00000000),(227,108,NULL,22,NULL,'','',0.0000,0.0000,'0',0.0000,'0',1,0,0,NULL,600,600.00000000,600.00000000,0.00000000,0.00000000,0.00000000,600.00000000,0,NULL,NULL,0,0.00000000,NULL,0,1,NULL,NULL,'',NULL,NULL,'MXN',600.00000000,600.00000000,0.00000000,600.00000000),(228,109,NULL,22,NULL,'','',0.0000,0.0000,'0',0.0000,'0',1,0,0,NULL,600,600.00000000,600.00000000,0.00000000,0.00000000,0.00000000,600.00000000,0,NULL,NULL,0,0.00000000,NULL,0,1,NULL,NULL,'',NULL,NULL,'MXN',600.00000000,600.00000000,0.00000000,600.00000000),(229,109,NULL,57,NULL,'','',0.0000,0.0000,'0',0.0000,'0',1,0,0,NULL,140,140.00000000,140.00000000,0.00000000,0.00000000,0.00000000,140.00000000,0,NULL,NULL,0,0.00000000,NULL,0,1,NULL,NULL,'',NULL,NULL,'MXN',140.00000000,140.00000000,0.00000000,140.00000000),(230,110,NULL,22,NULL,'','',0.0000,0.0000,'0',0.0000,'0',1,0,0,NULL,600,600.00000000,600.00000000,0.00000000,0.00000000,0.00000000,600.00000000,0,NULL,NULL,0,0.00000000,NULL,0,1,NULL,NULL,'',NULL,NULL,'MXN',600.00000000,600.00000000,0.00000000,600.00000000),(233,111,NULL,22,NULL,'','',0.0000,0.0000,'0',0.0000,'0',1,0,0,NULL,600,600.00000000,600.00000000,0.00000000,0.00000000,0.00000000,600.00000000,0,NULL,NULL,0,0.00000000,NULL,0,1,NULL,NULL,'',NULL,NULL,'MXN',600.00000000,600.00000000,0.00000000,600.00000000),(234,112,NULL,22,NULL,'','',0.0000,0.0000,'0',0.0000,'0',1,0,0,NULL,600,600.00000000,600.00000000,0.00000000,0.00000000,0.00000000,600.00000000,0,NULL,NULL,0,0.00000000,NULL,0,1,NULL,NULL,'',NULL,NULL,'MXN',600.00000000,600.00000000,0.00000000,600.00000000),(235,112,NULL,22,NULL,'','',0.0000,0.0000,'0',0.0000,'0',1,0,0,NULL,600,600.00000000,600.00000000,0.00000000,0.00000000,0.00000000,600.00000000,0,NULL,NULL,0,0.00000000,NULL,0,1,NULL,NULL,'',NULL,NULL,'MXN',600.00000000,600.00000000,0.00000000,600.00000000),(236,113,NULL,22,NULL,'','',0.0000,0.0000,'0',0.0000,'0',1,0,0,NULL,600,600.00000000,600.00000000,0.00000000,0.00000000,0.00000000,600.00000000,0,NULL,NULL,0,0.00000000,NULL,0,1,NULL,NULL,'',NULL,NULL,'MXN',600.00000000,600.00000000,0.00000000,600.00000000),(237,114,NULL,24,NULL,'','',0.0000,0.0000,'0',0.0000,'0',1,0,0,NULL,34,34.00000000,34.00000000,0.00000000,0.00000000,0.00000000,34.00000000,0,NULL,NULL,0,0.00000000,NULL,0,1,NULL,NULL,'',NULL,NULL,'MXN',34.00000000,34.00000000,0.00000000,34.00000000),(238,114,NULL,22,NULL,'','',0.0000,0.0000,'0',0.0000,'0',1,0,0,NULL,600,600.00000000,600.00000000,0.00000000,0.00000000,0.00000000,600.00000000,0,NULL,NULL,0,0.00000000,NULL,0,1,NULL,NULL,'',NULL,NULL,'MXN',600.00000000,600.00000000,0.00000000,600.00000000),(239,115,NULL,22,NULL,'','',0.0000,0.0000,'0',0.0000,'0',1,0,0,NULL,500,500.00000000,500.00000000,0.00000000,0.00000000,0.00000000,500.00000000,0,NULL,NULL,0,0.00000000,NULL,0,1,NULL,NULL,'',NULL,NULL,'MXN',500.00000000,500.00000000,0.00000000,500.00000000),(240,115,NULL,58,NULL,'','',0.0000,0.0000,'0',0.0000,'0',1,0,0,NULL,16,16.00000000,16.00000000,0.00000000,0.00000000,0.00000000,16.00000000,0,NULL,NULL,0,0.00000000,NULL,0,1,NULL,NULL,'',NULL,NULL,'MXN',16.00000000,16.00000000,0.00000000,16.00000000),(241,116,NULL,22,NULL,'','',0.0000,0.0000,'0',0.0000,'0',1,0,0,NULL,600,600.00000000,600.00000000,0.00000000,0.00000000,0.00000000,600.00000000,0,NULL,NULL,0,0.00000000,NULL,0,1,NULL,NULL,'',NULL,NULL,'MXN',600.00000000,600.00000000,0.00000000,600.00000000),(242,117,NULL,22,NULL,'','',0.0000,0.0000,'0',0.0000,'0',1,0,0,NULL,600,600.00000000,600.00000000,0.00000000,0.00000000,0.00000000,600.00000000,0,NULL,NULL,0,0.00000000,NULL,0,1,NULL,NULL,'',NULL,NULL,'MXN',600.00000000,600.00000000,0.00000000,600.00000000),(243,118,NULL,24,NULL,'','',0.0000,0.0000,'0',0.0000,'0',1,0,0,NULL,34,34.00000000,34.00000000,0.00000000,0.00000000,0.00000000,34.00000000,0,NULL,NULL,0,0.00000000,NULL,0,1,NULL,NULL,'',NULL,NULL,'MXN',34.00000000,34.00000000,0.00000000,34.00000000),(244,118,NULL,22,NULL,'','',0.0000,0.0000,'0',0.0000,'0',1,0,0,NULL,600,600.00000000,600.00000000,0.00000000,0.00000000,0.00000000,600.00000000,0,NULL,NULL,0,0.00000000,NULL,0,1,NULL,NULL,'',NULL,NULL,'MXN',600.00000000,600.00000000,0.00000000,600.00000000),(254,119,NULL,7,NULL,'','',0.0000,0.0000,'0',0.0000,'0',10,0,0,NULL,54,54.00000000,540.00000000,0.00000000,0.00000000,0.00000000,540.00000000,0,NULL,NULL,0,0.00000000,NULL,0,1,NULL,NULL,'',NULL,NULL,'MXN',540.00000000,540.00000000,0.00000000,540.00000000),(256,119,NULL,60,NULL,'','',0.0000,0.0000,'0',0.0000,'0',1,0,0,NULL,58,58.00000000,58.00000000,0.00000000,0.00000000,0.00000000,58.00000000,0,NULL,NULL,0,0.00000000,NULL,0,1,NULL,NULL,'',NULL,NULL,'MXN',58.00000000,58.00000000,0.00000000,58.00000000),(259,120,NULL,22,NULL,'','',0.0000,0.0000,'0',0.0000,'0',1,0,0,NULL,600,600.00000000,600.00000000,0.00000000,0.00000000,0.00000000,600.00000000,0,NULL,NULL,0,0.00000000,NULL,0,1,NULL,NULL,'',NULL,NULL,'MXN',600.00000000,600.00000000,0.00000000,600.00000000),(263,125,NULL,7,NULL,'','',0.0000,0.0000,'0',0.0000,'0',10,0,0,NULL,54,54.00000000,540.00000000,0.00000000,0.00000000,0.00000000,540.00000000,0,NULL,NULL,0,0.00000000,NULL,0,1,28,NULL,'',NULL,NULL,'MXN',54.00000000,540.00000000,0.00000000,540.00000000),(269,126,NULL,24,NULL,'','',0.0000,0.0000,'0',0.0000,'0',12,0,0,NULL,34,34.00000000,408.00000000,0.00000000,0.00000000,0.00000000,408.00000000,0,NULL,NULL,0,0.00000000,NULL,0,1,NULL,NULL,'',NULL,NULL,'MXN',408.00000000,408.00000000,0.00000000,408.00000000),(270,127,NULL,7,NULL,'','',0.0000,0.0000,'0',0.0000,'0',2,0,0,NULL,52,52.00000000,104.00000000,0.00000000,0.00000000,0.00000000,104.00000000,0,NULL,NULL,0,0.00000000,NULL,0,1,NULL,NULL,'',NULL,NULL,'MXN',104.00000000,104.00000000,0.00000000,104.00000000),(271,128,NULL,22,NULL,'','',0.0000,0.0000,'0',0.0000,'0',1,0,0,NULL,600,600.00000000,600.00000000,0.00000000,0.00000000,0.00000000,600.00000000,0,NULL,NULL,0,0.00000000,NULL,0,1,NULL,NULL,'',NULL,NULL,'MXN',600.00000000,600.00000000,0.00000000,600.00000000),(274,129,NULL,7,NULL,'','',0.0000,0.0000,'0',0.0000,'0',10,0,0,NULL,54,54.00000000,540.00000000,0.00000000,0.00000000,0.00000000,540.00000000,0,NULL,NULL,0,0.00000000,NULL,0,1,28,NULL,'',NULL,NULL,'MXN',54.00000000,540.00000000,0.00000000,540.00000000),(275,130,NULL,24,NULL,'','',0.0000,0.0000,'0',0.0000,'0',15,0,0,NULL,34,34.00000000,510.00000000,0.00000000,0.00000000,0.00000000,510.00000000,0,NULL,NULL,0,0.00000000,NULL,0,1,NULL,NULL,'',NULL,NULL,'MXN',510.00000000,510.00000000,0.00000000,510.00000000),(276,131,NULL,24,NULL,'','',0.0000,0.0000,'0',0.0000,'0',15,0,0,NULL,34,34.00000000,510.00000000,0.00000000,0.00000000,0.00000000,510.00000000,0,NULL,NULL,0,0.00000000,NULL,0,1,NULL,NULL,'',NULL,NULL,'MXN',510.00000000,510.00000000,0.00000000,510.00000000),(278,132,NULL,24,NULL,'','',0.0000,0.0000,'0',0.0000,'0',20,0,0,NULL,34,34.00000000,680.00000000,0.00000000,0.00000000,0.00000000,680.00000000,0,NULL,NULL,0,0.00000000,NULL,0,1,NULL,NULL,'',NULL,NULL,'MXN',680.00000000,680.00000000,0.00000000,680.00000000),(281,133,NULL,7,NULL,'','',0.0000,0.0000,'0',0.0000,'0',5,0,0,NULL,54,54.00000000,270.00000000,0.00000000,0.00000000,0.00000000,270.00000000,0,NULL,NULL,0,0.00000000,NULL,0,1,NULL,NULL,'',NULL,NULL,'MXN',270.00000000,270.00000000,0.00000000,270.00000000),(282,133,NULL,24,NULL,'','',0.0000,0.0000,'0',0.0000,'0',5,0,0,NULL,34,34.00000000,170.00000000,0.00000000,0.00000000,0.00000000,170.00000000,0,NULL,NULL,0,0.00000000,NULL,0,1,NULL,NULL,'',NULL,NULL,'MXN',170.00000000,170.00000000,0.00000000,170.00000000),(283,134,NULL,24,NULL,'','',0.0000,0.0000,'0',0.0000,'0',20,0,0,NULL,34,34.00000000,680.00000000,0.00000000,0.00000000,0.00000000,680.00000000,0,NULL,NULL,0,0.00000000,NULL,0,1,NULL,NULL,'',NULL,NULL,'MXN',680.00000000,680.00000000,0.00000000,680.00000000),(284,135,NULL,7,NULL,'','',0.0000,0.0000,'0',0.0000,'0',14,0,0,NULL,54,54.00000000,756.00000000,0.00000000,0.00000000,0.00000000,756.00000000,0,NULL,NULL,0,0.00000000,NULL,0,1,NULL,NULL,'',NULL,NULL,'MXN',756.00000000,756.00000000,0.00000000,756.00000000),(285,136,NULL,57,NULL,'','',0.0000,0.0000,'0',0.0000,'0',1,0,0,NULL,140,140.00000000,140.00000000,0.00000000,0.00000000,0.00000000,140.00000000,0,NULL,NULL,0,0.00000000,NULL,0,1,NULL,NULL,'',NULL,NULL,'MXN',140.00000000,140.00000000,0.00000000,140.00000000),(286,137,NULL,24,NULL,'','',0.0000,0.0000,'0',0.0000,'0',20,0,0,NULL,34,34.00000000,680.00000000,0.00000000,0.00000000,0.00000000,680.00000000,0,NULL,NULL,0,0.00000000,NULL,0,1,NULL,NULL,'',NULL,NULL,'MXN',680.00000000,680.00000000,0.00000000,680.00000000),(287,138,NULL,24,NULL,'','',0.0000,0.0000,'0',0.0000,'0',20,0,0,NULL,34,34.00000000,680.00000000,0.00000000,0.00000000,0.00000000,680.00000000,0,NULL,NULL,0,0.00000000,NULL,0,1,NULL,NULL,'',NULL,NULL,'MXN',680.00000000,680.00000000,0.00000000,680.00000000),(288,139,NULL,24,NULL,'','',0.0000,0.0000,'0',0.0000,'0',20,0,0,NULL,34,34.00000000,680.00000000,0.00000000,0.00000000,0.00000000,680.00000000,0,NULL,NULL,0,0.00000000,NULL,0,1,NULL,NULL,'',NULL,NULL,'MXN',680.00000000,680.00000000,0.00000000,680.00000000),(289,140,NULL,7,NULL,'','',0.0000,0.0000,'0',0.0000,'0',10,0,0,NULL,54,54.00000000,540.00000000,0.00000000,0.00000000,0.00000000,540.00000000,0,NULL,NULL,0,0.00000000,NULL,0,1,NULL,NULL,'',NULL,NULL,'MXN',540.00000000,540.00000000,0.00000000,540.00000000),(290,141,NULL,24,NULL,'','',0.0000,0.0000,'0',0.0000,'0',20,0,0,NULL,34,34.00000000,680.00000000,0.00000000,0.00000000,0.00000000,680.00000000,0,NULL,NULL,0,0.00000000,NULL,0,1,NULL,NULL,'',NULL,NULL,'MXN',680.00000000,680.00000000,0.00000000,680.00000000),(292,142,NULL,24,NULL,'','',0.0000,0.0000,'0',0.0000,'0',15,0,0,NULL,34,34.00000000,510.00000000,0.00000000,0.00000000,0.00000000,510.00000000,0,NULL,NULL,0,0.00000000,NULL,0,1,NULL,NULL,'',NULL,NULL,'MXN',510.00000000,510.00000000,0.00000000,510.00000000),(293,143,NULL,24,NULL,'','',0.0000,0.0000,'0',0.0000,'0',20,0,0,NULL,34,34.00000000,680.00000000,0.00000000,0.00000000,0.00000000,680.00000000,0,NULL,NULL,0,0.00000000,NULL,0,1,NULL,NULL,'',NULL,NULL,'MXN',680.00000000,680.00000000,0.00000000,680.00000000),(294,144,NULL,24,NULL,'','',0.0000,0.0000,'0',0.0000,'0',20,0,0,NULL,34,34.00000000,680.00000000,0.00000000,0.00000000,0.00000000,680.00000000,0,NULL,NULL,0,0.00000000,NULL,0,1,NULL,NULL,'',NULL,NULL,'MXN',680.00000000,680.00000000,0.00000000,680.00000000),(295,145,NULL,24,NULL,'','',0.0000,0.0000,'0',0.0000,'0',15,0,0,NULL,34,34.00000000,510.00000000,0.00000000,0.00000000,0.00000000,510.00000000,0,NULL,NULL,0,0.00000000,NULL,0,1,NULL,NULL,'',NULL,NULL,'MXN',510.00000000,510.00000000,0.00000000,510.00000000),(296,146,NULL,7,NULL,'','',0.0000,0.0000,'0',0.0000,'0',2,0,0,NULL,54,54.00000000,108.00000000,0.00000000,0.00000000,0.00000000,108.00000000,0,NULL,NULL,0,0.00000000,NULL,0,1,NULL,NULL,'',NULL,NULL,'MXN',108.00000000,108.00000000,0.00000000,108.00000000),(297,147,NULL,24,NULL,'','',0.0000,0.0000,'0',0.0000,'0',15,0,0,NULL,34,34.00000000,510.00000000,0.00000000,0.00000000,0.00000000,510.00000000,0,NULL,NULL,0,0.00000000,NULL,0,1,NULL,NULL,'',NULL,NULL,'MXN',510.00000000,510.00000000,0.00000000,510.00000000),(298,147,NULL,58,NULL,'','',0.0000,0.0000,'0',0.0000,'0',10,0,0,NULL,16,16.00000000,160.00000000,0.00000000,0.00000000,0.00000000,160.00000000,0,NULL,NULL,0,0.00000000,NULL,0,1,NULL,NULL,'',NULL,NULL,'MXN',160.00000000,160.00000000,0.00000000,160.00000000),(299,147,NULL,60,NULL,'','',0.0000,0.0000,'0',0.0000,'0',1,0,0,NULL,58,58.00000000,58.00000000,0.00000000,0.00000000,0.00000000,58.00000000,0,NULL,NULL,0,0.00000000,NULL,0,1,NULL,NULL,'',NULL,NULL,'MXN',58.00000000,58.00000000,0.00000000,58.00000000),(300,148,NULL,7,NULL,'','',0.0000,0.0000,'0',0.0000,'0',10,0,0,NULL,54,54.00000000,540.00000000,0.00000000,0.00000000,0.00000000,540.00000000,0,NULL,NULL,0,0.00000000,NULL,0,1,NULL,NULL,'',NULL,NULL,'MXN',540.00000000,540.00000000,0.00000000,540.00000000),(301,149,NULL,24,NULL,'','',0.0000,0.0000,'0',0.0000,'0',20,0,0,NULL,34,34.00000000,680.00000000,0.00000000,0.00000000,0.00000000,680.00000000,0,NULL,NULL,0,0.00000000,NULL,0,1,NULL,NULL,'',NULL,NULL,'MXN',680.00000000,680.00000000,0.00000000,680.00000000),(303,151,NULL,24,NULL,'','',0.0000,0.0000,'0',0.0000,'0',15,0,0,NULL,34,34.00000000,510.00000000,0.00000000,0.00000000,0.00000000,510.00000000,0,NULL,NULL,0,0.00000000,NULL,0,1,NULL,NULL,'',NULL,NULL,'MXN',510.00000000,510.00000000,0.00000000,510.00000000),(304,152,NULL,7,NULL,'','',0.0000,0.0000,'0',0.0000,'0',5,0,0,NULL,54,54.00000000,270.00000000,0.00000000,0.00000000,0.00000000,270.00000000,0,NULL,NULL,0,0.00000000,NULL,0,1,NULL,NULL,'',NULL,NULL,'MXN',270.00000000,270.00000000,0.00000000,270.00000000),(305,152,NULL,24,NULL,'','',0.0000,0.0000,'0',0.0000,'0',5,0,0,NULL,34,34.00000000,170.00000000,0.00000000,0.00000000,0.00000000,170.00000000,0,NULL,NULL,0,0.00000000,NULL,0,1,NULL,NULL,'',NULL,NULL,'MXN',170.00000000,170.00000000,0.00000000,170.00000000),(306,153,NULL,7,NULL,'','',0.0000,0.0000,'0',0.0000,'0',5,0,0,NULL,54,54.00000000,270.00000000,0.00000000,0.00000000,0.00000000,270.00000000,0,NULL,NULL,0,0.00000000,NULL,0,1,NULL,NULL,'',NULL,NULL,'MXN',270.00000000,270.00000000,0.00000000,270.00000000),(307,153,NULL,24,NULL,'','',0.0000,0.0000,'0',0.0000,'0',15,0,0,NULL,34,34.00000000,510.00000000,0.00000000,0.00000000,0.00000000,510.00000000,0,NULL,NULL,0,0.00000000,NULL,0,1,NULL,NULL,'',NULL,NULL,'MXN',510.00000000,510.00000000,0.00000000,510.00000000),(308,154,NULL,7,NULL,'','',0.0000,0.0000,'0',0.0000,'0',5,0,0,NULL,54,54.00000000,270.00000000,0.00000000,0.00000000,0.00000000,270.00000000,0,NULL,NULL,0,0.00000000,NULL,0,1,NULL,NULL,'',NULL,NULL,'MXN',270.00000000,270.00000000,0.00000000,270.00000000),(309,155,NULL,24,NULL,'','',0.0000,0.0000,'0',0.0000,'0',20,0,0,NULL,34,34.00000000,680.00000000,0.00000000,0.00000000,0.00000000,680.00000000,0,NULL,NULL,0,0.00000000,NULL,0,1,NULL,NULL,'',NULL,NULL,'MXN',680.00000000,680.00000000,0.00000000,680.00000000),(312,156,NULL,7,NULL,'','',0.0000,0.0000,'0',0.0000,'0',10,0,0,NULL,54,54.00000000,540.00000000,0.00000000,0.00000000,0.00000000,540.00000000,0,NULL,NULL,0,0.00000000,NULL,0,1,NULL,NULL,'',NULL,NULL,'MXN',540.00000000,540.00000000,0.00000000,540.00000000),(315,156,NULL,24,NULL,'','',0.0000,0.0000,'0',0.0000,'0',20,0,0,NULL,34,34.00000000,680.00000000,0.00000000,0.00000000,0.00000000,680.00000000,0,NULL,NULL,0,0.00000000,NULL,0,1,NULL,NULL,'',NULL,NULL,'MXN',680.00000000,680.00000000,0.00000000,680.00000000),(320,156,NULL,58,NULL,'','',0.0000,0.0000,'0',0.0000,'0',5,0,0,NULL,16,16.00000000,80.00000000,0.00000000,0.00000000,0.00000000,80.00000000,0,NULL,NULL,0,0.00000000,NULL,0,1,NULL,NULL,'',NULL,NULL,'MXN',80.00000000,80.00000000,0.00000000,80.00000000),(321,156,NULL,57,NULL,'','',0.0000,0.0000,'0',0.0000,'0',2,0,0,NULL,140,140.00000000,280.00000000,0.00000000,0.00000000,0.00000000,280.00000000,0,NULL,NULL,0,0.00000000,NULL,0,1,NULL,NULL,'',NULL,NULL,'MXN',280.00000000,280.00000000,0.00000000,280.00000000),(322,157,NULL,24,NULL,'','',0.0000,0.0000,'0',0.0000,'0',20,0,0,NULL,34,34.00000000,680.00000000,0.00000000,0.00000000,0.00000000,680.00000000,0,NULL,NULL,0,0.00000000,NULL,0,1,NULL,NULL,'',NULL,NULL,'MXN',680.00000000,680.00000000,0.00000000,680.00000000),(323,160,NULL,7,NULL,'','',0.0000,0.0000,'0',0.0000,'0',10,0,0,NULL,54,54.00000000,540.00000000,0.00000000,0.00000000,0.00000000,540.00000000,0,NULL,NULL,0,0.00000000,NULL,0,1,NULL,NULL,'',NULL,NULL,'MXN',540.00000000,540.00000000,0.00000000,540.00000000),(324,160,NULL,24,NULL,'','',0.0000,0.0000,'0',0.0000,'0',10,0,0,NULL,34,34.00000000,340.00000000,0.00000000,0.00000000,0.00000000,340.00000000,0,NULL,NULL,0,0.00000000,NULL,0,1,NULL,NULL,'',NULL,NULL,'MXN',340.00000000,340.00000000,0.00000000,340.00000000),(326,161,NULL,24,NULL,'','',0.0000,0.0000,'0',0.0000,'0',15,0,0,NULL,34,34.00000000,510.00000000,0.00000000,0.00000000,0.00000000,510.00000000,0,NULL,NULL,0,0.00000000,NULL,0,1,NULL,NULL,'',NULL,NULL,'MXN',510.00000000,510.00000000,0.00000000,510.00000000),(327,161,NULL,58,NULL,'','',0.0000,0.0000,'0',0.0000,'0',3,0,0,NULL,16,16.00000000,48.00000000,0.00000000,0.00000000,0.00000000,48.00000000,0,NULL,NULL,0,0.00000000,NULL,0,1,NULL,NULL,'',NULL,NULL,'MXN',48.00000000,48.00000000,0.00000000,48.00000000),(330,162,NULL,22,NULL,'','',0.0000,0.0000,'0',0.0000,'0',1,0,0,NULL,600,600.00000000,600.00000000,0.00000000,0.00000000,0.00000000,600.00000000,0,NULL,NULL,0,0.00000000,NULL,0,1,NULL,NULL,'',NULL,NULL,'MXN',600.00000000,600.00000000,0.00000000,600.00000000),(336,163,NULL,24,NULL,'','',0.0000,0.0000,'0',0.0000,'0',20,0,0,NULL,34,34.00000000,680.00000000,0.00000000,0.00000000,0.00000000,680.00000000,0,NULL,NULL,0,0.00000000,NULL,0,1,NULL,NULL,'',NULL,NULL,'MXN',680.00000000,680.00000000,0.00000000,680.00000000),(337,164,NULL,24,NULL,'','',0.0000,0.0000,'0',0.0000,'0',20,0,0,NULL,34,34.00000000,680.00000000,0.00000000,0.00000000,0.00000000,680.00000000,0,NULL,NULL,0,0.00000000,NULL,0,1,NULL,NULL,'',NULL,NULL,'MXN',680.00000000,680.00000000,0.00000000,680.00000000),(338,165,NULL,24,NULL,'','',0.0000,0.0000,'0',0.0000,'0',20,0,0,NULL,34,34.00000000,680.00000000,0.00000000,0.00000000,0.00000000,680.00000000,0,NULL,NULL,0,0.00000000,NULL,0,1,NULL,NULL,'',NULL,NULL,'MXN',680.00000000,680.00000000,0.00000000,680.00000000),(339,166,NULL,7,NULL,'','',0.0000,0.0000,'0',0.0000,'0',5,0,0,NULL,54,54.00000000,270.00000000,0.00000000,0.00000000,0.00000000,270.00000000,0,NULL,NULL,0,0.00000000,NULL,0,1,NULL,NULL,'',NULL,NULL,'MXN',270.00000000,270.00000000,0.00000000,270.00000000),(341,166,NULL,40,NULL,'','',0.0000,0.0000,'0',0.0000,'0',3,0,0,NULL,70,70.00000000,210.00000000,0.00000000,0.00000000,0.00000000,210.00000000,0,NULL,NULL,0,0.00000000,NULL,0,2,NULL,NULL,'',NULL,NULL,'MXN',210.00000000,210.00000000,0.00000000,210.00000000),(342,166,NULL,58,NULL,'','',0.0000,0.0000,'0',0.0000,'0',3,0,0,NULL,16,16.00000000,48.00000000,0.00000000,0.00000000,0.00000000,48.00000000,0,NULL,NULL,0,0.00000000,NULL,0,3,NULL,NULL,'',NULL,NULL,'MXN',48.00000000,48.00000000,0.00000000,48.00000000),(343,166,NULL,57,NULL,'','',0.0000,0.0000,'0',0.0000,'0',3,0,0,NULL,140,140.00000000,420.00000000,0.00000000,0.00000000,0.00000000,420.00000000,0,NULL,NULL,0,0.00000000,NULL,0,4,NULL,NULL,'',NULL,NULL,'MXN',420.00000000,420.00000000,0.00000000,420.00000000),(344,167,NULL,7,NULL,'','',0.0000,0.0000,'0',0.0000,'0',10,0,0,NULL,52,52.00000000,520.00000000,0.00000000,0.00000000,0.00000000,520.00000000,0,NULL,NULL,0,0.00000000,NULL,0,1,1,NULL,'',NULL,NULL,'MXN',52.00000000,520.00000000,0.00000000,520.00000000),(346,169,NULL,24,NULL,'','',0.0000,0.0000,'0',0.0000,'0',15,0,0,NULL,34,34.00000000,510.00000000,0.00000000,0.00000000,0.00000000,510.00000000,0,NULL,NULL,0,0.00000000,NULL,0,1,NULL,NULL,'',NULL,NULL,'MXN',510.00000000,510.00000000,0.00000000,510.00000000),(347,169,NULL,24,NULL,'','',0.0000,0.0000,'0',0.0000,'0',15,0,0,NULL,34,34.00000000,510.00000000,0.00000000,0.00000000,0.00000000,510.00000000,0,NULL,NULL,0,0.00000000,NULL,0,1,NULL,NULL,'',NULL,NULL,'MXN',510.00000000,510.00000000,0.00000000,510.00000000),(348,170,NULL,24,NULL,'','',0.0000,0.0000,'0',0.0000,'0',15,0,0,NULL,34,34.00000000,510.00000000,0.00000000,0.00000000,0.00000000,510.00000000,0,NULL,NULL,0,0.00000000,NULL,0,1,NULL,NULL,'',NULL,NULL,'MXN',510.00000000,510.00000000,0.00000000,510.00000000),(349,166,NULL,43,NULL,'','',0.0000,0.0000,'0',0.0000,'0',15,0,0,NULL,34,34.00000000,510.00000000,0.00000000,0.00000000,0.00000000,510.00000000,0,NULL,NULL,0,0.00000000,NULL,0,5,28,NULL,'',NULL,NULL,'MXN',34.00000000,510.00000000,0.00000000,510.00000000),(350,167,NULL,57,NULL,'','',0.0000,0.0000,'0',0.0000,'0',1,0,0,NULL,140,140.00000000,140.00000000,0.00000000,0.00000000,0.00000000,140.00000000,0,NULL,NULL,0,0.00000000,NULL,0,2,1,NULL,'',NULL,NULL,'MXN',140.00000000,140.00000000,0.00000000,140.00000000),(351,171,NULL,64,NULL,'','',0.0000,0.0000,'0',0.0000,'0',15,0,0,NULL,34,34.00000000,510.00000000,0.00000000,0.00000000,0.00000000,510.00000000,0,NULL,NULL,0,0.00000000,NULL,0,1,28,NULL,'',NULL,NULL,'MXN',34.00000000,510.00000000,0.00000000,510.00000000),(352,172,NULL,7,NULL,'','',0.0000,0.0000,'0',0.0000,'0',10,0,0,NULL,54,54.00000000,540.00000000,0.00000000,0.00000000,0.00000000,540.00000000,0,NULL,NULL,0,0.00000000,NULL,0,1,NULL,NULL,'',NULL,NULL,'MXN',540.00000000,540.00000000,0.00000000,540.00000000),(353,176,NULL,7,NULL,'','',0.0000,0.0000,'0',0.0000,'0',5,0,0,NULL,54,54.00000000,270.00000000,0.00000000,0.00000000,0.00000000,270.00000000,0,NULL,NULL,0,0.00000000,NULL,0,1,NULL,NULL,'',NULL,NULL,'MXN',270.00000000,270.00000000,0.00000000,270.00000000),(354,176,NULL,24,NULL,'','',0.0000,0.0000,'0',0.0000,'0',5,0,0,NULL,34,34.00000000,170.00000000,0.00000000,0.00000000,0.00000000,170.00000000,0,NULL,NULL,0,0.00000000,NULL,0,1,NULL,NULL,'',NULL,NULL,'MXN',170.00000000,170.00000000,0.00000000,170.00000000),(355,176,NULL,58,NULL,'','',0.0000,0.0000,'0',0.0000,'0',5,0,0,NULL,16,16.00000000,80.00000000,0.00000000,0.00000000,0.00000000,80.00000000,0,NULL,NULL,0,0.00000000,NULL,0,1,NULL,NULL,'',NULL,NULL,'MXN',80.00000000,80.00000000,0.00000000,80.00000000),(356,177,NULL,24,NULL,'','',0.0000,0.0000,'0',0.0000,'0',20,0,0,NULL,34,34.00000000,680.00000000,0.00000000,0.00000000,0.00000000,680.00000000,0,NULL,NULL,0,0.00000000,NULL,0,1,NULL,NULL,'',NULL,NULL,'MXN',680.00000000,680.00000000,0.00000000,680.00000000),(358,178,NULL,24,NULL,'','',0.0000,0.0000,'0',0.0000,'0',20,0,0,NULL,34,34.00000000,680.00000000,0.00000000,0.00000000,0.00000000,680.00000000,0,NULL,NULL,0,0.00000000,NULL,0,1,NULL,NULL,'',NULL,NULL,'MXN',680.00000000,680.00000000,0.00000000,680.00000000),(360,179,NULL,7,NULL,'','',0.0000,0.0000,'0',0.0000,'0',4,0,0,NULL,54,54.00000000,216.00000000,0.00000000,0.00000000,0.00000000,216.00000000,0,NULL,NULL,0,0.00000000,NULL,0,1,NULL,NULL,'',NULL,NULL,'MXN',216.00000000,216.00000000,0.00000000,216.00000000),(361,179,NULL,24,NULL,'','',0.0000,0.0000,'0',0.0000,'0',20,0,0,NULL,34,34.00000000,680.00000000,0.00000000,0.00000000,0.00000000,680.00000000,0,NULL,NULL,0,0.00000000,NULL,0,1,NULL,NULL,'',NULL,NULL,'MXN',680.00000000,680.00000000,0.00000000,680.00000000),(362,179,NULL,58,NULL,'','',0.0000,0.0000,'0',0.0000,'0',10,0,0,NULL,16,16.00000000,160.00000000,0.00000000,0.00000000,0.00000000,160.00000000,0,NULL,NULL,0,0.00000000,NULL,0,1,NULL,NULL,'',NULL,NULL,'MXN',160.00000000,160.00000000,0.00000000,160.00000000),(363,181,NULL,7,NULL,'','',0.0000,0.0000,'0',0.0000,'0',10,0,0,NULL,54,54.00000000,540.00000000,0.00000000,0.00000000,0.00000000,540.00000000,0,NULL,NULL,0,0.00000000,NULL,0,1,NULL,NULL,'',NULL,NULL,'MXN',540.00000000,540.00000000,0.00000000,540.00000000),(364,182,NULL,7,NULL,'','',0.0000,0.0000,'0',0.0000,'0',15,0,0,NULL,54,54.00000000,810.00000000,0.00000000,0.00000000,0.00000000,810.00000000,0,NULL,NULL,0,0.00000000,NULL,0,1,NULL,NULL,'',NULL,NULL,'MXN',810.00000000,810.00000000,0.00000000,810.00000000),(365,183,NULL,47,NULL,'','',16.0000,0.0000,'0',0.0000,'0',2,0,0,NULL,900,900.00000000,1800.00000000,288.00000000,0.00000000,0.00000000,2088.00000000,0,NULL,NULL,0,0.00000000,NULL,0,1,1,NULL,'',NULL,NULL,'MXN',900.00000000,1800.00000000,288.00000000,2088.00000000),(366,185,NULL,7,NULL,'','',0.0000,0.0000,'0',0.0000,'0',5,0,0,NULL,54,54.00000000,270.00000000,0.00000000,0.00000000,0.00000000,270.00000000,0,NULL,NULL,0,0.00000000,NULL,0,1,NULL,NULL,'',NULL,NULL,'MXN',270.00000000,270.00000000,0.00000000,270.00000000),(367,185,NULL,24,NULL,'','',0.0000,0.0000,'0',0.0000,'0',15,0,0,NULL,34,34.00000000,510.00000000,0.00000000,0.00000000,0.00000000,510.00000000,0,NULL,NULL,0,0.00000000,NULL,0,1,NULL,NULL,'',NULL,NULL,'MXN',510.00000000,510.00000000,0.00000000,510.00000000),(368,185,NULL,57,NULL,'','',0.0000,0.0000,'0',0.0000,'0',1,0,0,NULL,140,140.00000000,140.00000000,0.00000000,0.00000000,0.00000000,140.00000000,0,NULL,NULL,0,0.00000000,NULL,0,1,NULL,NULL,'',NULL,NULL,'MXN',140.00000000,140.00000000,0.00000000,140.00000000),(369,186,NULL,7,NULL,'','',0.0000,0.0000,'0',0.0000,'0',5,0,0,NULL,54,54.00000000,270.00000000,0.00000000,0.00000000,0.00000000,270.00000000,0,NULL,NULL,0,0.00000000,NULL,0,1,NULL,NULL,'',NULL,NULL,'MXN',270.00000000,270.00000000,0.00000000,270.00000000),(370,186,NULL,24,NULL,'','',0.0000,0.0000,'0',0.0000,'0',20,0,0,NULL,34,34.00000000,680.00000000,0.00000000,0.00000000,0.00000000,680.00000000,0,NULL,NULL,0,0.00000000,NULL,0,1,NULL,NULL,'',NULL,NULL,'MXN',680.00000000,680.00000000,0.00000000,680.00000000),(371,186,NULL,57,NULL,'','',0.0000,0.0000,'0',0.0000,'0',1,0,0,NULL,140,140.00000000,140.00000000,0.00000000,0.00000000,0.00000000,140.00000000,0,NULL,NULL,0,0.00000000,NULL,0,1,NULL,NULL,'',NULL,NULL,'MXN',140.00000000,140.00000000,0.00000000,140.00000000),(372,187,NULL,40,NULL,'','',0.0000,0.0000,'0',0.0000,'0',3,0,0,NULL,70,70.00000000,210.00000000,0.00000000,0.00000000,0.00000000,210.00000000,0,NULL,NULL,0,0.00000000,NULL,0,1,NULL,NULL,'',NULL,NULL,'MXN',210.00000000,210.00000000,0.00000000,210.00000000),(373,187,NULL,58,NULL,'','',0.0000,0.0000,'0',0.0000,'0',10,0,0,NULL,16,16.00000000,160.00000000,0.00000000,0.00000000,0.00000000,160.00000000,0,NULL,NULL,0,0.00000000,NULL,0,1,NULL,NULL,'',NULL,NULL,'MXN',160.00000000,160.00000000,0.00000000,160.00000000),(374,187,NULL,59,NULL,'','',0.0000,0.0000,'0',0.0000,'0',3,0,0,NULL,55,55.00000000,165.00000000,0.00000000,0.00000000,0.00000000,165.00000000,0,NULL,NULL,0,0.00000000,NULL,0,1,NULL,NULL,'',NULL,NULL,'MXN',165.00000000,165.00000000,0.00000000,165.00000000),(375,187,NULL,60,NULL,'','',0.0000,0.0000,'0',0.0000,'0',2,0,0,NULL,58,58.00000000,116.00000000,0.00000000,0.00000000,0.00000000,116.00000000,0,NULL,NULL,0,0.00000000,NULL,0,1,NULL,NULL,'',NULL,NULL,'MXN',116.00000000,116.00000000,0.00000000,116.00000000),(376,187,NULL,57,NULL,'','',0.0000,0.0000,'0',0.0000,'0',1,0,0,NULL,140,140.00000000,140.00000000,0.00000000,0.00000000,0.00000000,140.00000000,0,NULL,NULL,0,0.00000000,NULL,0,1,NULL,NULL,'',NULL,NULL,'MXN',140.00000000,140.00000000,0.00000000,140.00000000),(377,188,NULL,7,NULL,'','',0.0000,0.0000,'0',0.0000,'0',15,0,0,NULL,54,54.00000000,810.00000000,0.00000000,0.00000000,0.00000000,810.00000000,0,NULL,NULL,0,0.00000000,NULL,0,1,NULL,NULL,'',NULL,NULL,'MXN',810.00000000,810.00000000,0.00000000,810.00000000),(378,189,NULL,7,NULL,'','',0.0000,0.0000,'0',0.0000,'0',15,0,0,NULL,54,54.00000000,810.00000000,0.00000000,0.00000000,0.00000000,810.00000000,0,NULL,NULL,0,0.00000000,NULL,0,1,NULL,NULL,'',NULL,NULL,'MXN',810.00000000,810.00000000,0.00000000,810.00000000),(379,189,NULL,57,NULL,'','',0.0000,0.0000,'0',0.0000,'0',1,0,0,NULL,140,140.00000000,140.00000000,0.00000000,0.00000000,0.00000000,140.00000000,0,NULL,NULL,0,0.00000000,NULL,0,1,NULL,NULL,'',NULL,NULL,'MXN',140.00000000,140.00000000,0.00000000,140.00000000),(380,190,NULL,7,NULL,'','',0.0000,0.0000,'0',0.0000,'0',2,0,0,NULL,54,54.00000000,108.00000000,0.00000000,0.00000000,0.00000000,108.00000000,0,NULL,NULL,0,0.00000000,NULL,0,1,NULL,NULL,'',NULL,NULL,'MXN',108.00000000,108.00000000,0.00000000,108.00000000),(382,190,NULL,24,NULL,'','',0.0000,0.0000,'0',0.0000,'0',15,0,0,NULL,34,34.00000000,510.00000000,0.00000000,0.00000000,0.00000000,510.00000000,0,NULL,NULL,0,0.00000000,NULL,0,1,NULL,NULL,'',NULL,NULL,'MXN',510.00000000,510.00000000,0.00000000,510.00000000),(384,192,NULL,7,NULL,'','',0.0000,0.0000,'0',0.0000,'0',10,0,0,NULL,54,54.00000000,540.00000000,0.00000000,0.00000000,0.00000000,540.00000000,0,NULL,NULL,0,0.00000000,NULL,0,1,NULL,NULL,'',NULL,NULL,'MXN',540.00000000,540.00000000,0.00000000,540.00000000),(385,192,NULL,24,NULL,'','',0.0000,0.0000,'0',0.0000,'0',10,0,0,NULL,34,34.00000000,340.00000000,0.00000000,0.00000000,0.00000000,340.00000000,0,NULL,NULL,0,0.00000000,NULL,0,1,NULL,NULL,'',NULL,NULL,'MXN',340.00000000,340.00000000,0.00000000,340.00000000),(386,193,NULL,7,NULL,'','',0.0000,0.0000,'0',0.0000,'0',10,0,0,NULL,54,54.00000000,540.00000000,0.00000000,0.00000000,0.00000000,540.00000000,0,NULL,NULL,0,0.00000000,NULL,0,1,NULL,NULL,'',NULL,NULL,'MXN',540.00000000,540.00000000,0.00000000,540.00000000),(387,193,NULL,24,NULL,'','',0.0000,0.0000,'0',0.0000,'0',15,0,0,NULL,34,34.00000000,510.00000000,0.00000000,0.00000000,0.00000000,510.00000000,0,NULL,NULL,0,0.00000000,NULL,0,1,NULL,NULL,'',NULL,NULL,'MXN',510.00000000,510.00000000,0.00000000,510.00000000),(388,194,NULL,24,NULL,'','',0.0000,0.0000,'0',0.0000,'0',25,0,0,NULL,34,34.00000000,850.00000000,0.00000000,0.00000000,0.00000000,850.00000000,0,NULL,NULL,0,0.00000000,NULL,0,1,NULL,NULL,'',NULL,NULL,'MXN',850.00000000,850.00000000,0.00000000,850.00000000),(390,202,NULL,24,NULL,'','',0.0000,0.0000,'0',0.0000,'0',20,0,0,NULL,34,34.00000000,680.00000000,0.00000000,0.00000000,0.00000000,680.00000000,0,NULL,NULL,0,0.00000000,NULL,0,1,NULL,NULL,'',NULL,NULL,'MXN',680.00000000,680.00000000,0.00000000,680.00000000),(392,203,NULL,7,NULL,'','',0.0000,0.0000,'0',0.0000,'0',8,0,0,NULL,54,54.00000000,432.00000000,0.00000000,0.00000000,0.00000000,432.00000000,0,NULL,NULL,0,0.00000000,NULL,0,1,NULL,NULL,'',NULL,NULL,'MXN',432.00000000,432.00000000,0.00000000,432.00000000),(393,203,NULL,24,NULL,'','',0.0000,0.0000,'0',0.0000,'0',15,0,0,NULL,34,34.00000000,510.00000000,0.00000000,0.00000000,0.00000000,510.00000000,0,NULL,NULL,0,0.00000000,NULL,0,1,NULL,NULL,'',NULL,NULL,'MXN',510.00000000,510.00000000,0.00000000,510.00000000),(394,204,NULL,7,NULL,'','',0.0000,0.0000,'0',0.0000,'0',10,0,0,NULL,54,54.00000000,540.00000000,0.00000000,0.00000000,0.00000000,540.00000000,0,NULL,NULL,0,0.00000000,NULL,0,1,NULL,NULL,'',NULL,NULL,'MXN',540.00000000,540.00000000,0.00000000,540.00000000),(396,204,NULL,24,NULL,'','',0.0000,0.0000,'0',0.0000,'0',15,0,0,NULL,34,34.00000000,510.00000000,0.00000000,0.00000000,0.00000000,510.00000000,0,NULL,NULL,0,0.00000000,NULL,0,1,NULL,NULL,'',NULL,NULL,'MXN',510.00000000,510.00000000,0.00000000,510.00000000),(397,206,NULL,58,NULL,'','',0.0000,0.0000,'0',0.0000,'0',5,0,0,NULL,16,16.00000000,80.00000000,0.00000000,0.00000000,0.00000000,80.00000000,0,NULL,NULL,0,0.00000000,NULL,0,1,NULL,NULL,'',NULL,NULL,'MXN',80.00000000,80.00000000,0.00000000,80.00000000),(398,206,NULL,57,NULL,'','',0.0000,0.0000,'0',0.0000,'0',1,0,0,NULL,140,140.00000000,140.00000000,0.00000000,0.00000000,0.00000000,140.00000000,0,NULL,NULL,0,0.00000000,NULL,0,1,NULL,NULL,'',NULL,NULL,'MXN',140.00000000,140.00000000,0.00000000,140.00000000),(399,206,NULL,7,NULL,'','',0.0000,0.0000,'0',0.0000,'0',15,0,0,NULL,54,54.00000000,810.00000000,0.00000000,0.00000000,0.00000000,810.00000000,0,NULL,NULL,0,0.00000000,NULL,0,1,NULL,NULL,'',NULL,NULL,'MXN',810.00000000,810.00000000,0.00000000,810.00000000),(400,206,NULL,57,NULL,'','',0.0000,0.0000,'0',0.0000,'0',1,0,0,NULL,140,140.00000000,140.00000000,0.00000000,0.00000000,0.00000000,140.00000000,0,NULL,NULL,0,0.00000000,NULL,0,1,NULL,NULL,'',NULL,NULL,'MXN',140.00000000,140.00000000,0.00000000,140.00000000),(401,207,NULL,24,NULL,'','',0.0000,0.0000,'0',0.0000,'0',5,0,0,NULL,34,34.00000000,170.00000000,0.00000000,0.00000000,0.00000000,170.00000000,0,NULL,NULL,0,0.00000000,NULL,0,1,NULL,NULL,'',NULL,NULL,'MXN',170.00000000,170.00000000,0.00000000,170.00000000),(402,207,NULL,7,NULL,'','',0.0000,0.0000,'0',0.0000,'0',5,0,0,NULL,54,54.00000000,270.00000000,0.00000000,0.00000000,0.00000000,270.00000000,0,NULL,NULL,0,0.00000000,NULL,0,1,NULL,NULL,'',NULL,NULL,'MXN',270.00000000,270.00000000,0.00000000,270.00000000),(403,207,NULL,57,NULL,'','',0.0000,0.0000,'0',0.0000,'0',1,0,0,NULL,140,140.00000000,140.00000000,0.00000000,0.00000000,0.00000000,140.00000000,0,NULL,NULL,0,0.00000000,NULL,0,1,NULL,NULL,'',NULL,NULL,'MXN',140.00000000,140.00000000,0.00000000,140.00000000),(404,207,NULL,7,NULL,'','',0.0000,0.0000,'0',0.0000,'0',10,0,0,NULL,54,54.00000000,540.00000000,0.00000000,0.00000000,0.00000000,540.00000000,0,NULL,NULL,0,0.00000000,NULL,0,1,NULL,NULL,'',NULL,NULL,'MXN',540.00000000,540.00000000,0.00000000,540.00000000),(405,207,NULL,7,NULL,'','',0.0000,0.0000,'0',0.0000,'0',10,0,0,NULL,54,54.00000000,540.00000000,0.00000000,0.00000000,0.00000000,540.00000000,0,NULL,NULL,0,0.00000000,NULL,0,1,NULL,NULL,'',NULL,NULL,'MXN',540.00000000,540.00000000,0.00000000,540.00000000),(406,208,NULL,24,NULL,'','',0.0000,0.0000,'0',0.0000,'0',10,0,0,NULL,34,34.00000000,340.00000000,0.00000000,0.00000000,0.00000000,340.00000000,0,NULL,NULL,0,0.00000000,NULL,0,1,NULL,NULL,'',NULL,NULL,'MXN',340.00000000,340.00000000,0.00000000,340.00000000),(407,208,NULL,7,NULL,'','',0.0000,0.0000,'0',0.0000,'0',10,0,0,NULL,54,54.00000000,540.00000000,0.00000000,0.00000000,0.00000000,540.00000000,0,NULL,NULL,0,0.00000000,NULL,0,1,NULL,NULL,'',NULL,NULL,'MXN',540.00000000,540.00000000,0.00000000,540.00000000),(408,209,NULL,57,NULL,'','',0.0000,0.0000,'0',0.0000,'0',2,0,0,NULL,140,140.00000000,280.00000000,0.00000000,0.00000000,0.00000000,280.00000000,0,NULL,NULL,0,0.00000000,NULL,0,1,NULL,NULL,'',NULL,NULL,'MXN',280.00000000,280.00000000,0.00000000,280.00000000),(409,209,NULL,58,NULL,'','',0.0000,0.0000,'0',0.0000,'0',10,0,0,NULL,16,16.00000000,160.00000000,0.00000000,0.00000000,0.00000000,160.00000000,0,NULL,NULL,0,0.00000000,NULL,0,1,NULL,NULL,'',NULL,NULL,'MXN',160.00000000,160.00000000,0.00000000,160.00000000),(410,210,NULL,24,NULL,'','',0.0000,0.0000,'0',0.0000,'0',20,0,0,NULL,34,34.00000000,680.00000000,0.00000000,0.00000000,0.00000000,680.00000000,0,NULL,NULL,0,0.00000000,NULL,0,1,NULL,NULL,'',NULL,NULL,'MXN',680.00000000,680.00000000,0.00000000,680.00000000),(411,211,NULL,58,NULL,'','',0.0000,0.0000,'0',0.0000,'0',20,0,0,NULL,16,16.00000000,320.00000000,0.00000000,0.00000000,0.00000000,320.00000000,0,NULL,NULL,0,0.00000000,NULL,0,1,NULL,NULL,'',NULL,NULL,'MXN',320.00000000,320.00000000,0.00000000,320.00000000),(412,211,NULL,57,NULL,'','',0.0000,0.0000,'0',0.0000,'0',2,0,0,NULL,140,140.00000000,280.00000000,0.00000000,0.00000000,0.00000000,280.00000000,0,NULL,NULL,0,0.00000000,NULL,0,1,NULL,NULL,'',NULL,NULL,'MXN',280.00000000,280.00000000,0.00000000,280.00000000),(413,212,NULL,7,NULL,'','',0.0000,0.0000,'0',0.0000,'0',7,0,0,NULL,54,54.00000000,378.00000000,0.00000000,0.00000000,0.00000000,378.00000000,0,NULL,NULL,0,0.00000000,NULL,0,1,NULL,NULL,'',NULL,NULL,'MXN',378.00000000,378.00000000,0.00000000,378.00000000),(415,214,NULL,7,NULL,'','',0.0000,0.0000,'0',0.0000,'0',250,0,0,NULL,47,47.00000000,11750.00000000,0.00000000,0.00000000,0.00000000,11750.00000000,0,NULL,NULL,0,0.00000000,NULL,0,2,28,NULL,'',NULL,NULL,'MXN',47.00000000,11750.00000000,0.00000000,11750.00000000),(416,215,NULL,7,NULL,'','',0.0000,0.0000,'0',0.0000,'0',250,0,0,NULL,47,47.00000000,11750.00000000,0.00000000,0.00000000,0.00000000,11750.00000000,0,NULL,NULL,0,0.00000000,NULL,0,1,28,NULL,'',NULL,NULL,'MXN',47.00000000,11750.00000000,0.00000000,11750.00000000),(417,217,NULL,7,NULL,'','',0.0000,0.0000,'0',0.0000,'0',15,0,0,NULL,52,52.00000000,780.00000000,0.00000000,0.00000000,0.00000000,780.00000000,0,NULL,NULL,0,0.00000000,NULL,0,1,NULL,NULL,'',NULL,NULL,'MXN',52.00000000,780.00000000,0.00000000,780.00000000),(418,218,NULL,7,NULL,'','',0.0000,0.0000,'0',0.0000,'0',15,0,0,NULL,54,54.00000000,810.00000000,0.00000000,0.00000000,0.00000000,810.00000000,0,NULL,NULL,0,0.00000000,NULL,0,1,NULL,NULL,'',NULL,NULL,'MXN',810.00000000,810.00000000,0.00000000,810.00000000),(419,218,NULL,57,NULL,'','',0.0000,0.0000,'0',0.0000,'0',1,0,0,NULL,140,140.00000000,140.00000000,0.00000000,0.00000000,0.00000000,140.00000000,0,NULL,NULL,0,0.00000000,NULL,0,1,NULL,NULL,'',NULL,NULL,'MXN',140.00000000,140.00000000,0.00000000,140.00000000),(420,218,NULL,58,NULL,'','',0.0000,0.0000,'0',0.0000,'0',15,0,0,NULL,16,16.00000000,240.00000000,0.00000000,0.00000000,0.00000000,240.00000000,0,NULL,NULL,0,0.00000000,NULL,0,1,NULL,NULL,'',NULL,NULL,'MXN',240.00000000,240.00000000,0.00000000,240.00000000),(421,219,NULL,7,NULL,'','',0.0000,0.0000,'0',0.0000,'0',5,0,0,NULL,54,54.00000000,270.00000000,0.00000000,0.00000000,0.00000000,270.00000000,0,NULL,NULL,0,0.00000000,NULL,0,1,NULL,NULL,'',NULL,NULL,'MXN',270.00000000,270.00000000,0.00000000,270.00000000),(422,219,NULL,24,NULL,'','',0.0000,0.0000,'0',0.0000,'0',15,0,0,NULL,34,34.00000000,510.00000000,0.00000000,0.00000000,0.00000000,510.00000000,0,NULL,NULL,0,0.00000000,NULL,0,1,NULL,NULL,'',NULL,NULL,'MXN',510.00000000,510.00000000,0.00000000,510.00000000),(423,221,NULL,16,NULL,'','',16.0000,0.0000,'0',0.0000,'0',20,0,0,NULL,222,222.00000000,4440.00000000,710.40000000,0.00000000,0.00000000,5150.40000000,0,NULL,NULL,0,0.00000000,NULL,0,0,NULL,NULL,'',NULL,NULL,'MXN',222.00000000,4440.00000000,710.40000000,5150.40000000),(424,222,NULL,7,NULL,'','',16.0000,0.0000,'0',0.0000,'0',1,0,0,NULL,54,54.00000000,54.00000000,8.64000000,0.00000000,0.00000000,62.64000000,0,NULL,NULL,0,0.00000000,NULL,0,0,NULL,NULL,'',NULL,NULL,'MXN',54.00000000,54.00000000,8.64000000,62.64000000),(425,222,NULL,15,NULL,'','',16.0000,0.0000,'0',0.0000,'0',1,0,0,NULL,25,25.00000000,25.00000000,4.00000000,0.00000000,0.00000000,29.00000000,0,NULL,NULL,0,0.00000000,NULL,0,0,NULL,NULL,'',NULL,NULL,'MXN',25.00000000,25.00000000,4.00000000,29.00000000),(426,223,NULL,7,NULL,'','',0.0000,0.0000,'0',0.0000,'0',1,0,0,NULL,54,54.00000000,54.00000000,0.00000000,0.00000000,0.00000000,54.00000000,0,NULL,NULL,0,0.00000000,NULL,0,1,28,NULL,'',NULL,NULL,'MXN',54.00000000,54.00000000,0.00000000,54.00000000),(427,224,NULL,7,NULL,'','',0.0000,0.0000,'0',0.0000,'0',5,0,0,NULL,54,54.00000000,270.00000000,0.00000000,0.00000000,0.00000000,270.00000000,0,NULL,NULL,0,0.00000000,NULL,0,1,NULL,NULL,'',NULL,NULL,'MXN',54.00000000,270.00000000,0.00000000,270.00000000),(428,225,NULL,1,NULL,'','',0.0000,0.0000,'0',0.0000,'0',550,0,0,NULL,30,30.00000000,16500.00000000,0.00000000,0.00000000,0.00000000,16500.00000000,0,NULL,NULL,0,0.00000000,NULL,0,1,NULL,NULL,'',NULL,NULL,'MXN',30.00000000,16500.00000000,0.00000000,16500.00000000),(429,226,NULL,1,NULL,'','',0.0000,0.0000,'0',0.0000,'0',44,0,0,NULL,15.5,15.50000000,682.00000000,0.00000000,0.00000000,0.00000000,682.00000000,0,NULL,NULL,0,0.00000000,NULL,0,1,NULL,NULL,'',NULL,NULL,'MXN',15.50000000,682.00000000,0.00000000,682.00000000);

--
